{"id":8437,"date":"2025-08-11T19:24:51","date_gmt":"2025-08-11T19:24:51","guid":{"rendered":"https:\/\/sirkussirkus.com\/kauppa\/?post_type=product&#038;p=8437"},"modified":"2026-03-31T11:11:03","modified_gmt":"2026-03-31T11:11:03","slug":"wes-peden-valopallot-3kpl","status":"publish","type":"product","link":"https:\/\/sirkussirkus.com\/kauppa\/product\/wes-peden-valopallot-3kpl\/","title":{"rendered":"Wes Peden valopallot (3kpl)"},"content":{"rendered":"<p>Erinomaiset, pehme\u00e4t, kirkkaat, kest\u00e4v\u00e4t ja ladattavat valopallot. Myyd\u00e4\u00e4n kolmen pallon seteiss\u00e4. 20 erilaista valoasetusta. Asetusta voi vaihtaa napin painalluksella. T\u00e4ytteen\u00e4 l\u00e4pin\u00e4kyv\u00e4 muovirouhe. Pinta on joustava ja pit\u00e4v\u00e4. Hyv\u00e4st\u00e4 kimmoisasta ulkomuodosta huolimatta pallo on pehme\u00e4 eik\u00e4 pompi. Kahden ledin tuottama valo pallossa on eritt\u00e4in kirkas verrattuna vanhempiin paristoilla toimiviin palloihin.<\/p>\n<p>Pallot saa ladattua mukana tulevalla perinteisell\u00e4 kolmip\u00e4isell\u00e4 USB-latausjohdolla. Pallot latautuvat t\u00e4yteen noin kahdessa tunnissa. K\u00e4ytt\u00f6aika 3-6 tuntia v\u00e4riasetuksesta ja kirkkausasetuksesta riippuen.<\/p>\n<p>Koko 69mm<br \/>\nPaino 120g<br \/>\nMyyd\u00e4\u00e4n kolmen pallon pakettina<\/p>\n<p>Hinta sis\u00e4lt\u00e4\u00e4 kolme palloa, kolmip\u00e4inen latausjohto, ohjekirja.<\/p>\n","protected":false},"excerpt":{"rendered":"<p>Erinomaiset, pehme\u00e4t, kirkkaat, kest\u00e4v\u00e4t ja ladattavat valopallot. Myyd\u00e4\u00e4n kolmen pallon seteiss\u00e4. 20 erilaista valoasetusta. Asetusta voi vaihtaa napin painalluksella. T\u00e4ytteen\u00e4 l\u00e4pin\u00e4kyv\u00e4 muovirouhe. Pinta on joustava ja pit\u00e4v\u00e4. Hyv\u00e4st\u00e4 kimmoisasta ulkomuodosta huolimatta pallo on pehme\u00e4 eik\u00e4 pompi. Kahden ledin tuottama valo pallossa on eritt\u00e4in kirkas verrattuna vanhempiin paristoilla toimiviin palloihin. Pallot saa ladattua mukana tulevalla perinteisell\u00e4 [&hellip;]<\/p>\n","protected":false},"featured_media":8442,"template":"","meta":{"site-sidebar-layout":"default","site-content-layout":"","ast-site-content-layout":"default","site-content-style":"default","site-sidebar-style":"default","ast-global-header-display":"","ast-banner-title-visibility":"","ast-main-header-display":"","ast-hfb-above-header-display":"","ast-hfb-below-header-display":"","ast-hfb-mobile-header-display":"","site-post-title":"","ast-breadcrumbs-content":"","ast-featured-img":"","footer-sml-layout":"","theme-transparent-header-meta":"default","adv-header-id-meta":"","stick-header-meta":"","header-above-stick-meta":"","header-main-stick-meta":"","header-below-stick-meta":"","astra-migrate-meta-layouts":"set","ast-page-background-enabled":"default","ast-page-background-meta":{"desktop":{"background-color":"","background-image":"","background-repeat":"repeat","background-position":"center center","background-size":"auto","background-attachment":"scroll","background-type":"","background-media":"","overlay-type":"","overlay-color":"","overlay-opacity":"","overlay-gradient":""},"tablet":{"background-color":"","background-image":"","background-repeat":"repeat","background-position":"center center","background-size":"auto","background-attachment":"scroll","background-type":"","background-media":"","overlay-type":"","overlay-color":"","overlay-opacity":"","overlay-gradient":""},"mobile":{"background-color":"","background-image":"","background-repeat":"repeat","background-position":"center center","background-size":"auto","background-attachment":"scroll","background-type":"","background-media":"","overlay-type":"","overlay-color":"","overlay-opacity":"","overlay-gradient":""}},"ast-content-background-meta":{"desktop":{"background-color":"var(--ast-global-color-5)","background-image":"","background-repeat":"repeat","background-position":"center center","background-size":"auto","background-attachment":"scroll","background-type":"","background-media":"","overlay-type":"","overlay-color":"","overlay-opacity":"","overlay-gradient":""},"tablet":{"background-color":"var(--ast-global-color-5)","background-image":"","background-repeat":"repeat","background-position":"center center","background-size":"auto","background-attachment":"scroll","background-type":"","background-media":"","overlay-type":"","overlay-color":"","overlay-opacity":"","overlay-gradient":""},"mobile":{"background-color":"var(--ast-global-color-5)","background-image":"","background-repeat":"repeat","background-position":"center center","background-size":"auto","background-attachment":"scroll","background-type":"","background-media":"","overlay-type":"","overlay-color":"","overlay-opacity":"","overlay-gradient":""}}},"product_brand":[],"product_cat":[55,677,452],"product_tag":[858,424,856,56,108,701,857],"class_list":{"0":"post-8437","1":"product","2":"type-product","3":"status-publish","4":"has-post-thumbnail","6":"product_cat-jongleerauspallot","7":"product_cat-uutuudet","8":"product_cat-led-valineet","9":"product_tag-glow","10":"product_tag-led","11":"product_tag-led-pallo","12":"product_tag-pallo","13":"product_tag-play","14":"product_tag-valopallo","15":"product_tag-wes-peden","16":"desktop-align-center","17":"tablet-align-left","18":"mobile-align-left","20":"first","21":"instock","22":"taxable","23":"shipping-taxable","24":"purchasable","25":"product-type-simple"},"_links":{"self":[{"href":"https:\/\/sirkussirkus.com\/kauppa\/wp-json\/wp\/v2\/product\/8437","targetHints":{"allow":["GET"]}}],"collection":[{"href":"https:\/\/sirkussirkus.com\/kauppa\/wp-json\/wp\/v2\/product"}],"about":[{"href":"https:\/\/sirkussirkus.com\/kauppa\/wp-json\/wp\/v2\/types\/product"}],"version-history":[{"count":2,"href":"https:\/\/sirkussirkus.com\/kauppa\/wp-json\/wp\/v2\/product\/8437\/revisions"}],"predecessor-version":[{"id":8988,"href":"https:\/\/sirkussirkus.com\/kauppa\/wp-json\/wp\/v2\/product\/8437\/revisions\/8988"}],"wp:featuredmedia":[{"embeddable":true,"href":"https:\/\/sirkussirkus.com\/kauppa\/wp-json\/wp\/v2\/media\/8442"}],"wp:attachment":[{"href":"https:\/\/sirkussirkus.com\/kauppa\/wp-json\/wp\/v2\/media?parent=8437"}],"wp:term":[{"taxonomy":"product_brand","embeddable":true,"href":"https:\/\/sirkussirkus.com\/kauppa\/wp-json\/wp\/v2\/product_brand?post=8437"},{"taxonomy":"product_cat","embeddable":true,"href":"https:\/\/sirkussirkus.com\/kauppa\/wp-json\/wp\/v2\/product_cat?post=8437"},{"taxonomy":"product_tag","embeddable":true,"href":"https:\/\/sirkussirkus.com\/kauppa\/wp-json\/wp\/v2\/product_tag?post=8437"}],"curies":[{"name":"wp","href":"https:\/\/api.w.org\/{rel}","templated":true}]}}