{"id":8145,"date":"2025-03-13T07:47:45","date_gmt":"2025-03-13T07:47:45","guid":{"rendered":"https:\/\/sirkussirkus.com\/kauppa\/?post_type=product&#038;p=8145"},"modified":"2025-03-13T09:12:58","modified_gmt":"2025-03-13T09:12:58","slug":"sirkusvalinepaketti-kouluille","status":"publish","type":"product","link":"https:\/\/sirkussirkus.com\/kauppa\/product\/sirkusvalinepaketti-kouluille\/","title":{"rendered":"Sirkusv\u00e4linepaketti kouluille"},"content":{"rendered":"<p>Kuva havainnekuva. Sirkuskauppa.com-koulupaketeissa laadukkaammat v\u00e4lineet. V\u00e4lineisiin voi tutustua tarkemmin niiden omilla tuotesivuilla. V\u00e4lineiden v\u00e4rit m\u00e4\u00e4r\u00e4ytyv\u00e4t saatavuuden mukaan. Kaikki pakettihinnat sis\u00e4lt\u00e4v\u00e4t toimituksen Matkahuollon l\u00e4himp\u00e4\u00e4n pakettipisteeseen.<\/p>\n<p>Kun tilaatte koulupaketin, valitse kassalla maksutavaksi laskutus. Laskutusohjeet voitte l\u00e4hett\u00e4\u00e4 tilauksen j\u00e4lkeen s\u00e4hk\u00f6postiin kauppa@sirkussirkus.com<\/p>\n<p><strong>Pieni Sirkusv\u00e4linepaketti:<\/strong><br \/>\n&#8211; Jongleerauspallot (Kuutamopallo 60mm) 6 kpl<br \/>\n&#8211; Jongleerausrengas (Play 32cm) 6 kpl<br \/>\n&#8211; Jongleerauslautanen + keppi (Play) 3 kpl<br \/>\n&#8211; Jongleeraushuivit (Play) 9 kpl<br \/>\n&#8211; Jongleerauskeilat (Henrys Delphin) 3<strong>\u00a0<\/strong>kpl<br \/>\n&#8211; Diabolo (JD Hurricane triplalaakeri + alumiinikepit) 1 kpl<br \/>\n&#8211; Kendama (Banana Kendama) 2 kpl<br \/>\n&#8211; Toimitus Matkahuollossa l\u00e4himp\u00e4\u00e4n pakettipisteeseen<br \/>\n<strong>&#8211; Hinta yhteens\u00e4 300\u20ac<\/strong> (alviton hinta 239,05\u20ac)<\/p>\n<p><strong>Suuri Sirkusv\u00e4linepaketti<\/strong><br \/>\n&#8211; Jongleerauspallot (Kuutamopallo 60mm) <strong>9\u00a0kpl<\/strong><br \/>\n&#8211; Jongleerausrengas (Play 32cm) <strong>9 kpl\u00a0<\/strong><br \/>\n&#8211; Jongleerauslautanen + keppi (Play) <strong>5 kpl\u00a0<\/strong><br \/>\n&#8211; Jongleeraushuivit (Play huivi) <strong>12\u00a0kpl<\/strong><br \/>\n&#8211; Jongleerauskeilat (Henrys Delphin) <strong>6 kpl<br \/>\n<\/strong>&#8211; Diabolo (JD Hurricane triplalaakeri + alumiinikepit) <strong>2 kpl<\/strong><br \/>\n<strong>&#8211; Rola Bola -tasapainolauta (Play) 1 kpl<br \/>\n<\/strong>&#8211; Flower Sticks (Play) <strong>1 kpl<\/strong><br \/>\n&#8211; Kendama (Banana Kendama) 2 kpl<br \/>\n&#8211; Toimitus Matkahuollossa l\u00e4himp\u00e4\u00e4n pakettipisteeseen<br \/>\n<strong>&#8211; Hinta yhteens\u00e4 600\u20ac<\/strong> (alviton hinta 478,09\u20ac)<\/p>\n<p><strong>XL Sirkusv\u00e4linepaketti<br \/>\n<\/strong>&#8211; Jongleerauspallot (Kuutamopallo 60mm) <strong>15 kpl<\/strong><br \/>\n&#8211; Jongleerausrengas (Play 32cm) 9 kpl<br \/>\n&#8211; Jongleerauslautanen + keppi (Play) 5 kpl<br \/>\n&#8211; Jongleeraushuivit (Play) 12 kpl<br \/>\n&#8211; Jongleerauskeilat 6 kpl<br \/>\n&#8211; Diabolo (JD Hurricane triplalaakeri + alumiinikepit) <strong>3 kpl<\/strong><br \/>\n&#8211; Rola Bola -tasapainolauta (Play) <strong>2 kpl<\/strong><br \/>\n&#8211; Flower Sticks (Play)<strong> 2\u00a0kpl<br \/>\n&#8211; Yksipy\u00f6r\u00e4inen Luxus 20&#8243; tai 16&#8243; (QU-AX) 1 kpl<\/strong><br \/>\n&#8211; Kendama (Banana Kendama) 2 kpl<br \/>\n&#8211; Toimitus Matkahuollossa l\u00e4himp\u00e4\u00e4n pakettipisteeseen<br \/>\n<strong>&#8211; Hinta yhteens\u00e4 1000\u20ac<\/strong> (alviton hinta 796,81\u20ac)<strong><br \/>\n<\/strong><\/p>\n<p>&nbsp;<\/p>\n","protected":false},"excerpt":{"rendered":"<p>Kuva havainnekuva. Sirkuskauppa.com-koulupaketeissa laadukkaammat v\u00e4lineet. V\u00e4lineisiin voi tutustua tarkemmin niiden omilla tuotesivuilla. V\u00e4lineiden v\u00e4rit m\u00e4\u00e4r\u00e4ytyv\u00e4t saatavuuden mukaan. Kaikki pakettihinnat sis\u00e4lt\u00e4v\u00e4t toimituksen Matkahuollon l\u00e4himp\u00e4\u00e4n pakettipisteeseen. Kun tilaatte koulupaketin, valitse kassalla maksutavaksi laskutus. Laskutusohjeet voitte l\u00e4hett\u00e4\u00e4 tilauksen j\u00e4lkeen s\u00e4hk\u00f6postiin kauppa@sirkussirkus.com Pieni Sirkusv\u00e4linepaketti: &#8211; Jongleerauspallot (Kuutamopallo 60mm) 6 kpl &#8211; Jongleerausrengas (Play 32cm) 6 kpl &#8211; Jongleerauslautanen + [&hellip;]<\/p>\n","protected":false},"featured_media":8153,"template":"","meta":{"site-sidebar-layout":"default","site-content-layout":"","ast-site-content-layout":"default","site-content-style":"default","site-sidebar-style":"default","ast-global-header-display":"","ast-banner-title-visibility":"","ast-main-header-display":"","ast-hfb-above-header-display":"","ast-hfb-below-header-display":"","ast-hfb-mobile-header-display":"","site-post-title":"","ast-breadcrumbs-content":"","ast-featured-img":"","footer-sml-layout":"","theme-transparent-header-meta":"default","adv-header-id-meta":"","stick-header-meta":"","header-above-stick-meta":"","header-main-stick-meta":"","header-below-stick-meta":"","astra-migrate-meta-layouts":"set","ast-page-background-enabled":"default","ast-page-background-meta":{"desktop":{"background-color":"","background-image":"","background-repeat":"repeat","background-position":"center center","background-size":"auto","background-attachment":"scroll","background-type":"","background-media":"","overlay-type":"","overlay-color":"","overlay-opacity":"","overlay-gradient":""},"tablet":{"background-color":"","background-image":"","background-repeat":"repeat","background-position":"center center","background-size":"auto","background-attachment":"scroll","background-type":"","background-media":"","overlay-type":"","overlay-color":"","overlay-opacity":"","overlay-gradient":""},"mobile":{"background-color":"","background-image":"","background-repeat":"repeat","background-position":"center center","background-size":"auto","background-attachment":"scroll","background-type":"","background-media":"","overlay-type":"","overlay-color":"","overlay-opacity":"","overlay-gradient":""}},"ast-content-background-meta":{"desktop":{"background-color":"var(--ast-global-color-5)","background-image":"","background-repeat":"repeat","background-position":"center center","background-size":"auto","background-attachment":"scroll","background-type":"","background-media":"","overlay-type":"","overlay-color":"","overlay-opacity":"","overlay-gradient":""},"tablet":{"background-color":"var(--ast-global-color-5)","background-image":"","background-repeat":"repeat","background-position":"center center","background-size":"auto","background-attachment":"scroll","background-type":"","background-media":"","overlay-type":"","overlay-color":"","overlay-opacity":"","overlay-gradient":""},"mobile":{"background-color":"var(--ast-global-color-5)","background-image":"","background-repeat":"repeat","background-position":"center center","background-size":"auto","background-attachment":"scroll","background-type":"","background-media":"","overlay-type":"","overlay-color":"","overlay-opacity":"","overlay-gradient":""}}},"product_brand":[],"product_cat":[63,54,61,677],"product_tag":[584,837,240,835,836,834],"class_list":{"0":"post-8145","1":"product","2":"type-product","3":"status-publish","4":"has-post-thumbnail","6":"product_cat-tasapaino","7":"product_cat-jongleeraus","8":"product_cat-muut","9":"product_cat-uutuudet","10":"product_tag-koulu","11":"product_tag-kouluille","12":"product_tag-paketti","13":"product_tag-sirkusvaline","14":"product_tag-sirkusvalinepaketti","15":"product_tag-valinepaketti","16":"desktop-align-center","17":"tablet-align-left","18":"mobile-align-left","20":"first","21":"instock","22":"taxable","23":"shipping-taxable","24":"purchasable","25":"product-type-variable"},"_links":{"self":[{"href":"https:\/\/sirkussirkus.com\/kauppa\/wp-json\/wp\/v2\/product\/8145","targetHints":{"allow":["GET"]}}],"collection":[{"href":"https:\/\/sirkussirkus.com\/kauppa\/wp-json\/wp\/v2\/product"}],"about":[{"href":"https:\/\/sirkussirkus.com\/kauppa\/wp-json\/wp\/v2\/types\/product"}],"version-history":[{"count":5,"href":"https:\/\/sirkussirkus.com\/kauppa\/wp-json\/wp\/v2\/product\/8145\/revisions"}],"predecessor-version":[{"id":8156,"href":"https:\/\/sirkussirkus.com\/kauppa\/wp-json\/wp\/v2\/product\/8145\/revisions\/8156"}],"wp:featuredmedia":[{"embeddable":true,"href":"https:\/\/sirkussirkus.com\/kauppa\/wp-json\/wp\/v2\/media\/8153"}],"wp:attachment":[{"href":"https:\/\/sirkussirkus.com\/kauppa\/wp-json\/wp\/v2\/media?parent=8145"}],"wp:term":[{"taxonomy":"product_brand","embeddable":true,"href":"https:\/\/sirkussirkus.com\/kauppa\/wp-json\/wp\/v2\/product_brand?post=8145"},{"taxonomy":"product_cat","embeddable":true,"href":"https:\/\/sirkussirkus.com\/kauppa\/wp-json\/wp\/v2\/product_cat?post=8145"},{"taxonomy":"product_tag","embeddable":true,"href":"https:\/\/sirkussirkus.com\/kauppa\/wp-json\/wp\/v2\/product_tag?post=8145"}],"curies":[{"name":"wp","href":"https:\/\/api.w.org\/{rel}","templated":true}]}}