{"id":7792,"date":"2024-09-17T09:23:22","date_gmt":"2024-09-17T09:23:22","guid":{"rendered":"https:\/\/sirkussirkus.com\/kauppa\/?post_type=product&#038;p=7792"},"modified":"2026-04-21T15:53:15","modified_gmt":"2026-04-21T15:53:15","slug":"ripustusliina-lenkeilla","status":"publish","type":"product","link":"https:\/\/sirkussirkus.com\/kauppa\/product\/ripustusliina-lenkeilla\/","title":{"rendered":"Ripustusliina lenkeill\u00e4"},"content":{"rendered":"<p>0.5m &#8211; 2.5m. Ripustusliina, jossa lenkki molemmissa p\u00e4iss\u00e4. Lenkin pituus 10cm. Tavallista nauhalenkki\u00e4 jykev\u00e4mpi raskaan sarjan liina, jota l\u00f6ytyy monessa mitassa tarpeen mukaan. Mukavan tuntuinen pinta verrattuna tavalliseen ripustusliinaan. Sopii erityisen hyvin nollapisterengastrapetsin kiinnitt\u00e4miseen. Korkeisiin ripustuksiin ripustuliinoja on my\u00f6s helppo ketjuttaa sulkurenkaan avulla. Mainittu mitta on ripustusliinan k\u00e4ytt\u00f6mitta.<\/p>\n<p>V\u00e4ri: musta<br \/>\nMateriaali: polyesteri<br \/>\nCE-merkitty<br \/>\nPituus 0.5, 1.0m, 1.5m, 2.0m tai 2.5m<br \/>\nTy\u00f6skentelypainoraja 2000kg<br \/>\nMurtumispainoraja 6800kg<\/p>\n","protected":false},"excerpt":{"rendered":"<p>0.5m &#8211; 2.5m. Ripustusliina, jossa lenkki molemmissa p\u00e4iss\u00e4. Lenkin pituus 10cm. Tavallista nauhalenkki\u00e4 jykev\u00e4mpi raskaan sarjan liina, jota l\u00f6ytyy monessa mitassa tarpeen mukaan. Mukavan tuntuinen pinta verrattuna tavalliseen ripustusliinaan. Sopii erityisen hyvin nollapisterengastrapetsin kiinnitt\u00e4miseen. Korkeisiin ripustuksiin ripustuliinoja on my\u00f6s helppo ketjuttaa sulkurenkaan avulla. Mainittu mitta on ripustusliinan k\u00e4ytt\u00f6mitta. V\u00e4ri: musta Materiaali: polyesteri CE-merkitty Pituus 0.5, [&hellip;]<\/p>\n","protected":false},"featured_media":7804,"template":"","meta":{"site-sidebar-layout":"default","site-content-layout":"default","ast-site-content-layout":"default","site-content-style":"default","site-sidebar-style":"default","ast-global-header-display":"","ast-banner-title-visibility":"","ast-main-header-display":"","ast-hfb-above-header-display":"","ast-hfb-below-header-display":"","ast-hfb-mobile-header-display":"","site-post-title":"","ast-breadcrumbs-content":"","ast-featured-img":"","footer-sml-layout":"","theme-transparent-header-meta":"default","adv-header-id-meta":"","stick-header-meta":"","header-above-stick-meta":"","header-main-stick-meta":"","header-below-stick-meta":"","astra-migrate-meta-layouts":"set","ast-page-background-enabled":"default","ast-page-background-meta":{"desktop":{"background-color":"","background-image":"","background-repeat":"repeat","background-position":"center center","background-size":"auto","background-attachment":"scroll","background-type":"","background-media":"","overlay-type":"","overlay-color":"","overlay-opacity":"","overlay-gradient":""},"tablet":{"background-color":"","background-image":"","background-repeat":"repeat","background-position":"center center","background-size":"auto","background-attachment":"scroll","background-type":"","background-media":"","overlay-type":"","overlay-color":"","overlay-opacity":"","overlay-gradient":""},"mobile":{"background-color":"","background-image":"","background-repeat":"repeat","background-position":"center center","background-size":"auto","background-attachment":"scroll","background-type":"","background-media":"","overlay-type":"","overlay-color":"","overlay-opacity":"","overlay-gradient":""}},"ast-content-background-meta":{"desktop":{"background-color":"var(--ast-global-color-5)","background-image":"","background-repeat":"repeat","background-position":"center center","background-size":"auto","background-attachment":"scroll","background-type":"","background-media":"","overlay-type":"","overlay-color":"","overlay-opacity":"","overlay-gradient":""},"tablet":{"background-color":"var(--ast-global-color-5)","background-image":"","background-repeat":"repeat","background-position":"center center","background-size":"auto","background-attachment":"scroll","background-type":"","background-media":"","overlay-type":"","overlay-color":"","overlay-opacity":"","overlay-gradient":""},"mobile":{"background-color":"var(--ast-global-color-5)","background-image":"","background-repeat":"repeat","background-position":"center center","background-size":"auto","background-attachment":"scroll","background-type":"","background-media":"","overlay-type":"","overlay-color":"","overlay-opacity":"","overlay-gradient":""}}},"product_brand":[],"product_cat":[119,677],"product_tag":[619,620,616,617,94,218,220,615,190],"class_list":{"0":"post-7792","1":"product","2":"type-product","3":"status-publish","4":"has-post-thumbnail","6":"product_cat-ripustus","7":"product_cat-uutuudet","8":"product_tag-0-5m","9":"product_tag-1-5m","10":"product_tag-1m","11":"product_tag-2m","12":"product_tag-ilma-akrobatia","13":"product_tag-liina","14":"product_tag-polyesteri","15":"product_tag-riggaus","16":"product_tag-ripustus","17":"desktop-align-center","18":"tablet-align-left","19":"mobile-align-left","21":"first","22":"instock","23":"taxable","24":"shipping-taxable","25":"purchasable","26":"product-type-variable"},"_links":{"self":[{"href":"https:\/\/sirkussirkus.com\/kauppa\/wp-json\/wp\/v2\/product\/7792","targetHints":{"allow":["GET"]}}],"collection":[{"href":"https:\/\/sirkussirkus.com\/kauppa\/wp-json\/wp\/v2\/product"}],"about":[{"href":"https:\/\/sirkussirkus.com\/kauppa\/wp-json\/wp\/v2\/types\/product"}],"version-history":[{"count":3,"href":"https:\/\/sirkussirkus.com\/kauppa\/wp-json\/wp\/v2\/product\/7792\/revisions"}],"predecessor-version":[{"id":8468,"href":"https:\/\/sirkussirkus.com\/kauppa\/wp-json\/wp\/v2\/product\/7792\/revisions\/8468"}],"wp:featuredmedia":[{"embeddable":true,"href":"https:\/\/sirkussirkus.com\/kauppa\/wp-json\/wp\/v2\/media\/7804"}],"wp:attachment":[{"href":"https:\/\/sirkussirkus.com\/kauppa\/wp-json\/wp\/v2\/media?parent=7792"}],"wp:term":[{"taxonomy":"product_brand","embeddable":true,"href":"https:\/\/sirkussirkus.com\/kauppa\/wp-json\/wp\/v2\/product_brand?post=7792"},{"taxonomy":"product_cat","embeddable":true,"href":"https:\/\/sirkussirkus.com\/kauppa\/wp-json\/wp\/v2\/product_cat?post=7792"},{"taxonomy":"product_tag","embeddable":true,"href":"https:\/\/sirkussirkus.com\/kauppa\/wp-json\/wp\/v2\/product_tag?post=7792"}],"curies":[{"name":"wp","href":"https:\/\/api.w.org\/{rel}","templated":true}]}}