{"id":5860,"date":"2022-07-21T16:15:59","date_gmt":"2022-07-21T16:15:59","guid":{"rendered":"https:\/\/sirkussirkus.com\/kauppa\/?post_type=product&#038;p=5860"},"modified":"2025-07-29T13:01:18","modified_gmt":"2025-07-29T13:01:18","slug":"play-aerial-rope","status":"publish","type":"product","link":"https:\/\/sirkussirkus.com\/kauppa\/product\/play-aerial-rope\/","title":{"rendered":"Play Ilma-akrobatiak\u00f6ysi"},"content":{"rendered":"<p>Play Circus Division -k\u00f6ysi ilma-akrobatiaan. Erinomainen pehme\u00e4 ja notkea p\u00e4\u00e4llystetty k\u00f6ysi kaikenlaisiin k\u00f6ysitekniikoihin. Pehme\u00e4 ja pit\u00e4v\u00e4 sek\u00e4 eritt\u00e4in kest\u00e4v\u00e4.<\/p>\n<p>Timanttimuotoinen punonta p\u00e4\u00e4llussukassa antaa pitoa ja pehmeytt\u00e4 k\u00f6yteen. Pehme\u00e4mpi sis\u00e4lt\u00f6 sukan sis\u00e4ss\u00e4 mahdollistaa hyv\u00e4n taipuisuuden ja notkeuden, joka helpottaa ja tuo mukavuutta monissa kiedontatempuissa.<\/p>\n<p>Kuvan sulkurengas sis\u00e4ltyy hintaan.<\/p>\n<p>Paksuus 38mm<\/p>\n<p>Ty\u00f6skentelypainoraja 250kg<\/p>\n<p>Murtumispainoraja 2400kg<\/p>\n<p>&nbsp;<\/p>\n","protected":false},"excerpt":{"rendered":"<p>Play Circus Division -k\u00f6ysi ilma-akrobatiaan. Erinomainen pehme\u00e4 ja notkea p\u00e4\u00e4llystetty k\u00f6ysi kaikenlaisiin k\u00f6ysitekniikoihin. Pehme\u00e4 ja pit\u00e4v\u00e4 sek\u00e4 eritt\u00e4in kest\u00e4v\u00e4. Timanttimuotoinen punonta p\u00e4\u00e4llussukassa antaa pitoa ja pehmeytt\u00e4 k\u00f6yteen. Pehme\u00e4mpi sis\u00e4lt\u00f6 sukan sis\u00e4ss\u00e4 mahdollistaa hyv\u00e4n taipuisuuden ja notkeuden, joka helpottaa ja tuo mukavuutta monissa kiedontatempuissa. Kuvan sulkurengas sis\u00e4ltyy hintaan. Paksuus 38mm Ty\u00f6skentelypainoraja 250kg Murtumispainoraja 2400kg &nbsp;<\/p>\n","protected":false},"featured_media":5863,"template":"","meta":{"site-sidebar-layout":"default","site-content-layout":"default","ast-site-content-layout":"default","site-content-style":"default","site-sidebar-style":"default","ast-global-header-display":"","ast-banner-title-visibility":"","ast-main-header-display":"","ast-hfb-above-header-display":"","ast-hfb-below-header-display":"","ast-hfb-mobile-header-display":"","site-post-title":"","ast-breadcrumbs-content":"","ast-featured-img":"","footer-sml-layout":"","theme-transparent-header-meta":"default","adv-header-id-meta":"","stick-header-meta":"","header-above-stick-meta":"","header-main-stick-meta":"","header-below-stick-meta":"","astra-migrate-meta-layouts":"set","ast-page-background-enabled":"default","ast-page-background-meta":{"desktop":{"background-color":"","background-image":"","background-repeat":"repeat","background-position":"center center","background-size":"auto","background-attachment":"scroll","background-type":"","background-media":"","overlay-type":"","overlay-color":"","overlay-opacity":"","overlay-gradient":""},"tablet":{"background-color":"","background-image":"","background-repeat":"repeat","background-position":"center center","background-size":"auto","background-attachment":"scroll","background-type":"","background-media":"","overlay-type":"","overlay-color":"","overlay-opacity":"","overlay-gradient":""},"mobile":{"background-color":"","background-image":"","background-repeat":"repeat","background-position":"center center","background-size":"auto","background-attachment":"scroll","background-type":"","background-media":"","overlay-type":"","overlay-color":"","overlay-opacity":"","overlay-gradient":""}},"ast-content-background-meta":{"desktop":{"background-color":"var(--ast-global-color-5)","background-image":"","background-repeat":"repeat","background-position":"center center","background-size":"auto","background-attachment":"scroll","background-type":"","background-media":"","overlay-type":"","overlay-color":"","overlay-opacity":"","overlay-gradient":""},"tablet":{"background-color":"var(--ast-global-color-5)","background-image":"","background-repeat":"repeat","background-position":"center center","background-size":"auto","background-attachment":"scroll","background-type":"","background-media":"","overlay-type":"","overlay-color":"","overlay-opacity":"","overlay-gradient":""},"mobile":{"background-color":"var(--ast-global-color-5)","background-image":"","background-repeat":"repeat","background-position":"center center","background-size":"auto","background-attachment":"scroll","background-type":"","background-media":"","overlay-type":"","overlay-color":"","overlay-opacity":"","overlay-gradient":""}}},"product_brand":[],"product_cat":[121,677],"product_tag":[692,94,228,691,690],"class_list":{"0":"post-5860","1":"product","2":"type-product","3":"status-publish","4":"has-post-thumbnail","6":"product_cat-koydet","7":"product_cat-uutuudet","8":"product_tag-aerial","9":"product_tag-ilma-akrobatia","10":"product_tag-koysi","11":"product_tag-vertikaali","12":"product_tag-vertikaalikoysi","13":"desktop-align-center","14":"tablet-align-left","15":"mobile-align-left","17":"first","18":"instock","19":"taxable","20":"shipping-taxable","21":"purchasable","22":"product-type-variable","23":"has-default-attributes"},"_links":{"self":[{"href":"https:\/\/sirkussirkus.com\/kauppa\/wp-json\/wp\/v2\/product\/5860","targetHints":{"allow":["GET"]}}],"collection":[{"href":"https:\/\/sirkussirkus.com\/kauppa\/wp-json\/wp\/v2\/product"}],"about":[{"href":"https:\/\/sirkussirkus.com\/kauppa\/wp-json\/wp\/v2\/types\/product"}],"version-history":[{"count":4,"href":"https:\/\/sirkussirkus.com\/kauppa\/wp-json\/wp\/v2\/product\/5860\/revisions"}],"predecessor-version":[{"id":6904,"href":"https:\/\/sirkussirkus.com\/kauppa\/wp-json\/wp\/v2\/product\/5860\/revisions\/6904"}],"wp:featuredmedia":[{"embeddable":true,"href":"https:\/\/sirkussirkus.com\/kauppa\/wp-json\/wp\/v2\/media\/5863"}],"wp:attachment":[{"href":"https:\/\/sirkussirkus.com\/kauppa\/wp-json\/wp\/v2\/media?parent=5860"}],"wp:term":[{"taxonomy":"product_brand","embeddable":true,"href":"https:\/\/sirkussirkus.com\/kauppa\/wp-json\/wp\/v2\/product_brand?post=5860"},{"taxonomy":"product_cat","embeddable":true,"href":"https:\/\/sirkussirkus.com\/kauppa\/wp-json\/wp\/v2\/product_cat?post=5860"},{"taxonomy":"product_tag","embeddable":true,"href":"https:\/\/sirkussirkus.com\/kauppa\/wp-json\/wp\/v2\/product_tag?post=5860"}],"curies":[{"name":"wp","href":"https:\/\/api.w.org\/{rel}","templated":true}]}}