{"id":5810,"date":"2022-07-07T13:55:09","date_gmt":"2022-07-07T13:55:09","guid":{"rendered":"https:\/\/sirkussirkus.com\/kauppa\/?post_type=product&#038;p=5810"},"modified":"2026-04-16T14:39:54","modified_gmt":"2026-04-16T14:39:54","slug":"flower-stick-tulip-muovikepeilla","status":"publish","type":"product","link":"https:\/\/sirkussirkus.com\/kauppa\/product\/flower-stick-tulip-muovikepeilla\/","title":{"rendered":"Flower Stick &#8211; Tulip (muovikepeill\u00e4)"},"content":{"rendered":"<p>Flower Stick eli suomeksi kukkakeppi on perinteisest\u00e4 Devil Stick -sirkusv\u00e4lineest\u00e4 helpommin k\u00e4sitelt\u00e4v\u00e4 malli. Kumiset hapsut kepin p\u00e4iss\u00e4 lis\u00e4\u00e4v\u00e4t painoa ja ilmanvastusta hidastaen ja helpottaen kepin k\u00e4sittely\u00e4. Suosittu ja helposti l\u00e4hestytt\u00e4v\u00e4 v\u00e4line kaikenik\u00e4isille kautta maailman! UV-reagoivat v\u00e4rit. Pakettiin sis\u00e4ltyy silikonip\u00e4\u00e4llysteiset eritt\u00e4in kest\u00e4v\u00e4t muoviset k\u00e4sikepit. Valmistajana Play.<\/p>\n<p>70cm \/ 220g (itse kukkakepin paino)<\/p>\n","protected":false},"excerpt":{"rendered":"<p>Flower Stick eli suomeksi kukkakeppi on perinteisest\u00e4 Devil Stick -sirkusv\u00e4lineest\u00e4 helpommin k\u00e4sitelt\u00e4v\u00e4 malli. Kumiset hapsut kepin p\u00e4iss\u00e4 lis\u00e4\u00e4v\u00e4t painoa ja ilmanvastusta hidastaen ja helpottaen kepin k\u00e4sittely\u00e4. Suosittu ja helposti l\u00e4hestytt\u00e4v\u00e4 v\u00e4line kaikenik\u00e4isille kautta maailman! UV-reagoivat v\u00e4rit. Pakettiin sis\u00e4ltyy silikonip\u00e4\u00e4llysteiset eritt\u00e4in kest\u00e4v\u00e4t muoviset k\u00e4sikepit. Valmistajana Play. 70cm \/ 220g (itse kukkakepin paino)<\/p>\n","protected":false},"featured_media":5816,"template":"","meta":{"site-sidebar-layout":"default","site-content-layout":"default","ast-site-content-layout":"default","site-content-style":"default","site-sidebar-style":"default","ast-global-header-display":"","ast-banner-title-visibility":"","ast-main-header-display":"","ast-hfb-above-header-display":"","ast-hfb-below-header-display":"","ast-hfb-mobile-header-display":"","site-post-title":"","ast-breadcrumbs-content":"","ast-featured-img":"","footer-sml-layout":"","theme-transparent-header-meta":"default","adv-header-id-meta":"","stick-header-meta":"","header-above-stick-meta":"","header-main-stick-meta":"","header-below-stick-meta":"","astra-migrate-meta-layouts":"set","ast-page-background-enabled":"default","ast-page-background-meta":{"desktop":{"background-color":"","background-image":"","background-repeat":"repeat","background-position":"center center","background-size":"auto","background-attachment":"scroll","background-type":"","background-media":"","overlay-type":"","overlay-color":"","overlay-opacity":"","overlay-gradient":""},"tablet":{"background-color":"","background-image":"","background-repeat":"repeat","background-position":"center center","background-size":"auto","background-attachment":"scroll","background-type":"","background-media":"","overlay-type":"","overlay-color":"","overlay-opacity":"","overlay-gradient":""},"mobile":{"background-color":"","background-image":"","background-repeat":"repeat","background-position":"center center","background-size":"auto","background-attachment":"scroll","background-type":"","background-media":"","overlay-type":"","overlay-color":"","overlay-opacity":"","overlay-gradient":""}},"ast-content-background-meta":{"desktop":{"background-color":"var(--ast-global-color-5)","background-image":"","background-repeat":"repeat","background-position":"center center","background-size":"auto","background-attachment":"scroll","background-type":"","background-media":"","overlay-type":"","overlay-color":"","overlay-opacity":"","overlay-gradient":""},"tablet":{"background-color":"var(--ast-global-color-5)","background-image":"","background-repeat":"repeat","background-position":"center center","background-size":"auto","background-attachment":"scroll","background-type":"","background-media":"","overlay-type":"","overlay-color":"","overlay-opacity":"","overlay-gradient":""},"mobile":{"background-color":"var(--ast-global-color-5)","background-image":"","background-repeat":"repeat","background-position":"center center","background-size":"auto","background-attachment":"scroll","background-type":"","background-media":"","overlay-type":"","overlay-color":"","overlay-opacity":"","overlay-gradient":""}}},"product_brand":[],"product_cat":[73],"product_tag":[437,686,440,439,685,108,441,438],"class_list":{"0":"post-5810","1":"product","2":"type-product","3":"status-publish","4":"has-post-thumbnail","6":"product_cat-muut-jongleeraus","7":"product_tag-flower","8":"product_tag-flowerstick","9":"product_tag-keppi","10":"product_tag-kukka","11":"product_tag-kukkakeppi","12":"product_tag-play","13":"product_tag-puu","14":"product_tag-stick","15":"desktop-align-center","16":"tablet-align-left","17":"mobile-align-left","19":"first","20":"instock","21":"taxable","22":"shipping-taxable","23":"purchasable","24":"product-type-variable"},"_links":{"self":[{"href":"https:\/\/sirkussirkus.com\/kauppa\/wp-json\/wp\/v2\/product\/5810","targetHints":{"allow":["GET"]}}],"collection":[{"href":"https:\/\/sirkussirkus.com\/kauppa\/wp-json\/wp\/v2\/product"}],"about":[{"href":"https:\/\/sirkussirkus.com\/kauppa\/wp-json\/wp\/v2\/types\/product"}],"version-history":[{"count":3,"href":"https:\/\/sirkussirkus.com\/kauppa\/wp-json\/wp\/v2\/product\/5810\/revisions"}],"predecessor-version":[{"id":8214,"href":"https:\/\/sirkussirkus.com\/kauppa\/wp-json\/wp\/v2\/product\/5810\/revisions\/8214"}],"wp:featuredmedia":[{"embeddable":true,"href":"https:\/\/sirkussirkus.com\/kauppa\/wp-json\/wp\/v2\/media\/5816"}],"wp:attachment":[{"href":"https:\/\/sirkussirkus.com\/kauppa\/wp-json\/wp\/v2\/media?parent=5810"}],"wp:term":[{"taxonomy":"product_brand","embeddable":true,"href":"https:\/\/sirkussirkus.com\/kauppa\/wp-json\/wp\/v2\/product_brand?post=5810"},{"taxonomy":"product_cat","embeddable":true,"href":"https:\/\/sirkussirkus.com\/kauppa\/wp-json\/wp\/v2\/product_cat?post=5810"},{"taxonomy":"product_tag","embeddable":true,"href":"https:\/\/sirkussirkus.com\/kauppa\/wp-json\/wp\/v2\/product_tag?post=5810"}],"curies":[{"name":"wp","href":"https:\/\/api.w.org\/{rel}","templated":true}]}}