{"id":5444,"date":"2021-05-14T18:41:09","date_gmt":"2021-05-14T18:41:09","guid":{"rendered":"https:\/\/sirkussirkus.com\/kauppa\/?post_type=product&#038;p=5444"},"modified":"2025-11-21T12:07:29","modified_gmt":"2025-11-21T12:07:29","slug":"helminaru-ryhmanaru-4m","status":"publish","type":"product","link":"https:\/\/sirkussirkus.com\/kauppa\/product\/helminaru-ryhmanaru-4m\/","title":{"rendered":"Helminaru &#8211; Ryhm\u00e4naru 4m"},"content":{"rendered":"<div class=\"product-text\">\n<p>Sateenkaarihelminaru py\u00f6rii helposti, antaa mukavasti vastusta ja on mahtavan n\u00e4k\u00f6inen. Soveltuu ulko- ja sis\u00e4liikuntaan. Mittaa l\u00f6ytyy isommallekin ryhm\u00e4lle, ja narun voi lyhent\u00e4\u00e4 sopivaan mittaan.<\/p>\n<p>Kokopituus 450cm. (10ft.) Kahvat 2x 20cm. Naru 410cm. Hyppynaru on s\u00e4\u00e4dett\u00e4viss\u00e4 ryhm\u00e4n tarpeen mukaan. Kahvan v\u00e4ri: musta. Helmien v\u00e4ri: sateenkaari.<\/p>\n<p>Ei alle 3-vuotiaille. Sis\u00e4lt\u00e4\u00e4 pieni\u00e4 osia. Tuotteen k\u00e4ytt\u00f6tarkoitus on liikuntav\u00e4line.<\/p>\n<p>SAME SMILE &#8211; Missiomme on tarjota omaper\u00e4isi\u00e4 tuotteita ja palveluita, jotka tuottavat hyvinvointia ja onnellisuutta. Mielest\u00e4mme onnen tunteita el\u00e4m\u00e4\u00e4n tuovat mm. puuhastelu perheen ja yst\u00e4vien kanssa, terveys, liikunta, tasavertaisuus ja erilaisuus.<\/p>\n<p><a href=\"https:\/\/www.youtube.com\/watch?v=YJRx_NIgw88\" target=\"_blank\" rel=\"noopener noreferrer\">Hyppynarun lyhennysohje Youtubessa<\/a><\/p>\n<\/div>\n","protected":false},"excerpt":{"rendered":"<p>Sateenkaarihelminaru py\u00f6rii helposti, antaa mukavasti vastusta ja on mahtavan n\u00e4k\u00f6inen. Soveltuu ulko- ja sis\u00e4liikuntaan. Mittaa l\u00f6ytyy isommallekin ryhm\u00e4lle, ja narun voi lyhent\u00e4\u00e4 sopivaan mittaan. Kokopituus 450cm. (10ft.) Kahvat 2x 20cm. Naru 410cm. Hyppynaru on s\u00e4\u00e4dett\u00e4viss\u00e4 ryhm\u00e4n tarpeen mukaan. Kahvan v\u00e4ri: musta. Helmien v\u00e4ri: sateenkaari. Ei alle 3-vuotiaille. Sis\u00e4lt\u00e4\u00e4 pieni\u00e4 osia. Tuotteen k\u00e4ytt\u00f6tarkoitus on liikuntav\u00e4line. SAME [&hellip;]<\/p>\n","protected":false},"featured_media":5441,"template":"","meta":{"site-sidebar-layout":"default","site-content-layout":"default","ast-site-content-layout":"default","site-content-style":"default","site-sidebar-style":"default","ast-global-header-display":"","ast-banner-title-visibility":"","ast-main-header-display":"","ast-hfb-above-header-display":"","ast-hfb-below-header-display":"","ast-hfb-mobile-header-display":"","site-post-title":"","ast-breadcrumbs-content":"","ast-featured-img":"","footer-sml-layout":"","theme-transparent-header-meta":"default","adv-header-id-meta":"","stick-header-meta":"","header-above-stick-meta":"","header-main-stick-meta":"","header-below-stick-meta":"","astra-migrate-meta-layouts":"set","ast-page-background-enabled":"default","ast-page-background-meta":{"desktop":{"background-color":"","background-image":"","background-repeat":"repeat","background-position":"center center","background-size":"auto","background-attachment":"scroll","background-type":"","background-media":"","overlay-type":"","overlay-color":"","overlay-opacity":"","overlay-gradient":""},"tablet":{"background-color":"","background-image":"","background-repeat":"repeat","background-position":"center center","background-size":"auto","background-attachment":"scroll","background-type":"","background-media":"","overlay-type":"","overlay-color":"","overlay-opacity":"","overlay-gradient":""},"mobile":{"background-color":"","background-image":"","background-repeat":"repeat","background-position":"center center","background-size":"auto","background-attachment":"scroll","background-type":"","background-media":"","overlay-type":"","overlay-color":"","overlay-opacity":"","overlay-gradient":""}},"ast-content-background-meta":{"desktop":{"background-color":"var(--ast-global-color-5)","background-image":"","background-repeat":"repeat","background-position":"center center","background-size":"auto","background-attachment":"scroll","background-type":"","background-media":"","overlay-type":"","overlay-color":"","overlay-opacity":"","overlay-gradient":""},"tablet":{"background-color":"var(--ast-global-color-5)","background-image":"","background-repeat":"repeat","background-position":"center center","background-size":"auto","background-attachment":"scroll","background-type":"","background-media":"","overlay-type":"","overlay-color":"","overlay-opacity":"","overlay-gradient":""},"mobile":{"background-color":"var(--ast-global-color-5)","background-image":"","background-repeat":"repeat","background-position":"center center","background-size":"auto","background-attachment":"scroll","background-type":"","background-media":"","overlay-type":"","overlay-color":"","overlay-opacity":"","overlay-gradient":""}}},"product_brand":[],"product_cat":[594],"product_tag":[605,595,599,453,596,375,376,604,600,602,601],"class_list":{"0":"post-5444","1":"product","2":"type-product","3":"status-publish","4":"has-post-thumbnail","6":"product_cat-hyppynarut","7":"product_tag-605","8":"product_tag-helmi","9":"product_tag-hyppy","10":"product_tag-hyppynaru","11":"product_tag-hyppynarut","12":"product_tag-naru","13":"product_tag-narut","14":"product_tag-ryhma","15":"product_tag-same","16":"product_tag-sateenkaari","17":"product_tag-smile","18":"desktop-align-center","19":"tablet-align-left","20":"mobile-align-left","22":"first","23":"instock","24":"taxable","25":"shipping-taxable","26":"purchasable","27":"product-type-simple"},"_links":{"self":[{"href":"https:\/\/sirkussirkus.com\/kauppa\/wp-json\/wp\/v2\/product\/5444","targetHints":{"allow":["GET"]}}],"collection":[{"href":"https:\/\/sirkussirkus.com\/kauppa\/wp-json\/wp\/v2\/product"}],"about":[{"href":"https:\/\/sirkussirkus.com\/kauppa\/wp-json\/wp\/v2\/types\/product"}],"version-history":[{"count":1,"href":"https:\/\/sirkussirkus.com\/kauppa\/wp-json\/wp\/v2\/product\/5444\/revisions"}],"predecessor-version":[{"id":5445,"href":"https:\/\/sirkussirkus.com\/kauppa\/wp-json\/wp\/v2\/product\/5444\/revisions\/5445"}],"wp:featuredmedia":[{"embeddable":true,"href":"https:\/\/sirkussirkus.com\/kauppa\/wp-json\/wp\/v2\/media\/5441"}],"wp:attachment":[{"href":"https:\/\/sirkussirkus.com\/kauppa\/wp-json\/wp\/v2\/media?parent=5444"}],"wp:term":[{"taxonomy":"product_brand","embeddable":true,"href":"https:\/\/sirkussirkus.com\/kauppa\/wp-json\/wp\/v2\/product_brand?post=5444"},{"taxonomy":"product_cat","embeddable":true,"href":"https:\/\/sirkussirkus.com\/kauppa\/wp-json\/wp\/v2\/product_cat?post=5444"},{"taxonomy":"product_tag","embeddable":true,"href":"https:\/\/sirkussirkus.com\/kauppa\/wp-json\/wp\/v2\/product_tag?post=5444"}],"curies":[{"name":"wp","href":"https:\/\/api.w.org\/{rel}","templated":true}]}}