{"id":5387,"date":"2022-05-14T18:13:23","date_gmt":"2022-05-14T18:13:23","guid":{"rendered":"https:\/\/sirkussirkus.com\/kauppa\/?post_type=product&#038;p=5387"},"modified":"2023-09-07T05:45:15","modified_gmt":"2023-09-07T05:45:15","slug":"taikuuden-oppikirja-motion-magic-tatu-tyni","status":"publish","type":"product","link":"https:\/\/sirkussirkus.com\/kauppa\/product\/taikuuden-oppikirja-motion-magic-tatu-tyni\/","title":{"rendered":"Taikuuden oppikirja &#8211; Motion Magic &#8211; Tatu Tyni"},"content":{"rendered":"<p>Tatu Tynin kattava taikuuden perusoppikirja kantaa pelkk\u00e4\u00e4 temppuopasta pidemm\u00e4lle. Tyni ohjaa lukijan johdonmukaisesti taikuuden saloihin ja kertoo, mist\u00e4 taikataiteessa ja liiketaikuudessa on kyse. Kirja on suunnattu vasta-alkajista pitk\u00e4\u00e4n taikoneille ja sirkustaiteen opettajille. Se opettaa sek\u00e4 taikuuden opettamista ett\u00e4 oppien itsen\u00e4ist\u00e4 soveltamista. Kirjassa on yli 300 havainnollistavaa kuvaa ja korkeatasoinen, selke\u00e4 ulkoasu.<\/p>\n<p>Suomenkielinen \/ 176 sivua \/ kovakantinen \/ 2000<\/p>\n","protected":false},"excerpt":{"rendered":"<p>Tatu Tynin kattava taikuuden perusoppikirja kantaa pelkk\u00e4\u00e4 temppuopasta pidemm\u00e4lle. Tyni ohjaa lukijan johdonmukaisesti taikuuden saloihin ja kertoo, mist\u00e4 taikataiteessa ja liiketaikuudessa on kyse. Kirja on suunnattu vasta-alkajista pitk\u00e4\u00e4n taikoneille ja sirkustaiteen opettajille. Se opettaa sek\u00e4 taikuuden opettamista ett\u00e4 oppien itsen\u00e4ist\u00e4 soveltamista. Kirjassa on yli 300 havainnollistavaa kuvaa ja korkeatasoinen, selke\u00e4 ulkoasu. Suomenkielinen \/ 176 sivua [&hellip;]<\/p>\n","protected":false},"featured_media":5388,"template":"","meta":{"site-sidebar-layout":"default","site-content-layout":"default","ast-site-content-layout":"default","site-content-style":"default","site-sidebar-style":"default","ast-global-header-display":"","ast-banner-title-visibility":"","ast-main-header-display":"","ast-hfb-above-header-display":"","ast-hfb-below-header-display":"","ast-hfb-mobile-header-display":"","site-post-title":"","ast-breadcrumbs-content":"","ast-featured-img":"","footer-sml-layout":"","theme-transparent-header-meta":"default","adv-header-id-meta":"","stick-header-meta":"","header-above-stick-meta":"","header-main-stick-meta":"","header-below-stick-meta":"","astra-migrate-meta-layouts":"default","ast-page-background-enabled":"default","ast-page-background-meta":{"desktop":{"background-color":"","background-image":"","background-repeat":"repeat","background-position":"center center","background-size":"auto","background-attachment":"scroll","background-type":"","background-media":"","overlay-type":"","overlay-color":"","overlay-opacity":"","overlay-gradient":""},"tablet":{"background-color":"","background-image":"","background-repeat":"repeat","background-position":"center center","background-size":"auto","background-attachment":"scroll","background-type":"","background-media":"","overlay-type":"","overlay-color":"","overlay-opacity":"","overlay-gradient":""},"mobile":{"background-color":"","background-image":"","background-repeat":"repeat","background-position":"center center","background-size":"auto","background-attachment":"scroll","background-type":"","background-media":"","overlay-type":"","overlay-color":"","overlay-opacity":"","overlay-gradient":""}},"ast-content-background-meta":{"desktop":{"background-color":"var(--ast-global-color-5)","background-image":"","background-repeat":"repeat","background-position":"center center","background-size":"auto","background-attachment":"scroll","background-type":"","background-media":"","overlay-type":"","overlay-color":"","overlay-opacity":"","overlay-gradient":""},"tablet":{"background-color":"var(--ast-global-color-5)","background-image":"","background-repeat":"repeat","background-position":"center center","background-size":"auto","background-attachment":"scroll","background-type":"","background-media":"","overlay-type":"","overlay-color":"","overlay-opacity":"","overlay-gradient":""},"mobile":{"background-color":"var(--ast-global-color-5)","background-image":"","background-repeat":"repeat","background-position":"center center","background-size":"auto","background-attachment":"scroll","background-type":"","background-media":"","overlay-type":"","overlay-color":"","overlay-opacity":"","overlay-gradient":""}}},"product_brand":[],"product_cat":[64],"product_tag":[87,459,536,535,534,533,531,532],"class_list":{"0":"post-5387","1":"product","2":"type-product","3":"status-publish","4":"has-post-thumbnail","6":"product_cat-kirjat","7":"product_tag-kirja","8":"product_tag-kirjat","9":"product_tag-magic","10":"product_tag-motion","11":"product_tag-oppi","12":"product_tag-taikuuden","13":"product_tag-tatu","14":"product_tag-tyni","15":"desktop-align-center","16":"tablet-align-left","17":"mobile-align-left","19":"first","20":"outofstock","21":"taxable","22":"shipping-taxable","23":"purchasable","24":"product-type-simple"},"_links":{"self":[{"href":"https:\/\/sirkussirkus.com\/kauppa\/wp-json\/wp\/v2\/product\/5387","targetHints":{"allow":["GET"]}}],"collection":[{"href":"https:\/\/sirkussirkus.com\/kauppa\/wp-json\/wp\/v2\/product"}],"about":[{"href":"https:\/\/sirkussirkus.com\/kauppa\/wp-json\/wp\/v2\/types\/product"}],"version-history":[{"count":1,"href":"https:\/\/sirkussirkus.com\/kauppa\/wp-json\/wp\/v2\/product\/5387\/revisions"}],"predecessor-version":[{"id":5389,"href":"https:\/\/sirkussirkus.com\/kauppa\/wp-json\/wp\/v2\/product\/5387\/revisions\/5389"}],"wp:featuredmedia":[{"embeddable":true,"href":"https:\/\/sirkussirkus.com\/kauppa\/wp-json\/wp\/v2\/media\/5388"}],"wp:attachment":[{"href":"https:\/\/sirkussirkus.com\/kauppa\/wp-json\/wp\/v2\/media?parent=5387"}],"wp:term":[{"taxonomy":"product_brand","embeddable":true,"href":"https:\/\/sirkussirkus.com\/kauppa\/wp-json\/wp\/v2\/product_brand?post=5387"},{"taxonomy":"product_cat","embeddable":true,"href":"https:\/\/sirkussirkus.com\/kauppa\/wp-json\/wp\/v2\/product_cat?post=5387"},{"taxonomy":"product_tag","embeddable":true,"href":"https:\/\/sirkussirkus.com\/kauppa\/wp-json\/wp\/v2\/product_tag?post=5387"}],"curies":[{"name":"wp","href":"https:\/\/api.w.org\/{rel}","templated":true}]}}