{"id":5384,"date":"2022-05-14T18:12:28","date_gmt":"2022-05-14T18:12:28","guid":{"rendered":"https:\/\/sirkussirkus.com\/kauppa\/?post_type=product&#038;p=5384"},"modified":"2026-04-10T20:32:45","modified_gmt":"2026-04-10T20:32:45","slug":"suuri-suomalainen-taikatemppukirja","status":"publish","type":"product","link":"https:\/\/sirkussirkus.com\/kauppa\/product\/suuri-suomalainen-taikatemppukirja\/","title":{"rendered":"Suuri Suomalainen Taikatemppukirja"},"content":{"rendered":"<p>Monen vuosikymmenen j\u00e4lkeen suomalaiset taikurit paljastavat parhaat temppunsa. Markku Purho on koonnut kirjaan kattavan valikoiman temppuja eritasoisille taikureille.<\/p>\n<p>Nyt taikatemppujen oppiminen on todella helppoa, kirjan opit alkavat helpoista seuratempuista ja p\u00e4\u00e4ttyv\u00e4t taitoa vaativiin korttitemppuihin. Kirja kertoo my\u00f6s harjoittelun ja esiintymisen niksit ja suomalaisen taikuuden historian.<\/p>\n<p>Suomenkielinen \/ 287 sivua \/ kovakantinen \/ 2018<\/p>\n","protected":false},"excerpt":{"rendered":"<p>Monen vuosikymmenen j\u00e4lkeen suomalaiset taikurit paljastavat parhaat temppunsa. Markku Purho on koonnut kirjaan kattavan valikoiman temppuja eritasoisille taikureille. Nyt taikatemppujen oppiminen on todella helppoa, kirjan opit alkavat helpoista seuratempuista ja p\u00e4\u00e4ttyv\u00e4t taitoa vaativiin korttitemppuihin. Kirja kertoo my\u00f6s harjoittelun ja esiintymisen niksit ja suomalaisen taikuuden historian. Suomenkielinen \/ 287 sivua \/ kovakantinen \/ 2018<\/p>\n","protected":false},"featured_media":5385,"template":"","meta":{"site-sidebar-layout":"default","site-content-layout":"default","ast-site-content-layout":"default","site-content-style":"default","site-sidebar-style":"default","ast-global-header-display":"","ast-banner-title-visibility":"","ast-main-header-display":"","ast-hfb-above-header-display":"","ast-hfb-below-header-display":"","ast-hfb-mobile-header-display":"","site-post-title":"","ast-breadcrumbs-content":"","ast-featured-img":"","footer-sml-layout":"","theme-transparent-header-meta":"default","adv-header-id-meta":"","stick-header-meta":"","header-above-stick-meta":"","header-main-stick-meta":"","header-below-stick-meta":"","astra-migrate-meta-layouts":"set","ast-page-background-enabled":"default","ast-page-background-meta":{"desktop":{"background-color":"","background-image":"","background-repeat":"repeat","background-position":"center center","background-size":"auto","background-attachment":"scroll","background-type":"","background-media":"","overlay-type":"","overlay-color":"","overlay-opacity":"","overlay-gradient":""},"tablet":{"background-color":"","background-image":"","background-repeat":"repeat","background-position":"center center","background-size":"auto","background-attachment":"scroll","background-type":"","background-media":"","overlay-type":"","overlay-color":"","overlay-opacity":"","overlay-gradient":""},"mobile":{"background-color":"","background-image":"","background-repeat":"repeat","background-position":"center center","background-size":"auto","background-attachment":"scroll","background-type":"","background-media":"","overlay-type":"","overlay-color":"","overlay-opacity":"","overlay-gradient":""}},"ast-content-background-meta":{"desktop":{"background-color":"var(--ast-global-color-5)","background-image":"","background-repeat":"repeat","background-position":"center center","background-size":"auto","background-attachment":"scroll","background-type":"","background-media":"","overlay-type":"","overlay-color":"","overlay-opacity":"","overlay-gradient":""},"tablet":{"background-color":"var(--ast-global-color-5)","background-image":"","background-repeat":"repeat","background-position":"center center","background-size":"auto","background-attachment":"scroll","background-type":"","background-media":"","overlay-type":"","overlay-color":"","overlay-opacity":"","overlay-gradient":""},"mobile":{"background-color":"var(--ast-global-color-5)","background-image":"","background-repeat":"repeat","background-position":"center center","background-size":"auto","background-attachment":"scroll","background-type":"","background-media":"","overlay-type":"","overlay-color":"","overlay-opacity":"","overlay-gradient":""}}},"product_brand":[],"product_cat":[64],"product_tag":[517,87,459,529,530,527,508,308,528],"class_list":{"0":"post-5384","1":"product","2":"type-product","3":"status-publish","4":"has-post-thumbnail","6":"product_cat-kirjat","7":"product_tag-517","8":"product_tag-kirja","9":"product_tag-kirjat","10":"product_tag-markku","11":"product_tag-purho","12":"product_tag-suomalainen","13":"product_tag-suuri","14":"product_tag-taika","15":"product_tag-temppu","16":"desktop-align-center","17":"tablet-align-left","18":"mobile-align-left","20":"first","21":"instock","22":"taxable","23":"shipping-taxable","24":"purchasable","25":"product-type-simple"},"_links":{"self":[{"href":"https:\/\/sirkussirkus.com\/kauppa\/wp-json\/wp\/v2\/product\/5384","targetHints":{"allow":["GET"]}}],"collection":[{"href":"https:\/\/sirkussirkus.com\/kauppa\/wp-json\/wp\/v2\/product"}],"about":[{"href":"https:\/\/sirkussirkus.com\/kauppa\/wp-json\/wp\/v2\/types\/product"}],"version-history":[{"count":1,"href":"https:\/\/sirkussirkus.com\/kauppa\/wp-json\/wp\/v2\/product\/5384\/revisions"}],"predecessor-version":[{"id":5386,"href":"https:\/\/sirkussirkus.com\/kauppa\/wp-json\/wp\/v2\/product\/5384\/revisions\/5386"}],"wp:featuredmedia":[{"embeddable":true,"href":"https:\/\/sirkussirkus.com\/kauppa\/wp-json\/wp\/v2\/media\/5385"}],"wp:attachment":[{"href":"https:\/\/sirkussirkus.com\/kauppa\/wp-json\/wp\/v2\/media?parent=5384"}],"wp:term":[{"taxonomy":"product_brand","embeddable":true,"href":"https:\/\/sirkussirkus.com\/kauppa\/wp-json\/wp\/v2\/product_brand?post=5384"},{"taxonomy":"product_cat","embeddable":true,"href":"https:\/\/sirkussirkus.com\/kauppa\/wp-json\/wp\/v2\/product_cat?post=5384"},{"taxonomy":"product_tag","embeddable":true,"href":"https:\/\/sirkussirkus.com\/kauppa\/wp-json\/wp\/v2\/product_tag?post=5384"}],"curies":[{"name":"wp","href":"https:\/\/api.w.org\/{rel}","templated":true}]}}