{"id":5374,"date":"2022-05-14T18:09:33","date_gmt":"2022-05-14T18:09:33","guid":{"rendered":"https:\/\/sirkussirkus.com\/kauppa\/?post_type=product&#038;p=5374"},"modified":"2024-04-10T16:54:19","modified_gmt":"2024-04-10T16:54:19","slug":"if-you-are-a-juggler-alexander-kiss","status":"publish","type":"product","link":"https:\/\/sirkussirkus.com\/kauppa\/product\/if-you-are-a-juggler-alexander-kiss\/","title":{"rendered":"If You Are a Juggler&#8230; &#8211; Alexander Kiss"},"content":{"rendered":"<p>Alexander Kiss kirjoitti kirjansa &#8221;If You Are a Juggler&#8230;&#8221; Neuvostoliitossa vuonna 1970. Nyt kun kirja on vihdoin k\u00e4\u00e4nnetty englanniksi, jokainen voi ottaa oppia t\u00e4m\u00e4n ven\u00e4l\u00e4isen sirkusikonin ja mestarijongl\u00f6\u00f6rin mietteist\u00e4. Kiss oli yksi aikakautensa parhaista ja omaper\u00e4isimmist\u00e4 jongl\u00f6\u00f6reist\u00e4. Vuonna 1969 h\u00e4nelle my\u00f6nnettiinkin arvostettu Rastelli Award -palkinto, joka annetaan vain maailman parhaalle el\u00e4v\u00e4lle jongl\u00f6\u00f6rille. Kirjassaan Alexander Kiss jakaa el\u00e4m\u00e4nty\u00f6ns\u00e4 lukijan kanssa samalla tarjoten n\u00e4kemyst\u00e4 jongl\u00f6\u00f6rien ja muiden esiintyvien taiteilijoiden maailmaan. Kirja tarjoaa kallisarvoista tietoa kaikille lukijoilleen jongl\u00f6\u00f6ritarinoista l\u00e4htien aina yksityiskohtaisiin temppukuvauksiin asti. Lue Kissin ajatuksia oikeanlaisista harjoittelutavoista, esityksen rakentamisesta, oikeaoppisesta ryhdist\u00e4, omaper\u00e4isyydest\u00e4, uusien temppujen kehittelytavoista, v\u00e4linerakennuksesta ja monesta muusta asiasta.<\/p>\n<p>Englanninkielinen \/ 134 sivua \/ pehme\u00e4kantinen \/ 2018 (1970)<\/p>\n","protected":false},"excerpt":{"rendered":"<p>Alexander Kiss kirjoitti kirjansa &#8221;If You Are a Juggler&#8230;&#8221; Neuvostoliitossa vuonna 1970. Nyt kun kirja on vihdoin k\u00e4\u00e4nnetty englanniksi, jokainen voi ottaa oppia t\u00e4m\u00e4n ven\u00e4l\u00e4isen sirkusikonin ja mestarijongl\u00f6\u00f6rin mietteist\u00e4. Kiss oli yksi aikakautensa parhaista ja omaper\u00e4isimmist\u00e4 jongl\u00f6\u00f6reist\u00e4. Vuonna 1969 h\u00e4nelle my\u00f6nnettiinkin arvostettu Rastelli Award -palkinto, joka annetaan vain maailman parhaalle el\u00e4v\u00e4lle jongl\u00f6\u00f6rille. Kirjassaan Alexander Kiss [&hellip;]<\/p>\n","protected":false},"featured_media":5375,"template":"","meta":{"site-sidebar-layout":"default","site-content-layout":"default","ast-site-content-layout":"default","site-content-style":"default","site-sidebar-style":"default","ast-global-header-display":"","ast-banner-title-visibility":"","ast-main-header-display":"","ast-hfb-above-header-display":"","ast-hfb-below-header-display":"","ast-hfb-mobile-header-display":"","site-post-title":"","ast-breadcrumbs-content":"","ast-featured-img":"","footer-sml-layout":"","theme-transparent-header-meta":"default","adv-header-id-meta":"","stick-header-meta":"","header-above-stick-meta":"","header-main-stick-meta":"","header-below-stick-meta":"","astra-migrate-meta-layouts":"default","ast-page-background-enabled":"default","ast-page-background-meta":{"desktop":{"background-color":"","background-image":"","background-repeat":"repeat","background-position":"center center","background-size":"auto","background-attachment":"scroll","background-type":"","background-media":"","overlay-type":"","overlay-color":"","overlay-opacity":"","overlay-gradient":""},"tablet":{"background-color":"","background-image":"","background-repeat":"repeat","background-position":"center center","background-size":"auto","background-attachment":"scroll","background-type":"","background-media":"","overlay-type":"","overlay-color":"","overlay-opacity":"","overlay-gradient":""},"mobile":{"background-color":"","background-image":"","background-repeat":"repeat","background-position":"center center","background-size":"auto","background-attachment":"scroll","background-type":"","background-media":"","overlay-type":"","overlay-color":"","overlay-opacity":"","overlay-gradient":""}},"ast-content-background-meta":{"desktop":{"background-color":"var(--ast-global-color-5)","background-image":"","background-repeat":"repeat","background-position":"center center","background-size":"auto","background-attachment":"scroll","background-type":"","background-media":"","overlay-type":"","overlay-color":"","overlay-opacity":"","overlay-gradient":""},"tablet":{"background-color":"var(--ast-global-color-5)","background-image":"","background-repeat":"repeat","background-position":"center center","background-size":"auto","background-attachment":"scroll","background-type":"","background-media":"","overlay-type":"","overlay-color":"","overlay-opacity":"","overlay-gradient":""},"mobile":{"background-color":"var(--ast-global-color-5)","background-image":"","background-repeat":"repeat","background-position":"center center","background-size":"auto","background-attachment":"scroll","background-type":"","background-media":"","overlay-type":"","overlay-color":"","overlay-opacity":"","overlay-gradient":""}}},"product_brand":[],"product_cat":[64],"product_tag":[521,517,518,520,87,459,519],"class_list":{"0":"post-5374","1":"product","2":"type-product","3":"status-publish","4":"has-post-thumbnail","6":"product_cat-kirjat","7":"product_tag-521","8":"product_tag-517","9":"product_tag-alexander","10":"product_tag-juggler","11":"product_tag-kirja","12":"product_tag-kirjat","13":"product_tag-kiss","14":"desktop-align-center","15":"tablet-align-left","16":"mobile-align-left","18":"first","19":"instock","20":"taxable","21":"shipping-taxable","22":"purchasable","23":"product-type-simple"},"_links":{"self":[{"href":"https:\/\/sirkussirkus.com\/kauppa\/wp-json\/wp\/v2\/product\/5374","targetHints":{"allow":["GET"]}}],"collection":[{"href":"https:\/\/sirkussirkus.com\/kauppa\/wp-json\/wp\/v2\/product"}],"about":[{"href":"https:\/\/sirkussirkus.com\/kauppa\/wp-json\/wp\/v2\/types\/product"}],"version-history":[{"count":2,"href":"https:\/\/sirkussirkus.com\/kauppa\/wp-json\/wp\/v2\/product\/5374\/revisions"}],"predecessor-version":[{"id":5377,"href":"https:\/\/sirkussirkus.com\/kauppa\/wp-json\/wp\/v2\/product\/5374\/revisions\/5377"}],"wp:featuredmedia":[{"embeddable":true,"href":"https:\/\/sirkussirkus.com\/kauppa\/wp-json\/wp\/v2\/media\/5375"}],"wp:attachment":[{"href":"https:\/\/sirkussirkus.com\/kauppa\/wp-json\/wp\/v2\/media?parent=5374"}],"wp:term":[{"taxonomy":"product_brand","embeddable":true,"href":"https:\/\/sirkussirkus.com\/kauppa\/wp-json\/wp\/v2\/product_brand?post=5374"},{"taxonomy":"product_cat","embeddable":true,"href":"https:\/\/sirkussirkus.com\/kauppa\/wp-json\/wp\/v2\/product_cat?post=5374"},{"taxonomy":"product_tag","embeddable":true,"href":"https:\/\/sirkussirkus.com\/kauppa\/wp-json\/wp\/v2\/product_tag?post=5374"}],"curies":[{"name":"wp","href":"https:\/\/api.w.org\/{rel}","templated":true}]}}