{"id":5362,"date":"2022-05-14T18:05:32","date_gmt":"2022-05-14T18:05:32","guid":{"rendered":"https:\/\/sirkussirkus.com\/kauppa\/?post_type=product&#038;p=5362"},"modified":"2025-12-17T07:53:06","modified_gmt":"2025-12-17T07:53:06","slug":"sirkus-nyt-emma-vainio","status":"publish","type":"product","link":"https:\/\/sirkussirkus.com\/kauppa\/product\/sirkus-nyt-emma-vainio\/","title":{"rendered":"Sirkus Nyt &#8211; Emma Vainio"},"content":{"rendered":"<p>Sirkus nyt on tietokirja suomalaisesta nykysirkuksesta ja v\u00e4rikk\u00e4\u00e4st\u00e4 sirkuskulttuurista ja -historiasta. Suomalainen nykysirkus on kansainv\u00e4lisesti arvostettua, ja sen ensimm\u00e4iset uudet ja rohkeat muodot alkoivat kehitty\u00e4 1990-luvulla. Nyt sen tarina on koottu kansien v\u00e4liin, ja my\u00f6s sirkusammattilaiset p\u00e4\u00e4sev\u00e4t kertomaan omia ajatuksiaan ja kokemuksiaan. Mink\u00e4laista on maailman n\u00e4ytt\u00e4m\u00f6ill\u00e4 h\u00e4ik\u00e4isev\u00e4n nykysirkustaiteilijan kiertolaisel\u00e4m\u00e4 ilman kotia? Ent\u00e4 mit\u00e4 trampoliiniakrobaatti ajattelee ilmassa?<\/p>\n<p>Kirjan upeat valokuvat korostavat painovoimaa uhmaavien taiteilijoiden ja illuusioiden mestarien taituruutta.<\/p>\n<p>Sirkus nyt sukeltaa my\u00f6s sirkuslajien historiaan ja sirkuksen kehitykseen vuosien saatossa. Miksi klovnilla on punainen nen\u00e4, ent\u00e4 mink\u00e4laisia olivat maailman ensimm\u00e4iset, eskimoiden mursunnahkaiset trampoliinit?<\/p>\n<p>Suomenkielinen \/ 280 sivua \/ kovakantinen \/ 2019<\/p>\n","protected":false},"excerpt":{"rendered":"<p>Sirkus nyt on tietokirja suomalaisesta nykysirkuksesta ja v\u00e4rikk\u00e4\u00e4st\u00e4 sirkuskulttuurista ja -historiasta. Suomalainen nykysirkus on kansainv\u00e4lisesti arvostettua, ja sen ensimm\u00e4iset uudet ja rohkeat muodot alkoivat kehitty\u00e4 1990-luvulla. Nyt sen tarina on koottu kansien v\u00e4liin, ja my\u00f6s sirkusammattilaiset p\u00e4\u00e4sev\u00e4t kertomaan omia ajatuksiaan ja kokemuksiaan. Mink\u00e4laista on maailman n\u00e4ytt\u00e4m\u00f6ill\u00e4 h\u00e4ik\u00e4isev\u00e4n nykysirkustaiteilijan kiertolaisel\u00e4m\u00e4 ilman kotia? Ent\u00e4 mit\u00e4 trampoliiniakrobaatti ajattelee [&hellip;]<\/p>\n","protected":false},"featured_media":5363,"template":"","meta":{"site-sidebar-layout":"default","site-content-layout":"default","ast-site-content-layout":"default","site-content-style":"default","site-sidebar-style":"default","ast-global-header-display":"","ast-banner-title-visibility":"","ast-main-header-display":"","ast-hfb-above-header-display":"","ast-hfb-below-header-display":"","ast-hfb-mobile-header-display":"","site-post-title":"","ast-breadcrumbs-content":"","ast-featured-img":"","footer-sml-layout":"","theme-transparent-header-meta":"default","adv-header-id-meta":"","stick-header-meta":"","header-above-stick-meta":"","header-main-stick-meta":"","header-below-stick-meta":"","astra-migrate-meta-layouts":"default","ast-page-background-enabled":"default","ast-page-background-meta":{"desktop":{"background-color":"","background-image":"","background-repeat":"repeat","background-position":"center center","background-size":"auto","background-attachment":"scroll","background-type":"","background-media":"","overlay-type":"","overlay-color":"","overlay-opacity":"","overlay-gradient":""},"tablet":{"background-color":"","background-image":"","background-repeat":"repeat","background-position":"center center","background-size":"auto","background-attachment":"scroll","background-type":"","background-media":"","overlay-type":"","overlay-color":"","overlay-opacity":"","overlay-gradient":""},"mobile":{"background-color":"","background-image":"","background-repeat":"repeat","background-position":"center center","background-size":"auto","background-attachment":"scroll","background-type":"","background-media":"","overlay-type":"","overlay-color":"","overlay-opacity":"","overlay-gradient":""}},"ast-content-background-meta":{"desktop":{"background-color":"var(--ast-global-color-5)","background-image":"","background-repeat":"repeat","background-position":"center center","background-size":"auto","background-attachment":"scroll","background-type":"","background-media":"","overlay-type":"","overlay-color":"","overlay-opacity":"","overlay-gradient":""},"tablet":{"background-color":"var(--ast-global-color-5)","background-image":"","background-repeat":"repeat","background-position":"center center","background-size":"auto","background-attachment":"scroll","background-type":"","background-media":"","overlay-type":"","overlay-color":"","overlay-opacity":"","overlay-gradient":""},"mobile":{"background-color":"var(--ast-global-color-5)","background-image":"","background-repeat":"repeat","background-position":"center center","background-size":"auto","background-attachment":"scroll","background-type":"","background-media":"","overlay-type":"","overlay-color":"","overlay-opacity":"","overlay-gradient":""}}},"product_brand":[],"product_cat":[64],"product_tag":[500,498,87,459,497,163,499],"class_list":{"0":"post-5362","1":"product","2":"type-product","3":"status-publish","4":"has-post-thumbnail","6":"product_cat-kirjat","7":"product_tag-500","8":"product_tag-emma","9":"product_tag-kirja","10":"product_tag-kirjat","11":"product_tag-nyt","12":"product_tag-sirkus","13":"product_tag-vainio","14":"desktop-align-center","15":"tablet-align-left","16":"mobile-align-left","18":"first","19":"outofstock","20":"taxable","21":"shipping-taxable","22":"purchasable","23":"product-type-simple"},"_links":{"self":[{"href":"https:\/\/sirkussirkus.com\/kauppa\/wp-json\/wp\/v2\/product\/5362","targetHints":{"allow":["GET"]}}],"collection":[{"href":"https:\/\/sirkussirkus.com\/kauppa\/wp-json\/wp\/v2\/product"}],"about":[{"href":"https:\/\/sirkussirkus.com\/kauppa\/wp-json\/wp\/v2\/types\/product"}],"version-history":[{"count":1,"href":"https:\/\/sirkussirkus.com\/kauppa\/wp-json\/wp\/v2\/product\/5362\/revisions"}],"predecessor-version":[{"id":5364,"href":"https:\/\/sirkussirkus.com\/kauppa\/wp-json\/wp\/v2\/product\/5362\/revisions\/5364"}],"wp:featuredmedia":[{"embeddable":true,"href":"https:\/\/sirkussirkus.com\/kauppa\/wp-json\/wp\/v2\/media\/5363"}],"wp:attachment":[{"href":"https:\/\/sirkussirkus.com\/kauppa\/wp-json\/wp\/v2\/media?parent=5362"}],"wp:term":[{"taxonomy":"product_brand","embeddable":true,"href":"https:\/\/sirkussirkus.com\/kauppa\/wp-json\/wp\/v2\/product_brand?post=5362"},{"taxonomy":"product_cat","embeddable":true,"href":"https:\/\/sirkussirkus.com\/kauppa\/wp-json\/wp\/v2\/product_cat?post=5362"},{"taxonomy":"product_tag","embeddable":true,"href":"https:\/\/sirkussirkus.com\/kauppa\/wp-json\/wp\/v2\/product_tag?post=5362"}],"curies":[{"name":"wp","href":"https:\/\/api.w.org\/{rel}","templated":true}]}}