{"id":5340,"date":"2022-05-14T18:00:50","date_gmt":"2022-05-14T18:00:50","guid":{"rendered":"https:\/\/sirkussirkus.com\/kauppa\/?post_type=product&#038;p=5340"},"modified":"2024-06-04T17:02:00","modified_gmt":"2024-06-04T17:02:00","slug":"juggling-secrets-will-goldston","status":"publish","type":"product","link":"https:\/\/sirkussirkus.com\/kauppa\/product\/juggling-secrets-will-goldston\/","title":{"rendered":"Juggling Secrets &#8211; Will Goldston"},"content":{"rendered":"<div class=\"product-text\">\n<p>Uudelleenjulkaisu harvinaisesta Juggling Secrets -kirjasta vuodelta 1911. Kirjassa kuvataan tarkasti monia vanhan koulun jongleeraussuorituksia ja -ihmeit\u00e4. Ohjeita l\u00f6ytyy my\u00f6s temppujen toteuttamiseen ja v\u00e4lineiden rakennukseen. Kirjassa my\u00f6s paljon ns. jongleerauskepposia, jotka hyvin suoritettuina ja esitettyin\u00e4 hipovat taikuuden rajaa.<\/p>\n<p>Erinomainen teos, joka antaa lis\u00e4\u00e4 n\u00e4k\u00f6kulmaa jongleerauksen ja esinek\u00e4sittelyn erikoiseen historiaan korostaen taiteenlajin monipuolisuutta. Edullinen pakko-ostos jokaiselle esiintyv\u00e4lle jongl\u00f6\u00f6rille.<\/p>\n<p>Englanninkielinen \/ 104 sivua \/ pehme\u00e4kantinen \/ 2019 (1911)<\/p>\n<\/div>\n","protected":false},"excerpt":{"rendered":"<p>Uudelleenjulkaisu harvinaisesta Juggling Secrets -kirjasta vuodelta 1911. Kirjassa kuvataan tarkasti monia vanhan koulun jongleeraussuorituksia ja -ihmeit\u00e4. Ohjeita l\u00f6ytyy my\u00f6s temppujen toteuttamiseen ja v\u00e4lineiden rakennukseen. Kirjassa my\u00f6s paljon ns. jongleerauskepposia, jotka hyvin suoritettuina ja esitettyin\u00e4 hipovat taikuuden rajaa. Erinomainen teos, joka antaa lis\u00e4\u00e4 n\u00e4k\u00f6kulmaa jongleerauksen ja esinek\u00e4sittelyn erikoiseen historiaan korostaen taiteenlajin monipuolisuutta. Edullinen pakko-ostos jokaiselle esiintyv\u00e4lle [&hellip;]<\/p>\n","protected":false},"featured_media":5342,"template":"","meta":{"site-sidebar-layout":"default","site-content-layout":"default","ast-site-content-layout":"default","site-content-style":"default","site-sidebar-style":"default","ast-global-header-display":"","ast-banner-title-visibility":"","ast-main-header-display":"","ast-hfb-above-header-display":"","ast-hfb-below-header-display":"","ast-hfb-mobile-header-display":"","site-post-title":"","ast-breadcrumbs-content":"","ast-featured-img":"","footer-sml-layout":"","theme-transparent-header-meta":"default","adv-header-id-meta":"","stick-header-meta":"","header-above-stick-meta":"","header-main-stick-meta":"","header-below-stick-meta":"","astra-migrate-meta-layouts":"default","ast-page-background-enabled":"default","ast-page-background-meta":{"desktop":{"background-color":"","background-image":"","background-repeat":"repeat","background-position":"center center","background-size":"auto","background-attachment":"scroll","background-type":"","background-media":"","overlay-type":"","overlay-color":"","overlay-opacity":"","overlay-gradient":""},"tablet":{"background-color":"","background-image":"","background-repeat":"repeat","background-position":"center center","background-size":"auto","background-attachment":"scroll","background-type":"","background-media":"","overlay-type":"","overlay-color":"","overlay-opacity":"","overlay-gradient":""},"mobile":{"background-color":"","background-image":"","background-repeat":"repeat","background-position":"center center","background-size":"auto","background-attachment":"scroll","background-type":"","background-media":"","overlay-type":"","overlay-color":"","overlay-opacity":"","overlay-gradient":""}},"ast-content-background-meta":{"desktop":{"background-color":"var(--ast-global-color-5)","background-image":"","background-repeat":"repeat","background-position":"center center","background-size":"auto","background-attachment":"scroll","background-type":"","background-media":"","overlay-type":"","overlay-color":"","overlay-opacity":"","overlay-gradient":""},"tablet":{"background-color":"var(--ast-global-color-5)","background-image":"","background-repeat":"repeat","background-position":"center center","background-size":"auto","background-attachment":"scroll","background-type":"","background-media":"","overlay-type":"","overlay-color":"","overlay-opacity":"","overlay-gradient":""},"mobile":{"background-color":"var(--ast-global-color-5)","background-image":"","background-repeat":"repeat","background-position":"center center","background-size":"auto","background-attachment":"scroll","background-type":"","background-media":"","overlay-type":"","overlay-color":"","overlay-opacity":"","overlay-gradient":""}}},"product_brand":[],"product_cat":[64],"product_tag":[486,485,160,87,459,483,484],"class_list":{"0":"post-5340","1":"product","2":"type-product","3":"status-publish","4":"has-post-thumbnail","6":"product_cat-kirjat","7":"product_tag-486","8":"product_tag-goldston","9":"product_tag-juggling","10":"product_tag-kirja","11":"product_tag-kirjat","12":"product_tag-secrets","13":"product_tag-will","14":"desktop-align-center","15":"tablet-align-left","16":"mobile-align-left","18":"first","19":"instock","20":"taxable","21":"shipping-taxable","22":"purchasable","23":"product-type-simple"},"_links":{"self":[{"href":"https:\/\/sirkussirkus.com\/kauppa\/wp-json\/wp\/v2\/product\/5340","targetHints":{"allow":["GET"]}}],"collection":[{"href":"https:\/\/sirkussirkus.com\/kauppa\/wp-json\/wp\/v2\/product"}],"about":[{"href":"https:\/\/sirkussirkus.com\/kauppa\/wp-json\/wp\/v2\/types\/product"}],"version-history":[{"count":2,"href":"https:\/\/sirkussirkus.com\/kauppa\/wp-json\/wp\/v2\/product\/5340\/revisions"}],"predecessor-version":[{"id":5345,"href":"https:\/\/sirkussirkus.com\/kauppa\/wp-json\/wp\/v2\/product\/5340\/revisions\/5345"}],"wp:featuredmedia":[{"embeddable":true,"href":"https:\/\/sirkussirkus.com\/kauppa\/wp-json\/wp\/v2\/media\/5342"}],"wp:attachment":[{"href":"https:\/\/sirkussirkus.com\/kauppa\/wp-json\/wp\/v2\/media?parent=5340"}],"wp:term":[{"taxonomy":"product_brand","embeddable":true,"href":"https:\/\/sirkussirkus.com\/kauppa\/wp-json\/wp\/v2\/product_brand?post=5340"},{"taxonomy":"product_cat","embeddable":true,"href":"https:\/\/sirkussirkus.com\/kauppa\/wp-json\/wp\/v2\/product_cat?post=5340"},{"taxonomy":"product_tag","embeddable":true,"href":"https:\/\/sirkussirkus.com\/kauppa\/wp-json\/wp\/v2\/product_tag?post=5340"}],"curies":[{"name":"wp","href":"https:\/\/api.w.org\/{rel}","templated":true}]}}