{"id":5326,"date":"2022-05-14T17:57:10","date_gmt":"2022-05-14T17:57:10","guid":{"rendered":"https:\/\/sirkussirkus.com\/kauppa\/?post_type=product&#038;p=5326"},"modified":"2024-02-15T21:53:44","modified_gmt":"2024-02-15T21:53:44","slug":"freddy-kenton-dutch-master-juggler-niels-duinker","status":"publish","type":"product","link":"https:\/\/sirkussirkus.com\/kauppa\/product\/freddy-kenton-dutch-master-juggler-niels-duinker\/","title":{"rendered":"Freddy Kenton &#8211; Dutch Master Juggler &#8211; Niels Duinker"},"content":{"rendered":"<div class=\"product-text\">\n<p>Freddy Kenton on t\u00e4ll\u00e4 hetkell\u00e4 koko maailman vanhin viel\u00e4 ammatikseen esiintyv\u00e4 jongl\u00f6\u00f6ri. H\u00e4nen uransa ulottuu yli seitsem\u00e4lle vuosikymmenelle. T\u00e4m\u00e4 vuonna 2020 julkaistu kirja kertoo h\u00e4nen el\u00e4m\u00e4st\u00e4\u00e4n.<\/p>\n<p>Kirjassa k\u00e4yd\u00e4\u00e4n l\u00e4pi Freddy Kentonin uran alkuvaiheet taideopiskelijana, jotka johtivat h\u00e4net esiintym\u00e4\u00e4n viime vuosisadan kaikkein tunnetuimmille lavoille kuten Moulin Rouge ja Blackpool Tower Circus sek\u00e4 useisiin esiintymisiin Japanissa.<\/p>\n<p>Kirjassa k\u00e4sitell\u00e4\u00e4n my\u00f6s Kentonin muutosta jongl\u00f6\u00f6rist\u00e4 menestyv\u00e4ksi liikemieheksi sek\u00e4 h\u00e4nen paluutaan lavalle t\u00e4ysin uuden jongleeraustyylin siivitt\u00e4m\u00e4n\u00e4.<\/p>\n<p>Jos pid\u00e4t jongleerauksesta, rakastat viihdeteollisuutta tai nautit ep\u00e4tavallisten ja h\u00e4mm\u00e4stytt\u00e4vien el\u00e4m\u00e4nkertojen lukemisesta, niin tulet viihtym\u00e4\u00e4n t\u00e4m\u00e4n lukukokemuksen parissa varmasti!<\/p>\n<p>Englanninkielinen \/ 192 sivua \/ pehme\u00e4kantinen \/ 2020<\/p>\n<\/div>\n","protected":false},"excerpt":{"rendered":"<p>Freddy Kenton on t\u00e4ll\u00e4 hetkell\u00e4 koko maailman vanhin viel\u00e4 ammatikseen esiintyv\u00e4 jongl\u00f6\u00f6ri. H\u00e4nen uransa ulottuu yli seitsem\u00e4lle vuosikymmenelle. T\u00e4m\u00e4 vuonna 2020 julkaistu kirja kertoo h\u00e4nen el\u00e4m\u00e4st\u00e4\u00e4n. Kirjassa k\u00e4yd\u00e4\u00e4n l\u00e4pi Freddy Kentonin uran alkuvaiheet taideopiskelijana, jotka johtivat h\u00e4net esiintym\u00e4\u00e4n viime vuosisadan kaikkein tunnetuimmille lavoille kuten Moulin Rouge ja Blackpool Tower Circus sek\u00e4 useisiin esiintymisiin Japanissa. Kirjassa [&hellip;]<\/p>\n","protected":false},"featured_media":5327,"template":"","meta":{"site-sidebar-layout":"default","site-content-layout":"default","ast-site-content-layout":"default","site-content-style":"default","site-sidebar-style":"default","ast-global-header-display":"","ast-banner-title-visibility":"","ast-main-header-display":"","ast-hfb-above-header-display":"","ast-hfb-below-header-display":"","ast-hfb-mobile-header-display":"","site-post-title":"","ast-breadcrumbs-content":"","ast-featured-img":"","footer-sml-layout":"","theme-transparent-header-meta":"default","adv-header-id-meta":"","stick-header-meta":"","header-above-stick-meta":"","header-main-stick-meta":"","header-below-stick-meta":"","astra-migrate-meta-layouts":"default","ast-page-background-enabled":"default","ast-page-background-meta":{"desktop":{"background-color":"","background-image":"","background-repeat":"repeat","background-position":"center center","background-size":"auto","background-attachment":"scroll","background-type":"","background-media":"","overlay-type":"","overlay-color":"","overlay-opacity":"","overlay-gradient":""},"tablet":{"background-color":"","background-image":"","background-repeat":"repeat","background-position":"center center","background-size":"auto","background-attachment":"scroll","background-type":"","background-media":"","overlay-type":"","overlay-color":"","overlay-opacity":"","overlay-gradient":""},"mobile":{"background-color":"","background-image":"","background-repeat":"repeat","background-position":"center center","background-size":"auto","background-attachment":"scroll","background-type":"","background-media":"","overlay-type":"","overlay-color":"","overlay-opacity":"","overlay-gradient":""}},"ast-content-background-meta":{"desktop":{"background-color":"var(--ast-global-color-5)","background-image":"","background-repeat":"repeat","background-position":"center center","background-size":"auto","background-attachment":"scroll","background-type":"","background-media":"","overlay-type":"","overlay-color":"","overlay-opacity":"","overlay-gradient":""},"tablet":{"background-color":"var(--ast-global-color-5)","background-image":"","background-repeat":"repeat","background-position":"center center","background-size":"auto","background-attachment":"scroll","background-type":"","background-media":"","overlay-type":"","overlay-color":"","overlay-opacity":"","overlay-gradient":""},"mobile":{"background-color":"var(--ast-global-color-5)","background-image":"","background-repeat":"repeat","background-position":"center center","background-size":"auto","background-attachment":"scroll","background-type":"","background-media":"","overlay-type":"","overlay-color":"","overlay-opacity":"","overlay-gradient":""}}},"product_brand":[],"product_cat":[64],"product_tag":[526,471,467,468,87,459,469],"class_list":{"0":"post-5326","1":"product","2":"type-product","3":"status-publish","4":"has-post-thumbnail","6":"product_cat-kirjat","7":"product_tag-duinker","8":"product_tag-dutch","9":"product_tag-freddy","10":"product_tag-kenton","11":"product_tag-kirja","12":"product_tag-kirjat","13":"product_tag-niels","14":"desktop-align-center","15":"tablet-align-left","16":"mobile-align-left","18":"first","19":"instock","20":"taxable","21":"shipping-taxable","22":"purchasable","23":"product-type-simple"},"_links":{"self":[{"href":"https:\/\/sirkussirkus.com\/kauppa\/wp-json\/wp\/v2\/product\/5326","targetHints":{"allow":["GET"]}}],"collection":[{"href":"https:\/\/sirkussirkus.com\/kauppa\/wp-json\/wp\/v2\/product"}],"about":[{"href":"https:\/\/sirkussirkus.com\/kauppa\/wp-json\/wp\/v2\/types\/product"}],"version-history":[{"count":2,"href":"https:\/\/sirkussirkus.com\/kauppa\/wp-json\/wp\/v2\/product\/5326\/revisions"}],"predecessor-version":[{"id":7438,"href":"https:\/\/sirkussirkus.com\/kauppa\/wp-json\/wp\/v2\/product\/5326\/revisions\/7438"}],"wp:featuredmedia":[{"embeddable":true,"href":"https:\/\/sirkussirkus.com\/kauppa\/wp-json\/wp\/v2\/media\/5327"}],"wp:attachment":[{"href":"https:\/\/sirkussirkus.com\/kauppa\/wp-json\/wp\/v2\/media?parent=5326"}],"wp:term":[{"taxonomy":"product_brand","embeddable":true,"href":"https:\/\/sirkussirkus.com\/kauppa\/wp-json\/wp\/v2\/product_brand?post=5326"},{"taxonomy":"product_cat","embeddable":true,"href":"https:\/\/sirkussirkus.com\/kauppa\/wp-json\/wp\/v2\/product_cat?post=5326"},{"taxonomy":"product_tag","embeddable":true,"href":"https:\/\/sirkussirkus.com\/kauppa\/wp-json\/wp\/v2\/product_tag?post=5326"}],"curies":[{"name":"wp","href":"https:\/\/api.w.org\/{rel}","templated":true}]}}