{"id":5320,"date":"2022-05-14T17:55:03","date_gmt":"2022-05-14T17:55:03","guid":{"rendered":"https:\/\/sirkussirkus.com\/kauppa\/?post_type=product&#038;p=5320"},"modified":"2023-09-07T05:46:11","modified_gmt":"2023-09-07T05:46:11","slug":"juggling-what-it-is-and-how-to-do-it-thom-wall","status":"publish","type":"product","link":"https:\/\/sirkussirkus.com\/kauppa\/product\/juggling-what-it-is-and-how-to-do-it-thom-wall\/","title":{"rendered":"Juggling &#8211; What It Is And How To Do It! &#8211; Thom Wall"},"content":{"rendered":"<p>31.8.2020 julkaistu uusin jongl\u00f6\u00f6ri Thom Wallin teos. Kattava k\u00e4yt\u00e4nn\u00f6n opas jongleeraukseen. Aiheina mm. siteswap-j\u00e4rjestelm\u00e4, kehonasento, mekaniikka ja tekniikka tieteellisest\u00e4 ja historiallisesta n\u00e4k\u00f6kulmasta. Sopii aloittelijalle kuin my\u00f6s pitk\u00e4\u00e4n lajin parissa viihtyneelle tai ammattilaiselle. Harjoituksia, l\u00e4hestymistapoja, menetelmi\u00e4 ja n\u00e4k\u00f6kulmia kaikentasoisille.<\/p>\n<p>&#8221;Must read for any juggler.&#8221; -Denis PaumierEnglanninkielinen \/ 212 sivua \/ pehme\u00e4kantinen \/ 2020<\/p>\n","protected":false},"excerpt":{"rendered":"<p>31.8.2020 julkaistu uusin jongl\u00f6\u00f6ri Thom Wallin teos. Kattava k\u00e4yt\u00e4nn\u00f6n opas jongleeraukseen. Aiheina mm. siteswap-j\u00e4rjestelm\u00e4, kehonasento, mekaniikka ja tekniikka tieteellisest\u00e4 ja historiallisesta n\u00e4k\u00f6kulmasta. Sopii aloittelijalle kuin my\u00f6s pitk\u00e4\u00e4n lajin parissa viihtyneelle tai ammattilaiselle. Harjoituksia, l\u00e4hestymistapoja, menetelmi\u00e4 ja n\u00e4k\u00f6kulmia kaikentasoisille. &#8221;Must read for any juggler.&#8221; -Denis PaumierEnglanninkielinen \/ 212 sivua \/ pehme\u00e4kantinen \/ 2020<\/p>\n","protected":false},"featured_media":5321,"template":"","meta":{"site-sidebar-layout":"default","site-content-layout":"default","ast-site-content-layout":"default","site-content-style":"default","site-sidebar-style":"default","ast-global-header-display":"","ast-banner-title-visibility":"","ast-main-header-display":"","ast-hfb-above-header-display":"","ast-hfb-below-header-display":"","ast-hfb-mobile-header-display":"","site-post-title":"","ast-breadcrumbs-content":"","ast-featured-img":"","footer-sml-layout":"","theme-transparent-header-meta":"default","adv-header-id-meta":"","stick-header-meta":"","header-above-stick-meta":"","header-main-stick-meta":"","header-below-stick-meta":"","astra-migrate-meta-layouts":"default","ast-page-background-enabled":"default","ast-page-background-meta":{"desktop":{"background-color":"","background-image":"","background-repeat":"repeat","background-position":"center center","background-size":"auto","background-attachment":"scroll","background-type":"","background-media":"","overlay-type":"","overlay-color":"","overlay-opacity":"","overlay-gradient":""},"tablet":{"background-color":"","background-image":"","background-repeat":"repeat","background-position":"center center","background-size":"auto","background-attachment":"scroll","background-type":"","background-media":"","overlay-type":"","overlay-color":"","overlay-opacity":"","overlay-gradient":""},"mobile":{"background-color":"","background-image":"","background-repeat":"repeat","background-position":"center center","background-size":"auto","background-attachment":"scroll","background-type":"","background-media":"","overlay-type":"","overlay-color":"","overlay-opacity":"","overlay-gradient":""}},"ast-content-background-meta":{"desktop":{"background-color":"var(--ast-global-color-5)","background-image":"","background-repeat":"repeat","background-position":"center center","background-size":"auto","background-attachment":"scroll","background-type":"","background-media":"","overlay-type":"","overlay-color":"","overlay-opacity":"","overlay-gradient":""},"tablet":{"background-color":"var(--ast-global-color-5)","background-image":"","background-repeat":"repeat","background-position":"center center","background-size":"auto","background-attachment":"scroll","background-type":"","background-media":"","overlay-type":"","overlay-color":"","overlay-opacity":"","overlay-gradient":""},"mobile":{"background-color":"var(--ast-global-color-5)","background-image":"","background-repeat":"repeat","background-position":"center center","background-size":"auto","background-attachment":"scroll","background-type":"","background-media":"","overlay-type":"","overlay-color":"","overlay-opacity":"","overlay-gradient":""}}},"product_brand":[],"product_cat":[64],"product_tag":[160,87,459,463],"class_list":{"0":"post-5320","1":"product","2":"type-product","3":"status-publish","4":"has-post-thumbnail","6":"product_cat-kirjat","7":"product_tag-juggling","8":"product_tag-kirja","9":"product_tag-kirjat","10":"product_tag-thom-wall","11":"desktop-align-center","12":"tablet-align-left","13":"mobile-align-left","15":"first","16":"instock","17":"taxable","18":"shipping-taxable","19":"purchasable","20":"product-type-simple"},"_links":{"self":[{"href":"https:\/\/sirkussirkus.com\/kauppa\/wp-json\/wp\/v2\/product\/5320","targetHints":{"allow":["GET"]}}],"collection":[{"href":"https:\/\/sirkussirkus.com\/kauppa\/wp-json\/wp\/v2\/product"}],"about":[{"href":"https:\/\/sirkussirkus.com\/kauppa\/wp-json\/wp\/v2\/types\/product"}],"version-history":[{"count":1,"href":"https:\/\/sirkussirkus.com\/kauppa\/wp-json\/wp\/v2\/product\/5320\/revisions"}],"predecessor-version":[{"id":5322,"href":"https:\/\/sirkussirkus.com\/kauppa\/wp-json\/wp\/v2\/product\/5320\/revisions\/5322"}],"wp:featuredmedia":[{"embeddable":true,"href":"https:\/\/sirkussirkus.com\/kauppa\/wp-json\/wp\/v2\/media\/5321"}],"wp:attachment":[{"href":"https:\/\/sirkussirkus.com\/kauppa\/wp-json\/wp\/v2\/media?parent=5320"}],"wp:term":[{"taxonomy":"product_brand","embeddable":true,"href":"https:\/\/sirkussirkus.com\/kauppa\/wp-json\/wp\/v2\/product_brand?post=5320"},{"taxonomy":"product_cat","embeddable":true,"href":"https:\/\/sirkussirkus.com\/kauppa\/wp-json\/wp\/v2\/product_cat?post=5320"},{"taxonomy":"product_tag","embeddable":true,"href":"https:\/\/sirkussirkus.com\/kauppa\/wp-json\/wp\/v2\/product_tag?post=5320"}],"curies":[{"name":"wp","href":"https:\/\/api.w.org\/{rel}","templated":true}]}}