{"id":5317,"date":"2022-05-14T17:53:47","date_gmt":"2022-05-14T17:53:47","guid":{"rendered":"https:\/\/sirkussirkus.com\/kauppa\/?post_type=product&#038;p=5317"},"modified":"2025-01-01T15:54:56","modified_gmt":"2025-01-01T15:54:56","slug":"kahleista-maan-harri-mustonen","status":"publish","type":"product","link":"https:\/\/sirkussirkus.com\/kauppa\/product\/kahleista-maan-harri-mustonen\/","title":{"rendered":"Kahleista Maan &#8211; Harri Mustonen"},"content":{"rendered":"<p>Ilma-akrobaatteja ja pilvien huimap\u00e4it\u00e4. Lentosirkus Pilvien huimap\u00e4\u00e4t kiersi maata 50-luvun alussa esitt\u00e4en henke\u00e4salpaavia numeroita, joita saapui seuraamaan tuhansittain ihmisi\u00e4. Kes\u00e4isin n\u00e4yt\u00f6ksi\u00e4 pidettiin lentokentill\u00e4 ja talvisin j\u00e4rvien j\u00e4ilt\u00e4 suoritetut esitykset sek\u00e4 lenn\u00e4tykset toivat viihdett\u00e4 syrj\u00e4isienkin seutujen asukkaille. Lentosirkuksen henkil\u00f6kunta \u2013 ilma-akrobaatit, laskuvarjohypp\u00e4\u00e4j\u00e4t, lent\u00e4j\u00e4t ja mekaanikot \u2013 olivat nuoria ilmailijoita ja varsinkin heid\u00e4n talvikiertueensa ankarissa olosuhteissa etsiv\u00e4t vertaansa jopa maailmanlaajuisesti.<\/p>\n<p>Kahleista maan on sinivalkoinen ilmailutarina Suomesta, jolloin rakennettiin sotien j\u00e4lkeist\u00e4 parempaa tulevaisuutta. Sit\u00e4 tekiv\u00e4t my\u00f6s n\u00e4m\u00e4 nuoret huimap\u00e4\u00e4t, jotka itse\u00e4\u00e4n s\u00e4\u00e4st\u00e4m\u00e4tt\u00e4 halusivat kohottaa ilmailun sodan aiheuttamasta aallonpohjasta \u2013 yl\u00f6s huumaavaan korkeuteen.Suomenkielinen \/ 256 sivua \/ kovakantinen \/ 2020<\/p>\n","protected":false},"excerpt":{"rendered":"<p>Ilma-akrobaatteja ja pilvien huimap\u00e4it\u00e4. Lentosirkus Pilvien huimap\u00e4\u00e4t kiersi maata 50-luvun alussa esitt\u00e4en henke\u00e4salpaavia numeroita, joita saapui seuraamaan tuhansittain ihmisi\u00e4. Kes\u00e4isin n\u00e4yt\u00f6ksi\u00e4 pidettiin lentokentill\u00e4 ja talvisin j\u00e4rvien j\u00e4ilt\u00e4 suoritetut esitykset sek\u00e4 lenn\u00e4tykset toivat viihdett\u00e4 syrj\u00e4isienkin seutujen asukkaille. Lentosirkuksen henkil\u00f6kunta \u2013 ilma-akrobaatit, laskuvarjohypp\u00e4\u00e4j\u00e4t, lent\u00e4j\u00e4t ja mekaanikot \u2013 olivat nuoria ilmailijoita ja varsinkin heid\u00e4n talvikiertueensa ankarissa olosuhteissa etsiv\u00e4t [&hellip;]<\/p>\n","protected":false},"featured_media":5318,"template":"","meta":{"site-sidebar-layout":"default","site-content-layout":"default","ast-site-content-layout":"default","site-content-style":"default","site-sidebar-style":"default","ast-global-header-display":"","ast-banner-title-visibility":"","ast-main-header-display":"","ast-hfb-above-header-display":"","ast-hfb-below-header-display":"","ast-hfb-mobile-header-display":"","site-post-title":"","ast-breadcrumbs-content":"","ast-featured-img":"","footer-sml-layout":"","theme-transparent-header-meta":"default","adv-header-id-meta":"","stick-header-meta":"","header-above-stick-meta":"","header-main-stick-meta":"","header-below-stick-meta":"","astra-migrate-meta-layouts":"default","ast-page-background-enabled":"default","ast-page-background-meta":{"desktop":{"background-color":"","background-image":"","background-repeat":"repeat","background-position":"center center","background-size":"auto","background-attachment":"scroll","background-type":"","background-media":"","overlay-type":"","overlay-color":"","overlay-opacity":"","overlay-gradient":""},"tablet":{"background-color":"","background-image":"","background-repeat":"repeat","background-position":"center center","background-size":"auto","background-attachment":"scroll","background-type":"","background-media":"","overlay-type":"","overlay-color":"","overlay-opacity":"","overlay-gradient":""},"mobile":{"background-color":"","background-image":"","background-repeat":"repeat","background-position":"center center","background-size":"auto","background-attachment":"scroll","background-type":"","background-media":"","overlay-type":"","overlay-color":"","overlay-opacity":"","overlay-gradient":""}},"ast-content-background-meta":{"desktop":{"background-color":"var(--ast-global-color-5)","background-image":"","background-repeat":"repeat","background-position":"center center","background-size":"auto","background-attachment":"scroll","background-type":"","background-media":"","overlay-type":"","overlay-color":"","overlay-opacity":"","overlay-gradient":""},"tablet":{"background-color":"var(--ast-global-color-5)","background-image":"","background-repeat":"repeat","background-position":"center center","background-size":"auto","background-attachment":"scroll","background-type":"","background-media":"","overlay-type":"","overlay-color":"","overlay-opacity":"","overlay-gradient":""},"mobile":{"background-color":"var(--ast-global-color-5)","background-image":"","background-repeat":"repeat","background-position":"center center","background-size":"auto","background-attachment":"scroll","background-type":"","background-media":"","overlay-type":"","overlay-color":"","overlay-opacity":"","overlay-gradient":""}}},"product_brand":[],"product_cat":[64,677],"product_tag":[461,460,87,459,462],"class_list":{"0":"post-5317","1":"product","2":"type-product","3":"status-publish","4":"has-post-thumbnail","6":"product_cat-kirjat","7":"product_cat-uutuudet","8":"product_tag-harri","9":"product_tag-kahleista-maan","10":"product_tag-kirja","11":"product_tag-kirjat","12":"product_tag-mustonen","13":"desktop-align-center","14":"tablet-align-left","15":"mobile-align-left","17":"first","18":"outofstock","19":"taxable","20":"shipping-taxable","21":"purchasable","22":"product-type-simple"},"_links":{"self":[{"href":"https:\/\/sirkussirkus.com\/kauppa\/wp-json\/wp\/v2\/product\/5317","targetHints":{"allow":["GET"]}}],"collection":[{"href":"https:\/\/sirkussirkus.com\/kauppa\/wp-json\/wp\/v2\/product"}],"about":[{"href":"https:\/\/sirkussirkus.com\/kauppa\/wp-json\/wp\/v2\/types\/product"}],"version-history":[{"count":1,"href":"https:\/\/sirkussirkus.com\/kauppa\/wp-json\/wp\/v2\/product\/5317\/revisions"}],"predecessor-version":[{"id":5319,"href":"https:\/\/sirkussirkus.com\/kauppa\/wp-json\/wp\/v2\/product\/5317\/revisions\/5319"}],"wp:featuredmedia":[{"embeddable":true,"href":"https:\/\/sirkussirkus.com\/kauppa\/wp-json\/wp\/v2\/media\/5318"}],"wp:attachment":[{"href":"https:\/\/sirkussirkus.com\/kauppa\/wp-json\/wp\/v2\/media?parent=5317"}],"wp:term":[{"taxonomy":"product_brand","embeddable":true,"href":"https:\/\/sirkussirkus.com\/kauppa\/wp-json\/wp\/v2\/product_brand?post=5317"},{"taxonomy":"product_cat","embeddable":true,"href":"https:\/\/sirkussirkus.com\/kauppa\/wp-json\/wp\/v2\/product_cat?post=5317"},{"taxonomy":"product_tag","embeddable":true,"href":"https:\/\/sirkussirkus.com\/kauppa\/wp-json\/wp\/v2\/product_tag?post=5317"}],"curies":[{"name":"wp","href":"https:\/\/api.w.org\/{rel}","templated":true}]}}