{"id":5251,"date":"2022-05-14T17:32:37","date_gmt":"2022-05-14T17:32:37","guid":{"rendered":"https:\/\/sirkussirkus.com\/kauppa\/?post_type=product&#038;p=5251"},"modified":"2023-10-19T12:50:46","modified_gmt":"2023-10-19T12:50:46","slug":"gora-akrobatiakeppi-acro-staff","status":"publish","type":"product","link":"https:\/\/sirkussirkus.com\/kauppa\/product\/gora-akrobatiakeppi-acro-staff\/","title":{"rendered":"Gora Akrobatiakeppi (Acro Staff)"},"content":{"rendered":"<p>Goran valmistama akrobatiakeppi on tehty korkeimman luokan hiilikuitukomposiitista, joka on samaan aikaan joustava, todella kevyt ja \u00e4\u00e4rimm\u00e4isen kest\u00e4v\u00e4.<\/p>\n<p>Kepin sis\u00e4ll\u00e4 on p\u00e4iss\u00e4 ter\u00e4spainot, joten keppi toimii hienosti my\u00f6s kontaktikeppin\u00e4. P\u00e4iss\u00e4 on ulkopuolella paksut kumitapit, jotka tarjoavat mahtavan pidon pinnalla kuin pinnalla. Ne suojaavat samalla itse keppi\u00e4 sek\u00e4 harjoitusalustaa kulumiselta.<\/p>\n<p>Koska kepin t\u00e4ytyy kyet\u00e4 kannattelemaan akrobaatin painoa erilaisissa tilanteissa, on sen halkaisija 26mm ja putken sein\u00e4m\u00e4paksuus 2,5mm. 40cm p\u00e4\u00e4ss\u00e4 kepin p\u00e4ist\u00e4 l\u00f6ytyv\u00e4t lis\u00e4jalansijat, jotka auttavat erikoisemmissa tekniikoissa. Keskell\u00e4 keppi\u00e4 on tuliv\u00e4lineist\u00e4 tuttu Goran Super Grip -p\u00e4\u00e4llyste.<\/p>\n<p>Pituus 150cm, paksuus 26mm, paino 950g<\/p>\n","protected":false},"excerpt":{"rendered":"<p>Goran valmistama akrobatiakeppi on tehty korkeimman luokan hiilikuitukomposiitista, joka on samaan aikaan joustava, todella kevyt ja \u00e4\u00e4rimm\u00e4isen kest\u00e4v\u00e4. Kepin sis\u00e4ll\u00e4 on p\u00e4iss\u00e4 ter\u00e4spainot, joten keppi toimii hienosti my\u00f6s kontaktikeppin\u00e4. P\u00e4iss\u00e4 on ulkopuolella paksut kumitapit, jotka tarjoavat mahtavan pidon pinnalla kuin pinnalla. Ne suojaavat samalla itse keppi\u00e4 sek\u00e4 harjoitusalustaa kulumiselta. Koska kepin t\u00e4ytyy kyet\u00e4 kannattelemaan akrobaatin [&hellip;]<\/p>\n","protected":false},"featured_media":5252,"template":"","meta":{"site-sidebar-layout":"default","site-content-layout":"default","ast-site-content-layout":"default","site-content-style":"default","site-sidebar-style":"default","ast-global-header-display":"","ast-banner-title-visibility":"","ast-main-header-display":"","ast-hfb-above-header-display":"","ast-hfb-below-header-display":"","ast-hfb-mobile-header-display":"","site-post-title":"","ast-breadcrumbs-content":"","ast-featured-img":"","footer-sml-layout":"","theme-transparent-header-meta":"default","adv-header-id-meta":"","stick-header-meta":"","header-above-stick-meta":"","header-main-stick-meta":"","header-below-stick-meta":"","astra-migrate-meta-layouts":"default","ast-page-background-enabled":"default","ast-page-background-meta":{"desktop":{"background-color":"","background-image":"","background-repeat":"repeat","background-position":"center center","background-size":"auto","background-attachment":"scroll","background-type":"","background-media":"","overlay-type":"","overlay-color":"","overlay-opacity":"","overlay-gradient":""},"tablet":{"background-color":"","background-image":"","background-repeat":"repeat","background-position":"center center","background-size":"auto","background-attachment":"scroll","background-type":"","background-media":"","overlay-type":"","overlay-color":"","overlay-opacity":"","overlay-gradient":""},"mobile":{"background-color":"","background-image":"","background-repeat":"repeat","background-position":"center center","background-size":"auto","background-attachment":"scroll","background-type":"","background-media":"","overlay-type":"","overlay-color":"","overlay-opacity":"","overlay-gradient":""}},"ast-content-background-meta":{"desktop":{"background-color":"var(--ast-global-color-5)","background-image":"","background-repeat":"repeat","background-position":"center center","background-size":"auto","background-attachment":"scroll","background-type":"","background-media":"","overlay-type":"","overlay-color":"","overlay-opacity":"","overlay-gradient":""},"tablet":{"background-color":"var(--ast-global-color-5)","background-image":"","background-repeat":"repeat","background-position":"center center","background-size":"auto","background-attachment":"scroll","background-type":"","background-media":"","overlay-type":"","overlay-color":"","overlay-opacity":"","overlay-gradient":""},"mobile":{"background-color":"var(--ast-global-color-5)","background-image":"","background-repeat":"repeat","background-position":"center center","background-size":"auto","background-attachment":"scroll","background-type":"","background-media":"","overlay-type":"","overlay-color":"","overlay-opacity":"","overlay-gradient":""}}},"product_brand":[],"product_cat":[73],"product_tag":[346,449,164,405,80,440,408],"class_list":{"0":"post-5251","1":"product","2":"type-product","3":"status-publish","4":"has-post-thumbnail","6":"product_cat-muut-jongleeraus","7":"product_tag-346","8":"product_tag-acro","9":"product_tag-akrobatia","10":"product_tag-gora","11":"product_tag-jongleeraus","12":"product_tag-keppi","13":"product_tag-staff","14":"desktop-align-center","15":"tablet-align-left","16":"mobile-align-left","18":"first","19":"outofstock","20":"taxable","21":"shipping-taxable","22":"purchasable","23":"product-type-simple"},"_links":{"self":[{"href":"https:\/\/sirkussirkus.com\/kauppa\/wp-json\/wp\/v2\/product\/5251","targetHints":{"allow":["GET"]}}],"collection":[{"href":"https:\/\/sirkussirkus.com\/kauppa\/wp-json\/wp\/v2\/product"}],"about":[{"href":"https:\/\/sirkussirkus.com\/kauppa\/wp-json\/wp\/v2\/types\/product"}],"version-history":[{"count":2,"href":"https:\/\/sirkussirkus.com\/kauppa\/wp-json\/wp\/v2\/product\/5251\/revisions"}],"predecessor-version":[{"id":5463,"href":"https:\/\/sirkussirkus.com\/kauppa\/wp-json\/wp\/v2\/product\/5251\/revisions\/5463"}],"wp:featuredmedia":[{"embeddable":true,"href":"https:\/\/sirkussirkus.com\/kauppa\/wp-json\/wp\/v2\/media\/5252"}],"wp:attachment":[{"href":"https:\/\/sirkussirkus.com\/kauppa\/wp-json\/wp\/v2\/media?parent=5251"}],"wp:term":[{"taxonomy":"product_brand","embeddable":true,"href":"https:\/\/sirkussirkus.com\/kauppa\/wp-json\/wp\/v2\/product_brand?post=5251"},{"taxonomy":"product_cat","embeddable":true,"href":"https:\/\/sirkussirkus.com\/kauppa\/wp-json\/wp\/v2\/product_cat?post=5251"},{"taxonomy":"product_tag","embeddable":true,"href":"https:\/\/sirkussirkus.com\/kauppa\/wp-json\/wp\/v2\/product_tag?post=5251"}],"curies":[{"name":"wp","href":"https:\/\/api.w.org\/{rel}","templated":true}]}}