{"id":5074,"date":"2022-05-14T16:21:17","date_gmt":"2022-05-14T16:21:17","guid":{"rendered":"https:\/\/sirkussirkus.com\/kauppa\/?post_type=product&#038;p=5074"},"modified":"2023-08-28T12:48:09","modified_gmt":"2023-08-28T12:48:09","slug":"gora-tuliviuhka-pari","status":"publish","type":"product","link":"https:\/\/sirkussirkus.com\/kauppa\/product\/gora-tuliviuhka-pari\/","title":{"rendered":"Gora Tuliviuhka (pari)"},"content":{"rendered":"<p>Goran kokoontaitteva tuliviuhka viidell\u00e4 tulip\u00e4\u00e4ll\u00e4. Unkarilainen Gora valmistaa maailman parhaat tuliv\u00e4lineet. Vahvat ja mukavat viuhkat suurilla tulilla. Yksi varsista on pidempi, jotta avaaminen k\u00e4y helposti. Varsien k\u00e4teen tuleva osa pehmustettu silikonisukalla.<\/p>\n<p>Myyd\u00e4\u00e4n pareittain. Kevlar-kangas on kiinnitetty pop-niiteill\u00e4. Kun kankaan haluaa vaihtaa, t\u00e4ytyy my\u00f6s pop-niitit vaihtaa.<\/p>\n<p>Pituus 50cm, paino yhdess\u00e4 700g, tulip\u00e4\u00e4t 5x2cm<\/p>\n<p>Tutustu ennen k\u00e4ytt\u00f6\u00e4 yleisiin paloturvallisuusohjeisiin, tulijongleerauksessa k\u00e4ytett\u00e4viin palonesteisiin, turvalliseen pukeutumiseen, \u00e4l\u00e4k\u00e4 koskaan harjoittele yksin.<\/p>\n","protected":false},"excerpt":{"rendered":"<p>Goran kokoontaitteva tuliviuhka viidell\u00e4 tulip\u00e4\u00e4ll\u00e4. Unkarilainen Gora valmistaa maailman parhaat tuliv\u00e4lineet. Vahvat ja mukavat viuhkat suurilla tulilla. Yksi varsista on pidempi, jotta avaaminen k\u00e4y helposti. Varsien k\u00e4teen tuleva osa pehmustettu silikonisukalla. Myyd\u00e4\u00e4n pareittain. Kevlar-kangas on kiinnitetty pop-niiteill\u00e4. Kun kankaan haluaa vaihtaa, t\u00e4ytyy my\u00f6s pop-niitit vaihtaa. Pituus 50cm, paino yhdess\u00e4 700g, tulip\u00e4\u00e4t 5x2cm Tutustu ennen k\u00e4ytt\u00f6\u00e4 [&hellip;]<\/p>\n","protected":false},"featured_media":5075,"template":"","meta":{"site-sidebar-layout":"default","site-content-layout":"default","ast-site-content-layout":"default","site-content-style":"default","site-sidebar-style":"default","ast-global-header-display":"","ast-banner-title-visibility":"","ast-main-header-display":"","ast-hfb-above-header-display":"","ast-hfb-below-header-display":"","ast-hfb-mobile-header-display":"","site-post-title":"","ast-breadcrumbs-content":"","ast-featured-img":"","footer-sml-layout":"","theme-transparent-header-meta":"default","adv-header-id-meta":"","stick-header-meta":"","header-above-stick-meta":"","header-main-stick-meta":"","header-below-stick-meta":"","astra-migrate-meta-layouts":"default","ast-page-background-enabled":"default","ast-page-background-meta":{"desktop":{"background-color":"","background-image":"","background-repeat":"repeat","background-position":"center center","background-size":"auto","background-attachment":"scroll","background-type":"","background-media":"","overlay-type":"","overlay-color":"","overlay-opacity":"","overlay-gradient":""},"tablet":{"background-color":"","background-image":"","background-repeat":"repeat","background-position":"center center","background-size":"auto","background-attachment":"scroll","background-type":"","background-media":"","overlay-type":"","overlay-color":"","overlay-opacity":"","overlay-gradient":""},"mobile":{"background-color":"","background-image":"","background-repeat":"repeat","background-position":"center center","background-size":"auto","background-attachment":"scroll","background-type":"","background-media":"","overlay-type":"","overlay-color":"","overlay-opacity":"","overlay-gradient":""}},"ast-content-background-meta":{"desktop":{"background-color":"var(--ast-global-color-5)","background-image":"","background-repeat":"repeat","background-position":"center center","background-size":"auto","background-attachment":"scroll","background-type":"","background-media":"","overlay-type":"","overlay-color":"","overlay-opacity":"","overlay-gradient":""},"tablet":{"background-color":"var(--ast-global-color-5)","background-image":"","background-repeat":"repeat","background-position":"center center","background-size":"auto","background-attachment":"scroll","background-type":"","background-media":"","overlay-type":"","overlay-color":"","overlay-opacity":"","overlay-gradient":""},"mobile":{"background-color":"var(--ast-global-color-5)","background-image":"","background-repeat":"repeat","background-position":"center center","background-size":"auto","background-attachment":"scroll","background-type":"","background-media":"","overlay-type":"","overlay-color":"","overlay-opacity":"","overlay-gradient":""}}},"product_brand":[],"product_cat":[74],"product_tag":[405,624,398,409,623],"class_list":{"0":"post-5074","1":"product","2":"type-product","3":"status-publish","4":"has-post-thumbnail","6":"product_cat-tuli","7":"product_tag-gora","8":"product_tag-tuli","9":"product_tag-tulivalineet","10":"product_tag-tuliviuhka","11":"product_tag-viuhka","12":"desktop-align-center","13":"tablet-align-left","14":"mobile-align-left","16":"first","17":"outofstock","18":"taxable","19":"shipping-taxable","20":"purchasable","21":"product-type-simple"},"_links":{"self":[{"href":"https:\/\/sirkussirkus.com\/kauppa\/wp-json\/wp\/v2\/product\/5074","targetHints":{"allow":["GET"]}}],"collection":[{"href":"https:\/\/sirkussirkus.com\/kauppa\/wp-json\/wp\/v2\/product"}],"about":[{"href":"https:\/\/sirkussirkus.com\/kauppa\/wp-json\/wp\/v2\/types\/product"}],"version-history":[{"count":2,"href":"https:\/\/sirkussirkus.com\/kauppa\/wp-json\/wp\/v2\/product\/5074\/revisions"}],"predecessor-version":[{"id":5083,"href":"https:\/\/sirkussirkus.com\/kauppa\/wp-json\/wp\/v2\/product\/5074\/revisions\/5083"}],"wp:featuredmedia":[{"embeddable":true,"href":"https:\/\/sirkussirkus.com\/kauppa\/wp-json\/wp\/v2\/media\/5075"}],"wp:attachment":[{"href":"https:\/\/sirkussirkus.com\/kauppa\/wp-json\/wp\/v2\/media?parent=5074"}],"wp:term":[{"taxonomy":"product_brand","embeddable":true,"href":"https:\/\/sirkussirkus.com\/kauppa\/wp-json\/wp\/v2\/product_brand?post=5074"},{"taxonomy":"product_cat","embeddable":true,"href":"https:\/\/sirkussirkus.com\/kauppa\/wp-json\/wp\/v2\/product_cat?post=5074"},{"taxonomy":"product_tag","embeddable":true,"href":"https:\/\/sirkussirkus.com\/kauppa\/wp-json\/wp\/v2\/product_tag?post=5074"}],"curies":[{"name":"wp","href":"https:\/\/api.w.org\/{rel}","templated":true}]}}