{"id":5004,"date":"2022-05-14T15:53:37","date_gmt":"2022-05-14T15:53:37","guid":{"rendered":"https:\/\/sirkussirkus.com\/kauppa\/?post_type=product&#038;p=5004"},"modified":"2026-03-24T04:07:39","modified_gmt":"2026-03-24T04:07:39","slug":"diabolo-kasikepit-hiilikuitu","status":"publish","type":"product","link":"https:\/\/sirkussirkus.com\/kauppa\/product\/diabolo-kasikepit-hiilikuitu\/","title":{"rendered":"Diabolo-k\u00e4sikepit &#8211; Hiilikuitu"},"content":{"rendered":"<p>Hiilikuidusta valmistetut k\u00e4sikepit diaboloon. Eritt\u00e4in kevyt ja k\u00e4siyst\u00e4v\u00e4llinen malli ammattilaisille. Pieni jousto ja keveys antavat erinomaisen tuntuman. Kevyt paino suojaa my\u00f6s kolhuilta kepinp\u00e4\u00e4st\u00f6tempuissa. Tarkkuutta ja turvaa kest\u00e4vyyden kustannuksella. Naru kulkee kepin l\u00e4vitse k\u00e4rjest\u00e4 loppuun asti, jonne solmu tehd\u00e4\u00e4n. Tarvitset siis 70cm (2x35cm) lis\u00e4mittaa tavalliseen k\u00e4ytt\u00e4m\u00e4\u00e4si narumittaan. Naru sis\u00e4ltyy hintaan.<\/p>\n<p>35cm<\/p>\n","protected":false},"excerpt":{"rendered":"<p>Hiilikuidusta valmistetut k\u00e4sikepit diaboloon. Eritt\u00e4in kevyt ja k\u00e4siyst\u00e4v\u00e4llinen malli ammattilaisille. Pieni jousto ja keveys antavat erinomaisen tuntuman. Kevyt paino suojaa my\u00f6s kolhuilta kepinp\u00e4\u00e4st\u00f6tempuissa. Tarkkuutta ja turvaa kest\u00e4vyyden kustannuksella. Naru kulkee kepin l\u00e4vitse k\u00e4rjest\u00e4 loppuun asti, jonne solmu tehd\u00e4\u00e4n. Tarvitset siis 70cm (2x35cm) lis\u00e4mittaa tavalliseen k\u00e4ytt\u00e4m\u00e4\u00e4si narumittaan. Naru sis\u00e4ltyy hintaan. 35cm<\/p>\n","protected":false},"featured_media":5011,"template":"","meta":{"site-sidebar-layout":"default","site-content-layout":"default","ast-site-content-layout":"default","site-content-style":"default","site-sidebar-style":"default","ast-global-header-display":"","ast-banner-title-visibility":"","ast-main-header-display":"","ast-hfb-above-header-display":"","ast-hfb-below-header-display":"","ast-hfb-mobile-header-display":"","site-post-title":"","ast-breadcrumbs-content":"","ast-featured-img":"","footer-sml-layout":"","theme-transparent-header-meta":"default","adv-header-id-meta":"","stick-header-meta":"","header-above-stick-meta":"","header-main-stick-meta":"","header-below-stick-meta":"","astra-migrate-meta-layouts":"default","ast-page-background-enabled":"default","ast-page-background-meta":{"desktop":{"background-color":"","background-image":"","background-repeat":"repeat","background-position":"center center","background-size":"auto","background-attachment":"scroll","background-type":"","background-media":"","overlay-type":"","overlay-color":"","overlay-opacity":"","overlay-gradient":""},"tablet":{"background-color":"","background-image":"","background-repeat":"repeat","background-position":"center center","background-size":"auto","background-attachment":"scroll","background-type":"","background-media":"","overlay-type":"","overlay-color":"","overlay-opacity":"","overlay-gradient":""},"mobile":{"background-color":"","background-image":"","background-repeat":"repeat","background-position":"center center","background-size":"auto","background-attachment":"scroll","background-type":"","background-media":"","overlay-type":"","overlay-color":"","overlay-opacity":"","overlay-gradient":""}},"ast-content-background-meta":{"desktop":{"background-color":"var(--ast-global-color-5)","background-image":"","background-repeat":"repeat","background-position":"center center","background-size":"auto","background-attachment":"scroll","background-type":"","background-media":"","overlay-type":"","overlay-color":"","overlay-opacity":"","overlay-gradient":""},"tablet":{"background-color":"var(--ast-global-color-5)","background-image":"","background-repeat":"repeat","background-position":"center center","background-size":"auto","background-attachment":"scroll","background-type":"","background-media":"","overlay-type":"","overlay-color":"","overlay-opacity":"","overlay-gradient":""},"mobile":{"background-color":"var(--ast-global-color-5)","background-image":"","background-repeat":"repeat","background-position":"center center","background-size":"auto","background-attachment":"scroll","background-type":"","background-media":"","overlay-type":"","overlay-color":"","overlay-opacity":"","overlay-gradient":""}}},"product_brand":[],"product_cat":[71],"product_tag":[244,357,358,374,371,373],"class_list":{"0":"post-5004","1":"product","2":"type-product","3":"status-publish","4":"has-post-thumbnail","6":"product_cat-diabolo","7":"product_tag-244","8":"product_tag-diabolo","9":"product_tag-diabolot","10":"product_tag-hiilikuitu","11":"product_tag-kasikepit","12":"product_tag-kasikeppi","13":"desktop-align-center","14":"tablet-align-left","15":"mobile-align-left","17":"first","18":"instock","19":"taxable","20":"shipping-taxable","21":"purchasable","22":"product-type-variable","23":"has-default-attributes"},"_links":{"self":[{"href":"https:\/\/sirkussirkus.com\/kauppa\/wp-json\/wp\/v2\/product\/5004","targetHints":{"allow":["GET"]}}],"collection":[{"href":"https:\/\/sirkussirkus.com\/kauppa\/wp-json\/wp\/v2\/product"}],"about":[{"href":"https:\/\/sirkussirkus.com\/kauppa\/wp-json\/wp\/v2\/types\/product"}],"version-history":[{"count":1,"href":"https:\/\/sirkussirkus.com\/kauppa\/wp-json\/wp\/v2\/product\/5004\/revisions"}],"predecessor-version":[{"id":5013,"href":"https:\/\/sirkussirkus.com\/kauppa\/wp-json\/wp\/v2\/product\/5004\/revisions\/5013"}],"wp:featuredmedia":[{"embeddable":true,"href":"https:\/\/sirkussirkus.com\/kauppa\/wp-json\/wp\/v2\/media\/5011"}],"wp:attachment":[{"href":"https:\/\/sirkussirkus.com\/kauppa\/wp-json\/wp\/v2\/media?parent=5004"}],"wp:term":[{"taxonomy":"product_brand","embeddable":true,"href":"https:\/\/sirkussirkus.com\/kauppa\/wp-json\/wp\/v2\/product_brand?post=5004"},{"taxonomy":"product_cat","embeddable":true,"href":"https:\/\/sirkussirkus.com\/kauppa\/wp-json\/wp\/v2\/product_cat?post=5004"},{"taxonomy":"product_tag","embeddable":true,"href":"https:\/\/sirkussirkus.com\/kauppa\/wp-json\/wp\/v2\/product_tag?post=5004"}],"curies":[{"name":"wp","href":"https:\/\/api.w.org\/{rel}","templated":true}]}}