{"id":4846,"date":"2022-05-13T12:19:13","date_gmt":"2022-05-13T12:19:13","guid":{"rendered":"https:\/\/sirkussirkus.com\/kauppa\/?post_type=product&#038;p=4846"},"modified":"2026-03-30T09:29:38","modified_gmt":"2026-03-30T09:29:38","slug":"henrys-nite-flite-jongleeraussoihtu","status":"publish","type":"product","link":"https:\/\/sirkussirkus.com\/kauppa\/product\/henrys-nite-flite-jongleeraussoihtu\/","title":{"rendered":"Henrys Nite Flite jongleeraussoihtu"},"content":{"rendered":"<p>Markkinoiden paras jongleeraussoihtu Henrysilt\u00e4. Saarnipuista runkoa suojaa k\u00e4densijaan asti ulottuva alumiiniputki, joka tekee soihdusta s\u00e4rkym\u00e4tt\u00f6m\u00e4n. Laadukkaan viimeistelyn ja kest\u00e4v\u00e4n rakenteen lis\u00e4ksi t\u00e4m\u00e4 soihtu omaa hyv\u00e4n heittotuntuman verrattuna muihin soihtuihin. Erinomainen soihtu niin soolonumeroihin kuin passailuunkin. Tutustu ennen k\u00e4ytt\u00f6\u00e4 yleisiin paloturvallisuusohjeisiin, tulijongleerauksessa k\u00e4ytett\u00e4viin palonesteisiin, turvalliseen pukeutumiseen, \u00e4l\u00e4k\u00e4 koskaan harjoittele yksin. Kevlar-kangas sis\u00e4ltyy hintaan.<\/p>\n<p>51 cm \/ 250 g<\/p>\n<p>&#8221;Muuta palavaa en heitt\u00e4isi.&#8221; -Kai Kuutamo<\/p>\n","protected":false},"excerpt":{"rendered":"<p>Markkinoiden paras jongleeraussoihtu Henrysilt\u00e4. Saarnipuista runkoa suojaa k\u00e4densijaan asti ulottuva alumiiniputki, joka tekee soihdusta s\u00e4rkym\u00e4tt\u00f6m\u00e4n. Laadukkaan viimeistelyn ja kest\u00e4v\u00e4n rakenteen lis\u00e4ksi t\u00e4m\u00e4 soihtu omaa hyv\u00e4n heittotuntuman verrattuna muihin soihtuihin. Erinomainen soihtu niin soolonumeroihin kuin passailuunkin. Tutustu ennen k\u00e4ytt\u00f6\u00e4 yleisiin paloturvallisuusohjeisiin, tulijongleerauksessa k\u00e4ytett\u00e4viin palonesteisiin, turvalliseen pukeutumiseen, \u00e4l\u00e4k\u00e4 koskaan harjoittele yksin. Kevlar-kangas sis\u00e4ltyy hintaan. 51 cm \/ [&hellip;]<\/p>\n","protected":false},"featured_media":4847,"template":"","meta":{"site-sidebar-layout":"default","site-content-layout":"default","ast-site-content-layout":"default","site-content-style":"default","site-sidebar-style":"default","ast-global-header-display":"","ast-banner-title-visibility":"","ast-main-header-display":"","ast-hfb-above-header-display":"","ast-hfb-below-header-display":"","ast-hfb-mobile-header-display":"","site-post-title":"","ast-breadcrumbs-content":"","ast-featured-img":"","footer-sml-layout":"","theme-transparent-header-meta":"default","adv-header-id-meta":"","stick-header-meta":"","header-above-stick-meta":"","header-main-stick-meta":"","header-below-stick-meta":"","astra-migrate-meta-layouts":"default","ast-page-background-enabled":"default","ast-page-background-meta":{"desktop":{"background-color":"","background-image":"","background-repeat":"repeat","background-position":"center center","background-size":"auto","background-attachment":"scroll","background-type":"","background-media":"","overlay-type":"","overlay-color":"","overlay-opacity":"","overlay-gradient":""},"tablet":{"background-color":"","background-image":"","background-repeat":"repeat","background-position":"center center","background-size":"auto","background-attachment":"scroll","background-type":"","background-media":"","overlay-type":"","overlay-color":"","overlay-opacity":"","overlay-gradient":""},"mobile":{"background-color":"","background-image":"","background-repeat":"repeat","background-position":"center center","background-size":"auto","background-attachment":"scroll","background-type":"","background-media":"","overlay-type":"","overlay-color":"","overlay-opacity":"","overlay-gradient":""}},"ast-content-background-meta":{"desktop":{"background-color":"var(--ast-global-color-5)","background-image":"","background-repeat":"repeat","background-position":"center center","background-size":"auto","background-attachment":"scroll","background-type":"","background-media":"","overlay-type":"","overlay-color":"","overlay-opacity":"","overlay-gradient":""},"tablet":{"background-color":"var(--ast-global-color-5)","background-image":"","background-repeat":"repeat","background-position":"center center","background-size":"auto","background-attachment":"scroll","background-type":"","background-media":"","overlay-type":"","overlay-color":"","overlay-opacity":"","overlay-gradient":""},"mobile":{"background-color":"var(--ast-global-color-5)","background-image":"","background-repeat":"repeat","background-position":"center center","background-size":"auto","background-attachment":"scroll","background-type":"","background-media":"","overlay-type":"","overlay-color":"","overlay-opacity":"","overlay-gradient":""}}},"product_brand":[],"product_cat":[69,74],"product_tag":[336,335,77,80,160,78,79,334,875,333,874],"class_list":{"0":"post-4846","1":"product","2":"type-product","3":"status-publish","4":"has-post-thumbnail","6":"product_cat-jongleerauskeilat","7":"product_cat-tuli","8":"product_tag-336","9":"product_tag-flite","10":"product_tag-henrys","11":"product_tag-jongleeraus","12":"product_tag-juggling","13":"product_tag-keila","14":"product_tag-keilat","15":"product_tag-nite","16":"product_tag-soihdut","17":"product_tag-soihtu","18":"product_tag-torch","19":"desktop-align-center","20":"tablet-align-left","21":"mobile-align-left","23":"first","24":"outofstock","25":"taxable","26":"shipping-taxable","27":"purchasable","28":"product-type-simple"},"_links":{"self":[{"href":"https:\/\/sirkussirkus.com\/kauppa\/wp-json\/wp\/v2\/product\/4846","targetHints":{"allow":["GET"]}}],"collection":[{"href":"https:\/\/sirkussirkus.com\/kauppa\/wp-json\/wp\/v2\/product"}],"about":[{"href":"https:\/\/sirkussirkus.com\/kauppa\/wp-json\/wp\/v2\/types\/product"}],"version-history":[{"count":1,"href":"https:\/\/sirkussirkus.com\/kauppa\/wp-json\/wp\/v2\/product\/4846\/revisions"}],"predecessor-version":[{"id":4852,"href":"https:\/\/sirkussirkus.com\/kauppa\/wp-json\/wp\/v2\/product\/4846\/revisions\/4852"}],"wp:featuredmedia":[{"embeddable":true,"href":"https:\/\/sirkussirkus.com\/kauppa\/wp-json\/wp\/v2\/media\/4847"}],"wp:attachment":[{"href":"https:\/\/sirkussirkus.com\/kauppa\/wp-json\/wp\/v2\/media?parent=4846"}],"wp:term":[{"taxonomy":"product_brand","embeddable":true,"href":"https:\/\/sirkussirkus.com\/kauppa\/wp-json\/wp\/v2\/product_brand?post=4846"},{"taxonomy":"product_cat","embeddable":true,"href":"https:\/\/sirkussirkus.com\/kauppa\/wp-json\/wp\/v2\/product_cat?post=4846"},{"taxonomy":"product_tag","embeddable":true,"href":"https:\/\/sirkussirkus.com\/kauppa\/wp-json\/wp\/v2\/product_tag?post=4846"}],"curies":[{"name":"wp","href":"https:\/\/api.w.org\/{rel}","templated":true}]}}