{"id":4778,"date":"2022-05-06T02:51:35","date_gmt":"2022-05-06T02:51:35","guid":{"rendered":"https:\/\/sirkussirkus.com\/kauppa\/?post_type=product&#038;p=4778"},"modified":"2023-01-21T09:24:47","modified_gmt":"2023-01-21T09:24:47","slug":"star-wars-korttipakka","status":"publish","type":"product","link":"https:\/\/sirkussirkus.com\/kauppa\/product\/star-wars-korttipakka\/","title":{"rendered":"Star Wars -korttipakka"},"content":{"rendered":"<p>Upea teemakuvitettu T\u00e4htien Sota -korttipakka, jossa jokainen kuvakortti on joku tunnetuista Star Wars -hahmoista. Kotelo on my\u00f6s t\u00e4ynn\u00e4 yksityiskohtia kiireest\u00e4 kantap\u00e4\u00e4h\u00e4n ja siin\u00e4 on todella n\u00e4ytt\u00e4v\u00e4 kohokuvioitu metallimaaliviimeistely. My\u00f6s kuvakortit on toteutettu huolella, sill\u00e4 jokainen kuninkaallinen kortti kunnioittaa samaan aikaan sek\u00e4 korttipakan graafista perinnett\u00e4 ett\u00e4 T\u00e4htien Sota -estetiikkaa hienoissa yksityiskohdissa.<\/p>\n<p>Kuvakorteissa perinteisesti tyyliteltyin\u00e4 kuninkaallisia kortteja edustavat muun muassa Darth Vader, Boba Fett, Luke Skywalker (vanhempi), Obi-Wan Kenobi, Han Solo, prinsessa Leia ja monet muut.<\/p>\n<p>Molemmissa pakoissa samat kuvakortit. Erona taustan grafiikka ja v\u00e4ri sek\u00e4 kotelon yksityiskohdat ja v\u00e4ri.<\/p>\n<p>Satunnainen valikoima my\u00f6s muita erikoispakkoja varastossa vuosien varrelta. Kysy lis\u00e4\u00e4, jos kiinnostuit.<\/p>\n","protected":false},"excerpt":{"rendered":"<p>Upea teemakuvitettu T\u00e4htien Sota -korttipakka, jossa jokainen kuvakortti on joku tunnetuista Star Wars -hahmoista. Kotelo on my\u00f6s t\u00e4ynn\u00e4 yksityiskohtia kiireest\u00e4 kantap\u00e4\u00e4h\u00e4n ja siin\u00e4 on todella n\u00e4ytt\u00e4v\u00e4 kohokuvioitu metallimaaliviimeistely. My\u00f6s kuvakortit on toteutettu huolella, sill\u00e4 jokainen kuninkaallinen kortti kunnioittaa samaan aikaan sek\u00e4 korttipakan graafista perinnett\u00e4 ett\u00e4 T\u00e4htien Sota -estetiikkaa hienoissa yksityiskohdissa. Kuvakorteissa perinteisesti tyyliteltyin\u00e4 kuninkaallisia kortteja [&hellip;]<\/p>\n","protected":false},"featured_media":4781,"template":"","meta":{"site-sidebar-layout":"default","site-content-layout":"default","ast-site-content-layout":"default","site-content-style":"default","site-sidebar-style":"default","ast-global-header-display":"","ast-banner-title-visibility":"","ast-main-header-display":"","ast-hfb-above-header-display":"","ast-hfb-below-header-display":"","ast-hfb-mobile-header-display":"","site-post-title":"","ast-breadcrumbs-content":"","ast-featured-img":"","footer-sml-layout":"","theme-transparent-header-meta":"default","adv-header-id-meta":"","stick-header-meta":"","header-above-stick-meta":"","header-main-stick-meta":"","header-below-stick-meta":"","astra-migrate-meta-layouts":"default","ast-page-background-enabled":"default","ast-page-background-meta":{"desktop":{"background-color":"","background-image":"","background-repeat":"repeat","background-position":"center center","background-size":"auto","background-attachment":"scroll","background-type":"","background-media":"","overlay-type":"","overlay-color":"","overlay-opacity":"","overlay-gradient":""},"tablet":{"background-color":"","background-image":"","background-repeat":"repeat","background-position":"center center","background-size":"auto","background-attachment":"scroll","background-type":"","background-media":"","overlay-type":"","overlay-color":"","overlay-opacity":"","overlay-gradient":""},"mobile":{"background-color":"","background-image":"","background-repeat":"repeat","background-position":"center center","background-size":"auto","background-attachment":"scroll","background-type":"","background-media":"","overlay-type":"","overlay-color":"","overlay-opacity":"","overlay-gradient":""}},"ast-content-background-meta":{"desktop":{"background-color":"var(--ast-global-color-5)","background-image":"","background-repeat":"repeat","background-position":"center center","background-size":"auto","background-attachment":"scroll","background-type":"","background-media":"","overlay-type":"","overlay-color":"","overlay-opacity":"","overlay-gradient":""},"tablet":{"background-color":"var(--ast-global-color-5)","background-image":"","background-repeat":"repeat","background-position":"center center","background-size":"auto","background-attachment":"scroll","background-type":"","background-media":"","overlay-type":"","overlay-color":"","overlay-opacity":"","overlay-gradient":""},"mobile":{"background-color":"var(--ast-global-color-5)","background-image":"","background-repeat":"repeat","background-position":"center center","background-size":"auto","background-attachment":"scroll","background-type":"","background-media":"","overlay-type":"","overlay-color":"","overlay-opacity":"","overlay-gradient":""}}},"product_brand":[],"product_cat":[305],"product_tag":[319,306,279,307,317,308,318],"class_list":{"0":"post-4778","1":"product","2":"type-product","3":"status-publish","4":"has-post-thumbnail","6":"product_cat-taika","7":"product_tag-kortit","8":"product_tag-kortti","9":"product_tag-muut","10":"product_tag-pakka","11":"product_tag-star","12":"product_tag-taika","13":"product_tag-wars","14":"desktop-align-center","15":"tablet-align-left","16":"mobile-align-left","18":"first","19":"outofstock","20":"taxable","21":"shipping-taxable","22":"purchasable","23":"product-type-variable"},"_links":{"self":[{"href":"https:\/\/sirkussirkus.com\/kauppa\/wp-json\/wp\/v2\/product\/4778","targetHints":{"allow":["GET"]}}],"collection":[{"href":"https:\/\/sirkussirkus.com\/kauppa\/wp-json\/wp\/v2\/product"}],"about":[{"href":"https:\/\/sirkussirkus.com\/kauppa\/wp-json\/wp\/v2\/types\/product"}],"version-history":[{"count":1,"href":"https:\/\/sirkussirkus.com\/kauppa\/wp-json\/wp\/v2\/product\/4778\/revisions"}],"predecessor-version":[{"id":4792,"href":"https:\/\/sirkussirkus.com\/kauppa\/wp-json\/wp\/v2\/product\/4778\/revisions\/4792"}],"wp:featuredmedia":[{"embeddable":true,"href":"https:\/\/sirkussirkus.com\/kauppa\/wp-json\/wp\/v2\/media\/4781"}],"wp:attachment":[{"href":"https:\/\/sirkussirkus.com\/kauppa\/wp-json\/wp\/v2\/media?parent=4778"}],"wp:term":[{"taxonomy":"product_brand","embeddable":true,"href":"https:\/\/sirkussirkus.com\/kauppa\/wp-json\/wp\/v2\/product_brand?post=4778"},{"taxonomy":"product_cat","embeddable":true,"href":"https:\/\/sirkussirkus.com\/kauppa\/wp-json\/wp\/v2\/product_cat?post=4778"},{"taxonomy":"product_tag","embeddable":true,"href":"https:\/\/sirkussirkus.com\/kauppa\/wp-json\/wp\/v2\/product_tag?post=4778"}],"curies":[{"name":"wp","href":"https:\/\/api.w.org\/{rel}","templated":true}]}}