{"id":4594,"date":"2015-05-06T01:41:53","date_gmt":"2015-05-06T01:41:53","guid":{"rendered":"https:\/\/sirkussirkus.com\/kauppa\/?post_type=product&#038;p=4594"},"modified":"2025-10-05T16:32:10","modified_gmt":"2025-10-05T16:32:10","slug":"krom-strogo-kendama","status":"publish","type":"product","link":"https:\/\/sirkussirkus.com\/kauppa\/product\/krom-strogo-kendama\/","title":{"rendered":"Krom Strogo Kendama"},"content":{"rendered":"<p>Kromin uusi Strogo-malli tulee nyt nelj\u00e4ss\u00e4 v\u00e4riss\u00e4 sek\u00e4 rajoitettuna 1%-mallina (katso omalta tuotesivulta). Mustavalkoiset Strogo-mallit ovat olleet suosiossa, ja siksi Krom tuotti my\u00f6s v\u00e4rilliset versiot. Innoittajana ovat toimineet New Yorkin ja Tokion taksien v\u00e4rit, joista nimet Krom Strogo NYC Cab ja Krom Strogo Tokyo Cab. Mukana varanaru, varajyv\u00e4, tarrapakkaus sek\u00e4 esite.<\/p>\n<p>Ominaisuudet: Krom BL Ken, Bullseye Scope -maali rei\u00e4n ymp\u00e4rill\u00e4, Super Sticky LOL Clear -pinta, laakeroitu jyv\u00e4, materiaalina py\u00f6kki, pakkaus valmistettu 100% kierr\u00e4tetyst\u00e4 paperista.<\/p>\n","protected":false},"excerpt":{"rendered":"<p>Kromin uusi Strogo-malli tulee nyt nelj\u00e4ss\u00e4 v\u00e4riss\u00e4 sek\u00e4 rajoitettuna 1%-mallina (katso omalta tuotesivulta). Mustavalkoiset Strogo-mallit ovat olleet suosiossa, ja siksi Krom tuotti my\u00f6s v\u00e4rilliset versiot. Innoittajana ovat toimineet New Yorkin ja Tokion taksien v\u00e4rit, joista nimet Krom Strogo NYC Cab ja Krom Strogo Tokyo Cab. Mukana varanaru, varajyv\u00e4, tarrapakkaus sek\u00e4 esite. Ominaisuudet: Krom BL Ken, [&hellip;]<\/p>\n","protected":false},"featured_media":4595,"template":"","meta":{"site-sidebar-layout":"default","site-content-layout":"default","ast-site-content-layout":"default","site-content-style":"default","site-sidebar-style":"default","ast-global-header-display":"","ast-banner-title-visibility":"","ast-main-header-display":"","ast-hfb-above-header-display":"","ast-hfb-below-header-display":"","ast-hfb-mobile-header-display":"","site-post-title":"","ast-breadcrumbs-content":"","ast-featured-img":"","footer-sml-layout":"","theme-transparent-header-meta":"default","adv-header-id-meta":"","stick-header-meta":"","header-above-stick-meta":"","header-main-stick-meta":"","header-below-stick-meta":"","astra-migrate-meta-layouts":"set","ast-page-background-enabled":"default","ast-page-background-meta":{"desktop":{"background-color":"","background-image":"","background-repeat":"repeat","background-position":"center center","background-size":"auto","background-attachment":"scroll","background-type":"","background-media":"","overlay-type":"","overlay-color":"","overlay-opacity":"","overlay-gradient":""},"tablet":{"background-color":"","background-image":"","background-repeat":"repeat","background-position":"center center","background-size":"auto","background-attachment":"scroll","background-type":"","background-media":"","overlay-type":"","overlay-color":"","overlay-opacity":"","overlay-gradient":""},"mobile":{"background-color":"","background-image":"","background-repeat":"repeat","background-position":"center center","background-size":"auto","background-attachment":"scroll","background-type":"","background-media":"","overlay-type":"","overlay-color":"","overlay-opacity":"","overlay-gradient":""}},"ast-content-background-meta":{"desktop":{"background-color":"var(--ast-global-color-5)","background-image":"","background-repeat":"repeat","background-position":"center center","background-size":"auto","background-attachment":"scroll","background-type":"","background-media":"","overlay-type":"","overlay-color":"","overlay-opacity":"","overlay-gradient":""},"tablet":{"background-color":"var(--ast-global-color-5)","background-image":"","background-repeat":"repeat","background-position":"center center","background-size":"auto","background-attachment":"scroll","background-type":"","background-media":"","overlay-type":"","overlay-color":"","overlay-opacity":"","overlay-gradient":""},"mobile":{"background-color":"var(--ast-global-color-5)","background-image":"","background-repeat":"repeat","background-position":"center center","background-size":"auto","background-attachment":"scroll","background-type":"","background-media":"","overlay-type":"","overlay-color":"","overlay-opacity":"","overlay-gradient":""}}},"product_brand":[],"product_cat":[75],"product_tag":[146,277,279,282],"class_list":{"0":"post-4594","1":"product","2":"type-product","3":"status-publish","4":"has-post-thumbnail","6":"product_cat-kendama","7":"product_tag-kendama","8":"product_tag-krom","9":"product_tag-muut","10":"product_tag-strogo","11":"desktop-align-center","12":"tablet-align-left","13":"mobile-align-left","15":"first","16":"outofstock","17":"sale","18":"taxable","19":"shipping-taxable","20":"purchasable","21":"product-type-variable"},"_links":{"self":[{"href":"https:\/\/sirkussirkus.com\/kauppa\/wp-json\/wp\/v2\/product\/4594","targetHints":{"allow":["GET"]}}],"collection":[{"href":"https:\/\/sirkussirkus.com\/kauppa\/wp-json\/wp\/v2\/product"}],"about":[{"href":"https:\/\/sirkussirkus.com\/kauppa\/wp-json\/wp\/v2\/types\/product"}],"version-history":[{"count":1,"href":"https:\/\/sirkussirkus.com\/kauppa\/wp-json\/wp\/v2\/product\/4594\/revisions"}],"predecessor-version":[{"id":4608,"href":"https:\/\/sirkussirkus.com\/kauppa\/wp-json\/wp\/v2\/product\/4594\/revisions\/4608"}],"wp:featuredmedia":[{"embeddable":true,"href":"https:\/\/sirkussirkus.com\/kauppa\/wp-json\/wp\/v2\/media\/4595"}],"wp:attachment":[{"href":"https:\/\/sirkussirkus.com\/kauppa\/wp-json\/wp\/v2\/media?parent=4594"}],"wp:term":[{"taxonomy":"product_brand","embeddable":true,"href":"https:\/\/sirkussirkus.com\/kauppa\/wp-json\/wp\/v2\/product_brand?post=4594"},{"taxonomy":"product_cat","embeddable":true,"href":"https:\/\/sirkussirkus.com\/kauppa\/wp-json\/wp\/v2\/product_cat?post=4594"},{"taxonomy":"product_tag","embeddable":true,"href":"https:\/\/sirkussirkus.com\/kauppa\/wp-json\/wp\/v2\/product_tag?post=4594"}],"curies":[{"name":"wp","href":"https:\/\/api.w.org\/{rel}","templated":true}]}}