{"id":4545,"date":"2015-05-06T01:31:01","date_gmt":"2015-05-06T01:31:01","guid":{"rendered":"https:\/\/sirkussirkus.com\/kauppa\/?post_type=product&#038;p=4545"},"modified":"2025-10-05T16:32:30","modified_gmt":"2025-10-05T16:32:30","slug":"krom-pop-kendama","status":"publish","type":"product","link":"https:\/\/sirkussirkus.com\/kauppa\/product\/krom-pop-kendama\/","title":{"rendered":"KROM POP Kendama"},"content":{"rendered":"<p>Kromin huippuunsa hiottu Kendaman uuden ajan perusmalli. Saatavana yhdeks\u00e4ss\u00e4 eri perusv\u00e4riss\u00e4 sek\u00e4 kahdessa rajoitetun er\u00e4n v\u00e4riss\u00e4. Yhteens\u00e4 yhdess\u00e4toista eri v\u00e4riss\u00e4! Damassa miellytt\u00e4v\u00e4 kumimattaviimeistely ja selke\u00e4 maali rei\u00e4n ymp\u00e4rill\u00e4. Ken taattua Krom-laatua erinomaisella muotoilulla. Pakkaukseen sis\u00e4ltyy Kendama, varanaru, varajyv\u00e4, tarroja ja minijuliste. Parasta Krom-laatua edullisesti niin aloittelijalle kuin my\u00f6s kisoihin!<\/p>\n<p>Mitat ja ominaisuudet: Ohut piikki ja leve\u00e4 dama-reik\u00e4, selke\u00e4 maali rei\u00e4n ymp\u00e4rill\u00e4, kuminen mattamaali damassa, leve\u00e4t kupit, materiaalina kest\u00e4v\u00e4 py\u00f6kki.<\/p>\n","protected":false},"excerpt":{"rendered":"<p>Kromin huippuunsa hiottu Kendaman uuden ajan perusmalli. Saatavana yhdeks\u00e4ss\u00e4 eri perusv\u00e4riss\u00e4 sek\u00e4 kahdessa rajoitetun er\u00e4n v\u00e4riss\u00e4. Yhteens\u00e4 yhdess\u00e4toista eri v\u00e4riss\u00e4! Damassa miellytt\u00e4v\u00e4 kumimattaviimeistely ja selke\u00e4 maali rei\u00e4n ymp\u00e4rill\u00e4. Ken taattua Krom-laatua erinomaisella muotoilulla. Pakkaukseen sis\u00e4ltyy Kendama, varanaru, varajyv\u00e4, tarroja ja minijuliste. Parasta Krom-laatua edullisesti niin aloittelijalle kuin my\u00f6s kisoihin! Mitat ja ominaisuudet: Ohut piikki ja [&hellip;]<\/p>\n","protected":false},"featured_media":4558,"template":"","meta":{"site-sidebar-layout":"default","site-content-layout":"default","ast-site-content-layout":"default","site-content-style":"default","site-sidebar-style":"default","ast-global-header-display":"","ast-banner-title-visibility":"","ast-main-header-display":"","ast-hfb-above-header-display":"","ast-hfb-below-header-display":"","ast-hfb-mobile-header-display":"","site-post-title":"","ast-breadcrumbs-content":"","ast-featured-img":"","footer-sml-layout":"","theme-transparent-header-meta":"default","adv-header-id-meta":"","stick-header-meta":"","header-above-stick-meta":"","header-main-stick-meta":"","header-below-stick-meta":"","astra-migrate-meta-layouts":"set","ast-page-background-enabled":"default","ast-page-background-meta":{"desktop":{"background-color":"","background-image":"","background-repeat":"repeat","background-position":"center center","background-size":"auto","background-attachment":"scroll","background-type":"","background-media":"","overlay-type":"","overlay-color":"","overlay-opacity":"","overlay-gradient":""},"tablet":{"background-color":"","background-image":"","background-repeat":"repeat","background-position":"center center","background-size":"auto","background-attachment":"scroll","background-type":"","background-media":"","overlay-type":"","overlay-color":"","overlay-opacity":"","overlay-gradient":""},"mobile":{"background-color":"","background-image":"","background-repeat":"repeat","background-position":"center center","background-size":"auto","background-attachment":"scroll","background-type":"","background-media":"","overlay-type":"","overlay-color":"","overlay-opacity":"","overlay-gradient":""}},"ast-content-background-meta":{"desktop":{"background-color":"var(--ast-global-color-5)","background-image":"","background-repeat":"repeat","background-position":"center center","background-size":"auto","background-attachment":"scroll","background-type":"","background-media":"","overlay-type":"","overlay-color":"","overlay-opacity":"","overlay-gradient":""},"tablet":{"background-color":"var(--ast-global-color-5)","background-image":"","background-repeat":"repeat","background-position":"center center","background-size":"auto","background-attachment":"scroll","background-type":"","background-media":"","overlay-type":"","overlay-color":"","overlay-opacity":"","overlay-gradient":""},"mobile":{"background-color":"var(--ast-global-color-5)","background-image":"","background-repeat":"repeat","background-position":"center center","background-size":"auto","background-attachment":"scroll","background-type":"","background-media":"","overlay-type":"","overlay-color":"","overlay-opacity":"","overlay-gradient":""}}},"product_brand":[],"product_cat":[75],"product_tag":[146,277,279,278],"class_list":{"0":"post-4545","1":"product","2":"type-product","3":"status-publish","4":"has-post-thumbnail","6":"product_cat-kendama","7":"product_tag-kendama","8":"product_tag-krom","9":"product_tag-muut","10":"product_tag-pop","11":"desktop-align-center","12":"tablet-align-left","13":"mobile-align-left","15":"first","16":"outofstock","17":"sale","18":"taxable","19":"shipping-taxable","20":"purchasable","21":"product-type-variable"},"_links":{"self":[{"href":"https:\/\/sirkussirkus.com\/kauppa\/wp-json\/wp\/v2\/product\/4545","targetHints":{"allow":["GET"]}}],"collection":[{"href":"https:\/\/sirkussirkus.com\/kauppa\/wp-json\/wp\/v2\/product"}],"about":[{"href":"https:\/\/sirkussirkus.com\/kauppa\/wp-json\/wp\/v2\/types\/product"}],"version-history":[{"count":1,"href":"https:\/\/sirkussirkus.com\/kauppa\/wp-json\/wp\/v2\/product\/4545\/revisions"}],"predecessor-version":[{"id":4573,"href":"https:\/\/sirkussirkus.com\/kauppa\/wp-json\/wp\/v2\/product\/4545\/revisions\/4573"}],"wp:featuredmedia":[{"embeddable":true,"href":"https:\/\/sirkussirkus.com\/kauppa\/wp-json\/wp\/v2\/media\/4558"}],"wp:attachment":[{"href":"https:\/\/sirkussirkus.com\/kauppa\/wp-json\/wp\/v2\/media?parent=4545"}],"wp:term":[{"taxonomy":"product_brand","embeddable":true,"href":"https:\/\/sirkussirkus.com\/kauppa\/wp-json\/wp\/v2\/product_brand?post=4545"},{"taxonomy":"product_cat","embeddable":true,"href":"https:\/\/sirkussirkus.com\/kauppa\/wp-json\/wp\/v2\/product_cat?post=4545"},{"taxonomy":"product_tag","embeddable":true,"href":"https:\/\/sirkussirkus.com\/kauppa\/wp-json\/wp\/v2\/product_tag?post=4545"}],"curies":[{"name":"wp","href":"https:\/\/api.w.org\/{rel}","templated":true}]}}