{"id":4382,"date":"2022-05-06T00:15:46","date_gmt":"2022-05-06T00:15:46","guid":{"rendered":"https:\/\/sirkussirkus.com\/kauppa\/?post_type=product&#038;p=4382"},"modified":"2025-12-15T17:22:32","modified_gmt":"2025-12-15T17:22:32","slug":"rengastrapetsi-1-piste","status":"publish","type":"product","link":"https:\/\/sirkussirkus.com\/kauppa\/product\/rengastrapetsi-1-piste\/","title":{"rendered":"Rengastrapetsi &#8211; 1-piste"},"content":{"rendered":"<div class=\"product-text\">\n<p>Firetoysin valmistama perinteinen yhden kiinnityspisteen rengastrapetsi. Saatavana kahdessa eri v\u00e4riss\u00e4. Mustaa l\u00f6ytyy viidess\u00e4 eri koossa. Mainittu koko on rengastrapetsin ulkohalkaisija. Kuvien kiinnitystarvikkeet eiv\u00e4t sis\u00e4lly hintaan.<\/p>\n<p>Putken paksuus 25mm<\/p>\n<p>Ty\u00f6skentelypainoraja 180kg<\/p>\n<p>Ripustusv\u00e4lineet ja muut tarvikkeet l\u00f6yd\u00e4t omalta osastolta: Sirkusv\u00e4lineet \/ Ilma-akrobatia \/ Ripustus ja muut tarvikkeet<\/p>\n<p><a href=\"http:\/\/www.sirkussirkus.com\/rengastrapetsinkoko.pdf\" target=\"_blank\" rel=\"noopener noreferrer\">Rengastrapetsin koko &#8211; Mittausohjeet<\/a><\/p>\n<\/div>\n","protected":false},"excerpt":{"rendered":"<p>Firetoysin valmistama perinteinen yhden kiinnityspisteen rengastrapetsi. Saatavana kahdessa eri v\u00e4riss\u00e4. Mustaa l\u00f6ytyy viidess\u00e4 eri koossa. Mainittu koko on rengastrapetsin ulkohalkaisija. Kuvien kiinnitystarvikkeet eiv\u00e4t sis\u00e4lly hintaan. Putken paksuus 25mm Ty\u00f6skentelypainoraja 180kg Ripustusv\u00e4lineet ja muut tarvikkeet l\u00f6yd\u00e4t omalta osastolta: Sirkusv\u00e4lineet \/ Ilma-akrobatia \/ Ripustus ja muut tarvikkeet Rengastrapetsin koko &#8211; Mittausohjeet<\/p>\n","protected":false},"featured_media":4388,"template":"","meta":{"site-sidebar-layout":"default","site-content-layout":"default","ast-site-content-layout":"default","site-content-style":"default","site-sidebar-style":"default","ast-global-header-display":"","ast-banner-title-visibility":"","ast-main-header-display":"","ast-hfb-above-header-display":"","ast-hfb-below-header-display":"","ast-hfb-mobile-header-display":"","site-post-title":"","ast-breadcrumbs-content":"","ast-featured-img":"","footer-sml-layout":"","theme-transparent-header-meta":"default","adv-header-id-meta":"","stick-header-meta":"","header-above-stick-meta":"","header-main-stick-meta":"","header-below-stick-meta":"","astra-migrate-meta-layouts":"default","ast-page-background-enabled":"default","ast-page-background-meta":{"desktop":{"background-color":"","background-image":"","background-repeat":"repeat","background-position":"center center","background-size":"auto","background-attachment":"scroll","background-type":"","background-media":"","overlay-type":"","overlay-color":"","overlay-opacity":"","overlay-gradient":""},"tablet":{"background-color":"","background-image":"","background-repeat":"repeat","background-position":"center center","background-size":"auto","background-attachment":"scroll","background-type":"","background-media":"","overlay-type":"","overlay-color":"","overlay-opacity":"","overlay-gradient":""},"mobile":{"background-color":"","background-image":"","background-repeat":"repeat","background-position":"center center","background-size":"auto","background-attachment":"scroll","background-type":"","background-media":"","overlay-type":"","overlay-color":"","overlay-opacity":"","overlay-gradient":""}},"ast-content-background-meta":{"desktop":{"background-color":"var(--ast-global-color-5)","background-image":"","background-repeat":"repeat","background-position":"center center","background-size":"auto","background-attachment":"scroll","background-type":"","background-media":"","overlay-type":"","overlay-color":"","overlay-opacity":"","overlay-gradient":""},"tablet":{"background-color":"var(--ast-global-color-5)","background-image":"","background-repeat":"repeat","background-position":"center center","background-size":"auto","background-attachment":"scroll","background-type":"","background-media":"","overlay-type":"","overlay-color":"","overlay-opacity":"","overlay-gradient":""},"mobile":{"background-color":"var(--ast-global-color-5)","background-image":"","background-repeat":"repeat","background-position":"center center","background-size":"auto","background-attachment":"scroll","background-type":"","background-media":"","overlay-type":"","overlay-color":"","overlay-opacity":"","overlay-gradient":""}}},"product_brand":[],"product_cat":[68],"product_tag":[250,251,247,94,166,168,91],"class_list":{"0":"post-4382","1":"product","2":"type-product","3":"status-publish","4":"has-post-thumbnail","6":"product_cat-rengastrapetsit","7":"product_tag-1-piste","8":"product_tag-251","9":"product_tag-247","10":"product_tag-ilma-akrobatia","11":"product_tag-rengas","12":"product_tag-renkaat","13":"product_tag-trapetsi","14":"desktop-align-center","15":"tablet-align-left","16":"mobile-align-left","18":"first","19":"instock","20":"taxable","21":"shipping-taxable","22":"purchasable","23":"product-type-variable"},"_links":{"self":[{"href":"https:\/\/sirkussirkus.com\/kauppa\/wp-json\/wp\/v2\/product\/4382","targetHints":{"allow":["GET"]}}],"collection":[{"href":"https:\/\/sirkussirkus.com\/kauppa\/wp-json\/wp\/v2\/product"}],"about":[{"href":"https:\/\/sirkussirkus.com\/kauppa\/wp-json\/wp\/v2\/types\/product"}],"version-history":[{"count":1,"href":"https:\/\/sirkussirkus.com\/kauppa\/wp-json\/wp\/v2\/product\/4382\/revisions"}],"predecessor-version":[{"id":4393,"href":"https:\/\/sirkussirkus.com\/kauppa\/wp-json\/wp\/v2\/product\/4382\/revisions\/4393"}],"wp:featuredmedia":[{"embeddable":true,"href":"https:\/\/sirkussirkus.com\/kauppa\/wp-json\/wp\/v2\/media\/4388"}],"wp:attachment":[{"href":"https:\/\/sirkussirkus.com\/kauppa\/wp-json\/wp\/v2\/media?parent=4382"}],"wp:term":[{"taxonomy":"product_brand","embeddable":true,"href":"https:\/\/sirkussirkus.com\/kauppa\/wp-json\/wp\/v2\/product_brand?post=4382"},{"taxonomy":"product_cat","embeddable":true,"href":"https:\/\/sirkussirkus.com\/kauppa\/wp-json\/wp\/v2\/product_cat?post=4382"},{"taxonomy":"product_tag","embeddable":true,"href":"https:\/\/sirkussirkus.com\/kauppa\/wp-json\/wp\/v2\/product_tag?post=4382"}],"curies":[{"name":"wp","href":"https:\/\/api.w.org\/{rel}","templated":true}]}}