{"id":4279,"date":"2022-05-05T16:47:16","date_gmt":"2022-05-05T16:47:16","guid":{"rendered":"https:\/\/sirkussirkus.com\/kauppa\/?post_type=product&#038;p=4279"},"modified":"2026-02-06T09:43:24","modified_gmt":"2026-02-06T09:43:24","slug":"duradero-vertikaalikangas-10m","status":"publish","type":"product","link":"https:\/\/sirkussirkus.com\/kauppa\/product\/duradero-vertikaalikangas-10m\/","title":{"rendered":"Duradero-vertikaalikangas 10m"},"content":{"rendered":"<div class=\"product-text\">\n<p>Espanjalaista laatukangasta ilma-akrobatiaan. Duradero-kankaalla on parhaat ominaisuudet ja edullinen hinta. Kangas on kest\u00e4v\u00e4, pehme\u00e4, sopivan joustava ja materiaalissa on hyv\u00e4 pito. Kangas ei my\u00f6sk\u00e4\u00e4n nukkaannu. 1,6 metrin leveys tarjoaa hyv\u00e4n otteen, ja kankaan Non-Slip-viimeistely antaa paremman pidon kuin muut markkinoiden vertikaalikankaat. Kankaan keskinkertainen venyvyys (+\/-10%) antaa sopivasti mukavuutta pudotuksiin, mutta tarjoaa silti hyv\u00e4n kiipeystuntuman. Materiaalina 100% polyester. Sopii niin aloittelijalle kuin ammattilaisellekin.<\/p>\n<p>10 metrin kangas riitt\u00e4\u00e4 5 metri\u00e4 korkeaan tilaan. Kangas on k\u00e4yt\u00f6ss\u00e4 kaksinkerroin, solmuun menee hiukan mittaa ja kankaan on hyv\u00e4 ylt\u00e4\u00e4 reilusti maahan asti. V\u00e4rein\u00e4 l\u00f6ytyv\u00e4t valkoinen, punainen, turkoosi, tummansininen, pinkki, oranssi, violetti, vihre\u00e4 ja musta. Ripustamiseen tarvitset kahdeksikon ja mahdollisesti sulkurenkaan. Ripustusv\u00e4lineet ja muut tarvikkeet l\u00f6yd\u00e4t omalta osastolta: Sirkusv\u00e4lineet \/ Ilma-akrobatia \/ Tarvikkeet<\/p>\n<p>Pituus 10m \/ leveys 1.6m \/ paino 1-2kg.<br \/>\nTy\u00f6skentelypainoraja 95kg, murtumispainoraja 1000kg.<br \/>\nMetrihinta 11,50 euroa + puolitus 10 euroa (20m kangaspakasta). Hajamitat tilaamme erikseen, v\u00e4ltt\u00e4\u00e4ksemme hukkapalat. Hajamitoissa toimitusaika 2-4 viikkoa.<\/p>\n<p>LINKIT:<br \/>\n&#8211; <a href=\"https:\/\/www.youtube.com\/watch?v=TiI8mgLXT4U\" target=\"_blank\" rel=\"noopener noreferrer\">Katso kankaan solmimisohjeet (Youtube)<\/a><br \/>\n<a href=\"http:\/\/www.sirkussirkus.com\/turvallisuus.pdf\" target=\"_blank\" rel=\"noopener noreferrer\">&#8211; Turvallisuusohjeet<\/a><br \/>\n<a href=\"http:\/\/www.sirkussirkus.com\/duradero.pdf\">&#8211; Duradero-kankaan hoito-ohjeet<\/a><\/p>\n<p>&nbsp;<\/p>\n<\/div>\n","protected":false},"excerpt":{"rendered":"<p>Espanjalaista laatukangasta ilma-akrobatiaan. Duradero-kankaalla on parhaat ominaisuudet ja edullinen hinta. Kangas on kest\u00e4v\u00e4, pehme\u00e4, sopivan joustava ja materiaalissa on hyv\u00e4 pito. Kangas ei my\u00f6sk\u00e4\u00e4n nukkaannu. 1,6 metrin leveys tarjoaa hyv\u00e4n otteen, ja kankaan Non-Slip-viimeistely antaa paremman pidon kuin muut markkinoiden vertikaalikankaat. Kankaan keskinkertainen venyvyys (+\/-10%) antaa sopivasti mukavuutta pudotuksiin, mutta tarjoaa silti hyv\u00e4n kiipeystuntuman. Materiaalina [&hellip;]<\/p>\n","protected":false},"featured_media":4243,"template":"","meta":{"site-sidebar-layout":"default","site-content-layout":"default","ast-site-content-layout":"default","site-content-style":"default","site-sidebar-style":"default","ast-global-header-display":"","ast-banner-title-visibility":"","ast-main-header-display":"","ast-hfb-above-header-display":"","ast-hfb-below-header-display":"","ast-hfb-mobile-header-display":"","site-post-title":"","ast-breadcrumbs-content":"","ast-featured-img":"","footer-sml-layout":"","theme-transparent-header-meta":"default","adv-header-id-meta":"","stick-header-meta":"","header-above-stick-meta":"","header-main-stick-meta":"","header-below-stick-meta":"","astra-migrate-meta-layouts":"set","ast-page-background-enabled":"default","ast-page-background-meta":{"desktop":{"background-color":"","background-image":"","background-repeat":"repeat","background-position":"center center","background-size":"auto","background-attachment":"scroll","background-type":"","background-media":"","overlay-type":"","overlay-color":"","overlay-opacity":"","overlay-gradient":""},"tablet":{"background-color":"","background-image":"","background-repeat":"repeat","background-position":"center center","background-size":"auto","background-attachment":"scroll","background-type":"","background-media":"","overlay-type":"","overlay-color":"","overlay-opacity":"","overlay-gradient":""},"mobile":{"background-color":"","background-image":"","background-repeat":"repeat","background-position":"center center","background-size":"auto","background-attachment":"scroll","background-type":"","background-media":"","overlay-type":"","overlay-color":"","overlay-opacity":"","overlay-gradient":""}},"ast-content-background-meta":{"desktop":{"background-color":"var(--ast-global-color-5)","background-image":"","background-repeat":"repeat","background-position":"center center","background-size":"auto","background-attachment":"scroll","background-type":"","background-media":"","overlay-type":"","overlay-color":"","overlay-opacity":"","overlay-gradient":""},"tablet":{"background-color":"var(--ast-global-color-5)","background-image":"","background-repeat":"repeat","background-position":"center center","background-size":"auto","background-attachment":"scroll","background-type":"","background-media":"","overlay-type":"","overlay-color":"","overlay-opacity":"","overlay-gradient":""},"mobile":{"background-color":"var(--ast-global-color-5)","background-image":"","background-repeat":"repeat","background-position":"center center","background-size":"auto","background-attachment":"scroll","background-type":"","background-media":"","overlay-type":"","overlay-color":"","overlay-opacity":"","overlay-gradient":""}}},"product_brand":[],"product_cat":[120],"product_tag":[229,242,94,236,239,241],"class_list":{"0":"post-4279","1":"product","2":"type-product","3":"status-publish","4":"has-post-thumbnail","6":"product_cat-kankaat","7":"product_tag-229","8":"product_tag-duradero","9":"product_tag-ilma-akrobatia","10":"product_tag-kangas","11":"product_tag-kankaat","12":"product_tag-polyester","13":"desktop-align-center","14":"tablet-align-left","15":"mobile-align-left","17":"first","18":"instock","19":"taxable","20":"shipping-taxable","21":"purchasable","22":"product-type-variable","23":"has-default-attributes"},"_links":{"self":[{"href":"https:\/\/sirkussirkus.com\/kauppa\/wp-json\/wp\/v2\/product\/4279","targetHints":{"allow":["GET"]}}],"collection":[{"href":"https:\/\/sirkussirkus.com\/kauppa\/wp-json\/wp\/v2\/product"}],"about":[{"href":"https:\/\/sirkussirkus.com\/kauppa\/wp-json\/wp\/v2\/types\/product"}],"version-history":[{"count":11,"href":"https:\/\/sirkussirkus.com\/kauppa\/wp-json\/wp\/v2\/product\/4279\/revisions"}],"predecessor-version":[{"id":7814,"href":"https:\/\/sirkussirkus.com\/kauppa\/wp-json\/wp\/v2\/product\/4279\/revisions\/7814"}],"wp:featuredmedia":[{"embeddable":true,"href":"https:\/\/sirkussirkus.com\/kauppa\/wp-json\/wp\/v2\/media\/4243"}],"wp:attachment":[{"href":"https:\/\/sirkussirkus.com\/kauppa\/wp-json\/wp\/v2\/media?parent=4279"}],"wp:term":[{"taxonomy":"product_brand","embeddable":true,"href":"https:\/\/sirkussirkus.com\/kauppa\/wp-json\/wp\/v2\/product_brand?post=4279"},{"taxonomy":"product_cat","embeddable":true,"href":"https:\/\/sirkussirkus.com\/kauppa\/wp-json\/wp\/v2\/product_cat?post=4279"},{"taxonomy":"product_tag","embeddable":true,"href":"https:\/\/sirkussirkus.com\/kauppa\/wp-json\/wp\/v2\/product_tag?post=4279"}],"curies":[{"name":"wp","href":"https:\/\/api.w.org\/{rel}","templated":true}]}}