{"id":4187,"date":"2022-05-05T15:54:34","date_gmt":"2022-05-05T15:54:34","guid":{"rendered":"https:\/\/sirkussirkus.com\/kauppa\/?post_type=product&#038;p=4187"},"modified":"2026-04-17T19:47:07","modified_gmt":"2026-04-17T19:47:07","slug":"ripustusliina-0-5-2-0m","status":"publish","type":"product","link":"https:\/\/sirkussirkus.com\/kauppa\/product\/ripustusliina-0-5-2-0m\/","title":{"rendered":"Ripustusliina"},"content":{"rendered":"<p>Tavallista nauhalenkki\u00e4 jykev\u00e4mpi raskaan sarjan liina, jota l\u00f6ytyy monessa mitassa tarpeen mukaan. Sopii erityisen hyvin nollapisterengastrapetsin kiinnitt\u00e4miseen. Korkeisiin ripustuksiin ripustuliinoja on my\u00f6s helppo ketjuttaa sulkurenkaan avulla. Mainittu mitta on ripustusliinan k\u00e4ytt\u00f6mitta.<\/p>\n<p>V\u00e4ri: tumman harmaa<br \/>\nMateriaali: polyesteri<br \/>\nCE-merkitty<br \/>\nPituus 0.5, 1.0m, 1.5m tai 2.0m<br \/>\nTy\u00f6skentelypainoraja 1000kg<br \/>\nMurtumispainoraja 6800kg<\/p>\n","protected":false},"excerpt":{"rendered":"<p>Tavallista nauhalenkki\u00e4 jykev\u00e4mpi raskaan sarjan liina, jota l\u00f6ytyy monessa mitassa tarpeen mukaan. Sopii erityisen hyvin nollapisterengastrapetsin kiinnitt\u00e4miseen. Korkeisiin ripustuksiin ripustuliinoja on my\u00f6s helppo ketjuttaa sulkurenkaan avulla. Mainittu mitta on ripustusliinan k\u00e4ytt\u00f6mitta. V\u00e4ri: tumman harmaa Materiaali: polyesteri CE-merkitty Pituus 0.5, 1.0m, 1.5m tai 2.0m Ty\u00f6skentelypainoraja 1000kg Murtumispainoraja 6800kg<\/p>\n","protected":false},"featured_media":4192,"template":"","meta":{"site-sidebar-layout":"default","site-content-layout":"default","ast-site-content-layout":"default","site-content-style":"default","site-sidebar-style":"default","ast-global-header-display":"","ast-banner-title-visibility":"","ast-main-header-display":"","ast-hfb-above-header-display":"","ast-hfb-below-header-display":"","ast-hfb-mobile-header-display":"","site-post-title":"","ast-breadcrumbs-content":"","ast-featured-img":"","footer-sml-layout":"","theme-transparent-header-meta":"default","adv-header-id-meta":"","stick-header-meta":"","header-above-stick-meta":"","header-main-stick-meta":"","header-below-stick-meta":"","astra-migrate-meta-layouts":"set","ast-page-background-enabled":"default","ast-page-background-meta":{"desktop":{"background-color":"","background-image":"","background-repeat":"repeat","background-position":"center center","background-size":"auto","background-attachment":"scroll","background-type":"","background-media":"","overlay-type":"","overlay-color":"","overlay-opacity":"","overlay-gradient":""},"tablet":{"background-color":"","background-image":"","background-repeat":"repeat","background-position":"center center","background-size":"auto","background-attachment":"scroll","background-type":"","background-media":"","overlay-type":"","overlay-color":"","overlay-opacity":"","overlay-gradient":""},"mobile":{"background-color":"","background-image":"","background-repeat":"repeat","background-position":"center center","background-size":"auto","background-attachment":"scroll","background-type":"","background-media":"","overlay-type":"","overlay-color":"","overlay-opacity":"","overlay-gradient":""}},"ast-content-background-meta":{"desktop":{"background-color":"var(--ast-global-color-5)","background-image":"","background-repeat":"repeat","background-position":"center center","background-size":"auto","background-attachment":"scroll","background-type":"","background-media":"","overlay-type":"","overlay-color":"","overlay-opacity":"","overlay-gradient":""},"tablet":{"background-color":"var(--ast-global-color-5)","background-image":"","background-repeat":"repeat","background-position":"center center","background-size":"auto","background-attachment":"scroll","background-type":"","background-media":"","overlay-type":"","overlay-color":"","overlay-opacity":"","overlay-gradient":""},"mobile":{"background-color":"var(--ast-global-color-5)","background-image":"","background-repeat":"repeat","background-position":"center center","background-size":"auto","background-attachment":"scroll","background-type":"","background-media":"","overlay-type":"","overlay-color":"","overlay-opacity":"","overlay-gradient":""}}},"product_brand":[],"product_cat":[119],"product_tag":[619,620,219,616,617,618,94,218,220,615,190],"class_list":{"0":"post-4187","1":"product","2":"type-product","3":"status-publish","4":"has-post-thumbnail","6":"product_cat-ripustus","7":"product_tag-0-5m","8":"product_tag-1-5m","9":"product_tag-219","10":"product_tag-1m","11":"product_tag-2m","12":"product_tag-5m","13":"product_tag-ilma-akrobatia","14":"product_tag-liina","15":"product_tag-polyesteri","16":"product_tag-riggaus","17":"product_tag-ripustus","18":"desktop-align-center","19":"tablet-align-left","20":"mobile-align-left","22":"first","23":"instock","24":"taxable","25":"shipping-taxable","26":"purchasable","27":"product-type-variable","28":"has-default-attributes"},"_links":{"self":[{"href":"https:\/\/sirkussirkus.com\/kauppa\/wp-json\/wp\/v2\/product\/4187","targetHints":{"allow":["GET"]}}],"collection":[{"href":"https:\/\/sirkussirkus.com\/kauppa\/wp-json\/wp\/v2\/product"}],"about":[{"href":"https:\/\/sirkussirkus.com\/kauppa\/wp-json\/wp\/v2\/types\/product"}],"version-history":[{"count":6,"href":"https:\/\/sirkussirkus.com\/kauppa\/wp-json\/wp\/v2\/product\/4187\/revisions"}],"predecessor-version":[{"id":7806,"href":"https:\/\/sirkussirkus.com\/kauppa\/wp-json\/wp\/v2\/product\/4187\/revisions\/7806"}],"wp:featuredmedia":[{"embeddable":true,"href":"https:\/\/sirkussirkus.com\/kauppa\/wp-json\/wp\/v2\/media\/4192"}],"wp:attachment":[{"href":"https:\/\/sirkussirkus.com\/kauppa\/wp-json\/wp\/v2\/media?parent=4187"}],"wp:term":[{"taxonomy":"product_brand","embeddable":true,"href":"https:\/\/sirkussirkus.com\/kauppa\/wp-json\/wp\/v2\/product_brand?post=4187"},{"taxonomy":"product_cat","embeddable":true,"href":"https:\/\/sirkussirkus.com\/kauppa\/wp-json\/wp\/v2\/product_cat?post=4187"},{"taxonomy":"product_tag","embeddable":true,"href":"https:\/\/sirkussirkus.com\/kauppa\/wp-json\/wp\/v2\/product_tag?post=4187"}],"curies":[{"name":"wp","href":"https:\/\/api.w.org\/{rel}","templated":true}]}}