{"id":4124,"date":"2022-05-05T15:22:15","date_gmt":"2022-05-05T15:22:15","guid":{"rendered":"https:\/\/sirkussirkus.com\/kauppa\/?post_type=product&#038;p=4124"},"modified":"2026-04-17T19:47:07","modified_gmt":"2026-04-17T19:47:07","slug":"trapetsiteippi","status":"publish","type":"product","link":"https:\/\/sirkussirkus.com\/kauppa\/product\/trapetsiteippi\/","title":{"rendered":"Trapetsiteippi 50m"},"content":{"rendered":"<p>Pehme\u00e4, mukava, kest\u00e4v\u00e4 ja v\u00e4h\u00e4n-tahmaava viskoosikangasteippi trapetsin, rengastrapetsin ja muiden v\u00e4lineiden teippaukseen. Monissa kangasteipeiss\u00e4 ongelmaksi muodostuu ilma-akrobatiav\u00e4lineiden kanssa teipin liika tahmaisuus tai liiman l\u00e4pitunkeutuminen sis\u00e4puolelta ulkopuolelle k\u00e4yt\u00f6ss\u00e4. Juuri t\u00e4h\u00e4n pulmaan on Prodigy-trapetsiteippi kehitetty. V\u00e4hemm\u00e4n tahmaa, mutta kuitenkin hyv\u00e4\u00e4 pitoa ja mukavaa tuntumaa.<\/p>\n<p>Yhdell\u00e4 50 metrin rullalla p\u00e4\u00e4llyst\u00e4\u00e4 noin 3 rengastrapetsia. Valmistaja Firetoys.<\/p>\n<p>Leveys 25mm \/ Pituus 50m<\/p>\n<p>Materiaali: Viskoosi<\/p>\n<p>Huom. Rengastrapetsia teipatessa tulee aina aloittaa alhaalta keskelt\u00e4 yl\u00f6sp\u00e4in teippaaminen ensin toiselta ja sitten toiselta puolelta. Kitkaa tulee tavallisesti enemm\u00e4n renkaan pintaa pitkin alasp\u00e4in, joten n\u00e4in teippaamalla veto ei tule ns. vastakarvaan. Teippi kest\u00e4\u00e4 n\u00e4in pidemp\u00e4\u00e4n ja on mukavampi k\u00e4ytt\u00e4\u00e4.<\/p>\n<p>&nbsp;<\/p>\n","protected":false},"excerpt":{"rendered":"<p>Pehme\u00e4, mukava, kest\u00e4v\u00e4 ja v\u00e4h\u00e4n-tahmaava viskoosikangasteippi trapetsin, rengastrapetsin ja muiden v\u00e4lineiden teippaukseen. Monissa kangasteipeiss\u00e4 ongelmaksi muodostuu ilma-akrobatiav\u00e4lineiden kanssa teipin liika tahmaisuus tai liiman l\u00e4pitunkeutuminen sis\u00e4puolelta ulkopuolelle k\u00e4yt\u00f6ss\u00e4. Juuri t\u00e4h\u00e4n pulmaan on Prodigy-trapetsiteippi kehitetty. V\u00e4hemm\u00e4n tahmaa, mutta kuitenkin hyv\u00e4\u00e4 pitoa ja mukavaa tuntumaa. Yhdell\u00e4 50 metrin rullalla p\u00e4\u00e4llyst\u00e4\u00e4 noin 3 rengastrapetsia. Valmistaja Firetoys. Leveys 25mm \/ [&hellip;]<\/p>\n","protected":false},"featured_media":4131,"template":"","meta":{"site-sidebar-layout":"default","site-content-layout":"default","ast-site-content-layout":"default","site-content-style":"default","site-sidebar-style":"default","ast-global-header-display":"","ast-banner-title-visibility":"","ast-main-header-display":"","ast-hfb-above-header-display":"","ast-hfb-below-header-display":"","ast-hfb-mobile-header-display":"","site-post-title":"","ast-breadcrumbs-content":"","ast-featured-img":"","footer-sml-layout":"","theme-transparent-header-meta":"default","adv-header-id-meta":"","stick-header-meta":"","header-above-stick-meta":"","header-main-stick-meta":"","header-below-stick-meta":"","astra-migrate-meta-layouts":"set","ast-page-background-enabled":"default","ast-page-background-meta":{"desktop":{"background-color":"","background-image":"","background-repeat":"repeat","background-position":"center center","background-size":"auto","background-attachment":"scroll","background-type":"","background-media":"","overlay-type":"","overlay-color":"","overlay-opacity":"","overlay-gradient":""},"tablet":{"background-color":"","background-image":"","background-repeat":"repeat","background-position":"center center","background-size":"auto","background-attachment":"scroll","background-type":"","background-media":"","overlay-type":"","overlay-color":"","overlay-opacity":"","overlay-gradient":""},"mobile":{"background-color":"","background-image":"","background-repeat":"repeat","background-position":"center center","background-size":"auto","background-attachment":"scroll","background-type":"","background-media":"","overlay-type":"","overlay-color":"","overlay-opacity":"","overlay-gradient":""}},"ast-content-background-meta":{"desktop":{"background-color":"var(--ast-global-color-5)","background-image":"","background-repeat":"repeat","background-position":"center center","background-size":"auto","background-attachment":"scroll","background-type":"","background-media":"","overlay-type":"","overlay-color":"","overlay-opacity":"","overlay-gradient":""},"tablet":{"background-color":"var(--ast-global-color-5)","background-image":"","background-repeat":"repeat","background-position":"center center","background-size":"auto","background-attachment":"scroll","background-type":"","background-media":"","overlay-type":"","overlay-color":"","overlay-opacity":"","overlay-gradient":""},"mobile":{"background-color":"var(--ast-global-color-5)","background-image":"","background-repeat":"repeat","background-position":"center center","background-size":"auto","background-attachment":"scroll","background-type":"","background-media":"","overlay-type":"","overlay-color":"","overlay-opacity":"","overlay-gradient":""}}},"product_brand":[],"product_cat":[68,119,122],"product_tag":[247,184,630,688,94,191,91,687,192],"class_list":{"0":"post-4124","1":"product","2":"type-product","3":"status-publish","4":"has-post-thumbnail","6":"product_cat-rengastrapetsit","7":"product_cat-ripustus","8":"product_cat-trapetsit","9":"product_tag-247","10":"product_tag-firetoys","11":"product_tag-grippi","12":"product_tag-grippiteippi","13":"product_tag-ilma-akrobatia","14":"product_tag-teippi","15":"product_tag-trapetsi","16":"product_tag-trapetsiteippi","17":"product_tag-viskoosi","18":"desktop-align-center","19":"tablet-align-left","20":"mobile-align-left","22":"first","23":"instock","24":"taxable","25":"shipping-taxable","26":"purchasable","27":"product-type-variable","28":"has-default-attributes"},"_links":{"self":[{"href":"https:\/\/sirkussirkus.com\/kauppa\/wp-json\/wp\/v2\/product\/4124","targetHints":{"allow":["GET"]}}],"collection":[{"href":"https:\/\/sirkussirkus.com\/kauppa\/wp-json\/wp\/v2\/product"}],"about":[{"href":"https:\/\/sirkussirkus.com\/kauppa\/wp-json\/wp\/v2\/types\/product"}],"version-history":[{"count":4,"href":"https:\/\/sirkussirkus.com\/kauppa\/wp-json\/wp\/v2\/product\/4124\/revisions"}],"predecessor-version":[{"id":8979,"href":"https:\/\/sirkussirkus.com\/kauppa\/wp-json\/wp\/v2\/product\/4124\/revisions\/8979"}],"wp:featuredmedia":[{"embeddable":true,"href":"https:\/\/sirkussirkus.com\/kauppa\/wp-json\/wp\/v2\/media\/4131"}],"wp:attachment":[{"href":"https:\/\/sirkussirkus.com\/kauppa\/wp-json\/wp\/v2\/media?parent=4124"}],"wp:term":[{"taxonomy":"product_brand","embeddable":true,"href":"https:\/\/sirkussirkus.com\/kauppa\/wp-json\/wp\/v2\/product_brand?post=4124"},{"taxonomy":"product_cat","embeddable":true,"href":"https:\/\/sirkussirkus.com\/kauppa\/wp-json\/wp\/v2\/product_cat?post=4124"},{"taxonomy":"product_tag","embeddable":true,"href":"https:\/\/sirkussirkus.com\/kauppa\/wp-json\/wp\/v2\/product_tag?post=4124"}],"curies":[{"name":"wp","href":"https:\/\/api.w.org\/{rel}","templated":true}]}}