{"id":3622,"date":"2022-04-17T17:05:07","date_gmt":"2022-04-17T17:05:07","guid":{"rendered":"https:\/\/sirkussirkus.com\/kauppa\/?post_type=product&#038;p=3622"},"modified":"2022-09-14T14:38:38","modified_gmt":"2022-09-14T14:38:38","slug":"qu-ax-giraffe-20-kirahvipyora","status":"publish","type":"product","link":"https:\/\/sirkussirkus.com\/kauppa\/product\/qu-ax-giraffe-20-kirahvipyora\/","title":{"rendered":"QU-AX Giraffe 20&#8243; -kirahvipy\u00f6r\u00e4"},"content":{"rendered":"<div class=\"product-text\">\n<p>Yll\u00e4 uusiin korkeuksiin! T\u00e4ht\u00e4\u00e4 korkealle t\u00e4n\u00e4 vuonna! Nyt on korkea aika kokeilla jotain uutta! Teid\u00e4n korkeutenne! Ja niin edelleen.<\/p>\n<p>Vaarantunnetta, j\u00e4nnityst\u00e4 ja n\u00e4ytt\u00e4vyytt\u00e4 hakeville kirahvipy\u00f6r\u00e4 on oikea valinta. 150 cm korkeassa kirahvipy\u00f6r\u00e4ss\u00e4 on vahva ter\u00e4srunko, ketjuv\u00e4litys, eloksoitu vanne ja keski\u00f6, 36 pinnaa sek\u00e4 20&#8243; rengas. Peruspolkimet hyv\u00e4ll\u00e4 pidolla. Mukava satula vaihdettavilla puskureilla. N\u00e4pp\u00e4r\u00e4 satulan korkeudens\u00e4\u00e4t\u00f6. QU-AX takaa laadun.<\/p>\n<p>Ajajan suositeltu maksimipaino 75 kg.<\/p>\n<p>Ajajan suositeltu minimi haarakorkeus noin 65 cm.<\/p>\n<p>Korkeus 150 cm \/ Paino 10,5 kg<\/p>\n<\/div>\n","protected":false},"excerpt":{"rendered":"<p>Yll\u00e4 uusiin korkeuksiin! T\u00e4ht\u00e4\u00e4 korkealle t\u00e4n\u00e4 vuonna! Nyt on korkea aika kokeilla jotain uutta! Teid\u00e4n korkeutenne! Ja niin edelleen. Vaarantunnetta, j\u00e4nnityst\u00e4 ja n\u00e4ytt\u00e4vyytt\u00e4 hakeville kirahvipy\u00f6r\u00e4 on oikea valinta. 150 cm korkeassa kirahvipy\u00f6r\u00e4ss\u00e4 on vahva ter\u00e4srunko, ketjuv\u00e4litys, eloksoitu vanne ja keski\u00f6, 36 pinnaa sek\u00e4 20&#8243; rengas. Peruspolkimet hyv\u00e4ll\u00e4 pidolla. Mukava satula vaihdettavilla puskureilla. N\u00e4pp\u00e4r\u00e4 satulan korkeudens\u00e4\u00e4t\u00f6. [&hellip;]<\/p>\n","protected":false},"featured_media":3623,"template":"","meta":{"site-sidebar-layout":"default","site-content-layout":"default","ast-site-content-layout":"default","site-content-style":"default","site-sidebar-style":"default","ast-global-header-display":"","ast-banner-title-visibility":"","ast-main-header-display":"","ast-hfb-above-header-display":"","ast-hfb-below-header-display":"","ast-hfb-mobile-header-display":"","site-post-title":"","ast-breadcrumbs-content":"","ast-featured-img":"","footer-sml-layout":"","theme-transparent-header-meta":"default","adv-header-id-meta":"","stick-header-meta":"","header-above-stick-meta":"","header-main-stick-meta":"","header-below-stick-meta":"","astra-migrate-meta-layouts":"default","ast-page-background-enabled":"default","ast-page-background-meta":{"desktop":{"background-color":"","background-image":"","background-repeat":"repeat","background-position":"center center","background-size":"auto","background-attachment":"scroll","background-type":"","background-media":"","overlay-type":"","overlay-color":"","overlay-opacity":"","overlay-gradient":""},"tablet":{"background-color":"","background-image":"","background-repeat":"repeat","background-position":"center center","background-size":"auto","background-attachment":"scroll","background-type":"","background-media":"","overlay-type":"","overlay-color":"","overlay-opacity":"","overlay-gradient":""},"mobile":{"background-color":"","background-image":"","background-repeat":"repeat","background-position":"center center","background-size":"auto","background-attachment":"scroll","background-type":"","background-media":"","overlay-type":"","overlay-color":"","overlay-opacity":"","overlay-gradient":""}},"ast-content-background-meta":{"desktop":{"background-color":"var(--ast-global-color-5)","background-image":"","background-repeat":"repeat","background-position":"center center","background-size":"auto","background-attachment":"scroll","background-type":"","background-media":"","overlay-type":"","overlay-color":"","overlay-opacity":"","overlay-gradient":""},"tablet":{"background-color":"var(--ast-global-color-5)","background-image":"","background-repeat":"repeat","background-position":"center center","background-size":"auto","background-attachment":"scroll","background-type":"","background-media":"","overlay-type":"","overlay-color":"","overlay-opacity":"","overlay-gradient":""},"mobile":{"background-color":"var(--ast-global-color-5)","background-image":"","background-repeat":"repeat","background-position":"center center","background-size":"auto","background-attachment":"scroll","background-type":"","background-media":"","overlay-type":"","overlay-color":"","overlay-opacity":"","overlay-gradient":""}}},"product_brand":[],"product_cat":[124],"product_tag":[125,126,130,129,127,128],"class_list":{"0":"post-3622","1":"product","2":"type-product","3":"status-publish","4":"has-post-thumbnail","6":"product_cat-yksipyora","7":"product_tag-kirahvi","8":"product_tag-kirahvipyora","9":"product_tag-qu-ax","10":"product_tag-quax","11":"product_tag-yksipyora","12":"product_tag-yksipyorainen","13":"desktop-align-center","14":"tablet-align-left","15":"mobile-align-left","17":"first","18":"outofstock","19":"taxable","20":"shipping-taxable","21":"purchasable","22":"product-type-simple"},"_links":{"self":[{"href":"https:\/\/sirkussirkus.com\/kauppa\/wp-json\/wp\/v2\/product\/3622","targetHints":{"allow":["GET"]}}],"collection":[{"href":"https:\/\/sirkussirkus.com\/kauppa\/wp-json\/wp\/v2\/product"}],"about":[{"href":"https:\/\/sirkussirkus.com\/kauppa\/wp-json\/wp\/v2\/types\/product"}],"version-history":[{"count":3,"href":"https:\/\/sirkussirkus.com\/kauppa\/wp-json\/wp\/v2\/product\/3622\/revisions"}],"predecessor-version":[{"id":3972,"href":"https:\/\/sirkussirkus.com\/kauppa\/wp-json\/wp\/v2\/product\/3622\/revisions\/3972"}],"wp:featuredmedia":[{"embeddable":true,"href":"https:\/\/sirkussirkus.com\/kauppa\/wp-json\/wp\/v2\/media\/3623"}],"wp:attachment":[{"href":"https:\/\/sirkussirkus.com\/kauppa\/wp-json\/wp\/v2\/media?parent=3622"}],"wp:term":[{"taxonomy":"product_brand","embeddable":true,"href":"https:\/\/sirkussirkus.com\/kauppa\/wp-json\/wp\/v2\/product_brand?post=3622"},{"taxonomy":"product_cat","embeddable":true,"href":"https:\/\/sirkussirkus.com\/kauppa\/wp-json\/wp\/v2\/product_cat?post=3622"},{"taxonomy":"product_tag","embeddable":true,"href":"https:\/\/sirkussirkus.com\/kauppa\/wp-json\/wp\/v2\/product_tag?post=3622"}],"curies":[{"name":"wp","href":"https:\/\/api.w.org\/{rel}","templated":true}]}}