{"id":3600,"date":"2022-04-17T07:32:13","date_gmt":"2022-04-17T07:32:13","guid":{"rendered":"https:\/\/sirkussirkus.com\/kauppa\/?post_type=product&#038;p=3600"},"modified":"2025-12-09T19:41:32","modified_gmt":"2025-12-09T19:41:32","slug":"play-rolabola","status":"publish","type":"product","link":"https:\/\/sirkussirkus.com\/kauppa\/product\/play-rolabola\/","title":{"rendered":"Play Rolabola"},"content":{"rendered":"<p>Playn valmistama laadukas rolabola eli tasapainolauta. Sopii tositoimiin kuten my\u00f6s aloittelijalle pienen rullan ansiosta ja p\u00e4\u00e4tytoppareiden ansiosta. Rolabolaan kuuluu lauta ja rulla. Laudassa on pitoa lis\u00e4\u00e4v\u00e4t urat p\u00e4\u00e4ll\u00e4 ja pohjassa p\u00e4\u00e4typalikat, jotka est\u00e4v\u00e4t lautaa lent\u00e4m\u00e4st\u00e4 jos tasapaino horjahtaa. Rulla on kest\u00e4v\u00e4\u00e4 muoviseosta, jossa kumiset o-renkaat antavat hyv\u00e4n pidon sek\u00e4 lautaa ett\u00e4 lattiaa vasten.<\/p>\n<p>Rullan v\u00e4ri saattaa vaihdella (punainen tai keltainen saatavuuden mukaan).<\/p>\n<p>Lauta 65 x 25 cm \/ Rullan halkaisija 12,5 cm<\/p>\n","protected":false},"excerpt":{"rendered":"<p>Playn valmistama laadukas rolabola eli tasapainolauta. Sopii tositoimiin kuten my\u00f6s aloittelijalle pienen rullan ansiosta ja p\u00e4\u00e4tytoppareiden ansiosta. Rolabolaan kuuluu lauta ja rulla. Laudassa on pitoa lis\u00e4\u00e4v\u00e4t urat p\u00e4\u00e4ll\u00e4 ja pohjassa p\u00e4\u00e4typalikat, jotka est\u00e4v\u00e4t lautaa lent\u00e4m\u00e4st\u00e4 jos tasapaino horjahtaa. Rulla on kest\u00e4v\u00e4\u00e4 muoviseosta, jossa kumiset o-renkaat antavat hyv\u00e4n pidon sek\u00e4 lautaa ett\u00e4 lattiaa vasten. Rullan v\u00e4ri [&hellip;]<\/p>\n","protected":false},"featured_media":3601,"template":"","meta":{"site-sidebar-layout":"default","site-content-layout":"default","ast-site-content-layout":"default","site-content-style":"default","site-sidebar-style":"default","ast-global-header-display":"","ast-banner-title-visibility":"","ast-main-header-display":"","ast-hfb-above-header-display":"","ast-hfb-below-header-display":"","ast-hfb-mobile-header-display":"","site-post-title":"","ast-breadcrumbs-content":"","ast-featured-img":"","footer-sml-layout":"","theme-transparent-header-meta":"default","adv-header-id-meta":"","stick-header-meta":"","header-above-stick-meta":"","header-main-stick-meta":"","header-below-stick-meta":"","astra-migrate-meta-layouts":"set","ast-page-background-enabled":"default","ast-page-background-meta":{"desktop":{"background-color":"","background-image":"","background-repeat":"repeat","background-position":"center center","background-size":"auto","background-attachment":"scroll","background-type":"","background-media":"","overlay-type":"","overlay-color":"","overlay-opacity":"","overlay-gradient":""},"tablet":{"background-color":"","background-image":"","background-repeat":"repeat","background-position":"center center","background-size":"auto","background-attachment":"scroll","background-type":"","background-media":"","overlay-type":"","overlay-color":"","overlay-opacity":"","overlay-gradient":""},"mobile":{"background-color":"","background-image":"","background-repeat":"repeat","background-position":"center center","background-size":"auto","background-attachment":"scroll","background-type":"","background-media":"","overlay-type":"","overlay-color":"","overlay-opacity":"","overlay-gradient":""}},"ast-content-background-meta":{"desktop":{"background-color":"var(--ast-global-color-5)","background-image":"","background-repeat":"repeat","background-position":"center center","background-size":"auto","background-attachment":"scroll","background-type":"","background-media":"","overlay-type":"","overlay-color":"","overlay-opacity":"","overlay-gradient":""},"tablet":{"background-color":"var(--ast-global-color-5)","background-image":"","background-repeat":"repeat","background-position":"center center","background-size":"auto","background-attachment":"scroll","background-type":"","background-media":"","overlay-type":"","overlay-color":"","overlay-opacity":"","overlay-gradient":""},"mobile":{"background-color":"var(--ast-global-color-5)","background-image":"","background-repeat":"repeat","background-position":"center center","background-size":"auto","background-attachment":"scroll","background-type":"","background-media":"","overlay-type":"","overlay-color":"","overlay-opacity":"","overlay-gradient":""}}},"product_brand":[],"product_cat":[104],"product_tag":[107,108,106,105,85],"class_list":{"0":"post-3600","1":"product","2":"type-product","3":"status-publish","4":"has-post-thumbnail","6":"product_cat-rolabola","7":"product_tag-lauta","8":"product_tag-play","9":"product_tag-rola-bola","10":"product_tag-rolabola","11":"product_tag-tasapaino","12":"desktop-align-center","13":"tablet-align-left","14":"mobile-align-left","16":"first","17":"outofstock","18":"taxable","19":"shipping-taxable","20":"purchasable","21":"product-type-simple"},"_links":{"self":[{"href":"https:\/\/sirkussirkus.com\/kauppa\/wp-json\/wp\/v2\/product\/3600","targetHints":{"allow":["GET"]}}],"collection":[{"href":"https:\/\/sirkussirkus.com\/kauppa\/wp-json\/wp\/v2\/product"}],"about":[{"href":"https:\/\/sirkussirkus.com\/kauppa\/wp-json\/wp\/v2\/types\/product"}],"version-history":[{"count":1,"href":"https:\/\/sirkussirkus.com\/kauppa\/wp-json\/wp\/v2\/product\/3600\/revisions"}],"predecessor-version":[{"id":3606,"href":"https:\/\/sirkussirkus.com\/kauppa\/wp-json\/wp\/v2\/product\/3600\/revisions\/3606"}],"wp:featuredmedia":[{"embeddable":true,"href":"https:\/\/sirkussirkus.com\/kauppa\/wp-json\/wp\/v2\/media\/3601"}],"wp:attachment":[{"href":"https:\/\/sirkussirkus.com\/kauppa\/wp-json\/wp\/v2\/media?parent=3600"}],"wp:term":[{"taxonomy":"product_brand","embeddable":true,"href":"https:\/\/sirkussirkus.com\/kauppa\/wp-json\/wp\/v2\/product_brand?post=3600"},{"taxonomy":"product_cat","embeddable":true,"href":"https:\/\/sirkussirkus.com\/kauppa\/wp-json\/wp\/v2\/product_cat?post=3600"},{"taxonomy":"product_tag","embeddable":true,"href":"https:\/\/sirkussirkus.com\/kauppa\/wp-json\/wp\/v2\/product_tag?post=3600"}],"curies":[{"name":"wp","href":"https:\/\/api.w.org\/{rel}","templated":true}]}}