{"id":3506,"date":"2022-09-12T13:00:50","date_gmt":"2022-09-12T13:00:50","guid":{"rendered":"https:\/\/sirkussirkus.com\/kauppa\/?post_type=product&#038;p=3506"},"modified":"2026-03-30T09:28:20","modified_gmt":"2026-03-30T09:28:20","slug":"henrys-delphin","status":"publish","type":"product","link":"https:\/\/sirkussirkus.com\/kauppa\/product\/henrys-delphin\/","title":{"rendered":"Henrys Delphin"},"content":{"rendered":"<p>Delphiniss\u00e4 yhdistyv\u00e4t jongleerauskeilan parhaat ominaisuudet sek\u00e4 edullinen hinta. Yksinkertainen ulkon\u00e4k\u00f6, kest\u00e4vyys, k\u00e4ytett\u00e4vyys, korjattavuus, edullisuus. Parempaa hinta-laatusuhdetta saa hakea.<\/p>\n<p>Saumaton polyeteenikahva on kest\u00e4v\u00e4 ja antaa hyv\u00e4n otteen k\u00e4den kokoon katsomatta. Saarnipuinen ydin kest\u00e4\u00e4 kovemmankin l\u00f6ylytyksen ja my\u00f6s v\u00e4kivaltaisemmat tempputekniikat. Kaiken kukkuraksi keila on viel\u00e4 helppo korjata tarvittaessa osa kerrallaan. Paras keila niin aloittelijalle kuin ammattilaisellekin.<\/p>\n<p>T\u00e4t\u00e4 keilaa k\u00e4ytt\u00e4v\u00e4t miltei kaikki vakavasti otettavat Pohjoismaiset jongl\u00f6\u00f6rit. Keilan hoikka vartalo mahdollistaa jongleerauksen aina yhdeks\u00e4\u00e4n keilaan asti (Emil Dahl).<\/p>\n<p>52cm \/ 230g<\/p>\n","protected":false},"excerpt":{"rendered":"<p>Delphiniss\u00e4 yhdistyv\u00e4t jongleerauskeilan parhaat ominaisuudet sek\u00e4 edullinen hinta. Yksinkertainen ulkon\u00e4k\u00f6, kest\u00e4vyys, k\u00e4ytett\u00e4vyys, korjattavuus, edullisuus. Parempaa hinta-laatusuhdetta saa hakea. Saumaton polyeteenikahva on kest\u00e4v\u00e4 ja antaa hyv\u00e4n otteen k\u00e4den kokoon katsomatta. Saarnipuinen ydin kest\u00e4\u00e4 kovemmankin l\u00f6ylytyksen ja my\u00f6s v\u00e4kivaltaisemmat tempputekniikat. Kaiken kukkuraksi keila on viel\u00e4 helppo korjata tarvittaessa osa kerrallaan. Paras keila niin aloittelijalle kuin ammattilaisellekin. T\u00e4t\u00e4 [&hellip;]<\/p>\n","protected":false},"featured_media":2986,"template":"","meta":{"site-sidebar-layout":"default","site-content-layout":"default","ast-site-content-layout":"default","site-content-style":"default","site-sidebar-style":"default","ast-global-header-display":"","ast-banner-title-visibility":"","ast-main-header-display":"","ast-hfb-above-header-display":"","ast-hfb-below-header-display":"","ast-hfb-mobile-header-display":"","site-post-title":"","ast-breadcrumbs-content":"","ast-featured-img":"","footer-sml-layout":"","theme-transparent-header-meta":"default","adv-header-id-meta":"","stick-header-meta":"","header-above-stick-meta":"","header-main-stick-meta":"","header-below-stick-meta":"","astra-migrate-meta-layouts":"set","ast-page-background-enabled":"default","ast-page-background-meta":{"desktop":{"background-color":"","background-image":"","background-repeat":"repeat","background-position":"center center","background-size":"auto","background-attachment":"scroll","background-type":"","background-media":"","overlay-type":"","overlay-color":"","overlay-opacity":"","overlay-gradient":""},"tablet":{"background-color":"","background-image":"","background-repeat":"repeat","background-position":"center center","background-size":"auto","background-attachment":"scroll","background-type":"","background-media":"","overlay-type":"","overlay-color":"","overlay-opacity":"","overlay-gradient":""},"mobile":{"background-color":"","background-image":"","background-repeat":"repeat","background-position":"center center","background-size":"auto","background-attachment":"scroll","background-type":"","background-media":"","overlay-type":"","overlay-color":"","overlay-opacity":"","overlay-gradient":""}},"ast-content-background-meta":{"desktop":{"background-color":"var(--ast-global-color-5)","background-image":"","background-repeat":"repeat","background-position":"center center","background-size":"auto","background-attachment":"scroll","background-type":"","background-media":"","overlay-type":"","overlay-color":"","overlay-opacity":"","overlay-gradient":""},"tablet":{"background-color":"var(--ast-global-color-5)","background-image":"","background-repeat":"repeat","background-position":"center center","background-size":"auto","background-attachment":"scroll","background-type":"","background-media":"","overlay-type":"","overlay-color":"","overlay-opacity":"","overlay-gradient":""},"mobile":{"background-color":"var(--ast-global-color-5)","background-image":"","background-repeat":"repeat","background-position":"center center","background-size":"auto","background-attachment":"scroll","background-type":"","background-media":"","overlay-type":"","overlay-color":"","overlay-opacity":"","overlay-gradient":""}}},"product_brand":[],"product_cat":[69],"product_tag":[82,77,80,78,79],"class_list":{"0":"post-3506","1":"product","2":"type-product","3":"status-publish","4":"has-post-thumbnail","6":"product_cat-jongleerauskeilat","7":"product_tag-delphin","8":"product_tag-henrys","9":"product_tag-jongleeraus","10":"product_tag-keila","11":"product_tag-keilat","12":"desktop-align-center","13":"tablet-align-left","14":"mobile-align-left","16":"first","17":"instock","18":"taxable","19":"shipping-taxable","20":"purchasable","21":"product-type-variable"},"_links":{"self":[{"href":"https:\/\/sirkussirkus.com\/kauppa\/wp-json\/wp\/v2\/product\/3506","targetHints":{"allow":["GET"]}}],"collection":[{"href":"https:\/\/sirkussirkus.com\/kauppa\/wp-json\/wp\/v2\/product"}],"about":[{"href":"https:\/\/sirkussirkus.com\/kauppa\/wp-json\/wp\/v2\/types\/product"}],"version-history":[{"count":3,"href":"https:\/\/sirkussirkus.com\/kauppa\/wp-json\/wp\/v2\/product\/3506\/revisions"}],"predecessor-version":[{"id":7830,"href":"https:\/\/sirkussirkus.com\/kauppa\/wp-json\/wp\/v2\/product\/3506\/revisions\/7830"}],"wp:featuredmedia":[{"embeddable":true,"href":"https:\/\/sirkussirkus.com\/kauppa\/wp-json\/wp\/v2\/media\/2986"}],"wp:attachment":[{"href":"https:\/\/sirkussirkus.com\/kauppa\/wp-json\/wp\/v2\/media?parent=3506"}],"wp:term":[{"taxonomy":"product_brand","embeddable":true,"href":"https:\/\/sirkussirkus.com\/kauppa\/wp-json\/wp\/v2\/product_brand?post=3506"},{"taxonomy":"product_cat","embeddable":true,"href":"https:\/\/sirkussirkus.com\/kauppa\/wp-json\/wp\/v2\/product_cat?post=3506"},{"taxonomy":"product_tag","embeddable":true,"href":"https:\/\/sirkussirkus.com\/kauppa\/wp-json\/wp\/v2\/product_tag?post=3506"}],"curies":[{"name":"wp","href":"https:\/\/api.w.org\/{rel}","templated":true}]}}